{"id":86007,"date":"2024-02-13T14:59:35","date_gmt":"2024-05-28T09:35:53","guid":{"rendered":"https:\/\/grontkontor.dk\/shop\/bambus-bodentisch\/"},"modified":"2024-05-28T11:35:53","modified_gmt":"2024-05-28T09:35:53","slug":"bambus-bodentisch","status":"publish","type":"product","link":"https:\/\/grontkontor.dk\/de\/shop\/bambus-bodentisch\/","title":{"rendered":"Bambus-Tabletttisch"},"content":{"rendered":"<p>Der Tabletttisch ist eine clevere 2-in-1-L\u00f6sung. Das Tablett kann separat als praktisches Tablett verwendet oder als eleganter Beistelltisch montiert werden. Der Tisch ist aus Bambus gefertigt und pr\u00e4sentiert sich in einem schlichten und zeitlosen Design. Die Beine des Tisches lassen sich hochklappen und leicht verstauen.<\/p>\n<p>[bambus]<\/p>\n","protected":false},"excerpt":{"rendered":"<p>Der Tabletttisch ist eine clevere 2-in-1-L\u00f6sung. Das Tablett kann separat als praktisches Tablett verwendet oder als eleganter Beistelltisch montiert werden. Der Tisch ist aus Bambus gefertigt und pr\u00e4sentiert sich in einem schlichten und zeitlosen Design. Die Beine des Tisches lassen sich hochklappen und leicht verstauen. [bambus]<\/p>\n","protected":false},"featured_media":86014,"comment_status":"closed","ping_status":"closed","template":"","meta":{"_acf_changed":false},"product_cat":[3325,3084,3580],"product_tag":[3581,3582],"class_list":{"0":"post-86007","1":"product","2":"type-product","3":"status-publish","4":"has-post-thumbnail","6":"product_cat-dummy-moq-1-de","7":"product_cat-neuheiten","8":"product_cat-tabellen","9":"product_tag-huegel","10":"product_tag-tisch","11":"pa_farve-natur-de","12":"pa_farve-schwarz","13":"tm-no-options","15":"first","16":"instock","17":"taxable","18":"shipping-taxable","19":"purchasable","20":"product-type-simple"},"acf":[],"yoast_head":"<!-- This site is optimized with the Yoast SEO Premium plugin v21.2 (Yoast SEO v21.2) - https:\/\/yoast.com\/wordpress\/plugins\/seo\/ -->\n<title>Bambus-Tabletttisch - Gr\u00f8nt Kontor<\/title>\n<meta name=\"robots\" content=\"index, follow, max-snippet:-1, max-image-preview:large, max-video-preview:-1\" \/>\n<link rel=\"canonical\" href=\"https:\/\/grontkontor.dk\/de\/shop\/bambus-bodentisch\/\" \/>\n<meta property=\"og:locale\" content=\"de_DE\" \/>\n<meta property=\"og:type\" content=\"article\" \/>\n<meta property=\"og:title\" content=\"Bambus-Tabletttisch\" \/>\n<meta property=\"og:description\" content=\"Der Tabletttisch ist eine clevere 2-in-1-L\u00f6sung. Das Tablett kann separat als praktisches Tablett verwendet oder als eleganter Beistelltisch montiert werden. Der Tisch ist aus Bambus gefertigt und pr\u00e4sentiert sich in einem schlichten und zeitlosen Design. Die Beine des Tisches lassen sich hochklappen und leicht verstauen. [bambus]\" \/>\n<meta property=\"og:url\" content=\"https:\/\/grontkontor.dk\/de\/shop\/bambus-bodentisch\/\" \/>\n<meta property=\"og:site_name\" content=\"Gr\u00f8nt Kontor\" \/>\n<meta property=\"article:publisher\" content=\"https:\/\/www.facebook.com\/grontkontor.dk\/\" \/>\n<meta property=\"og:image\" content=\"https:\/\/grontkontor.dk\/wp-content\/uploads\/2024\/02\/Miljoevenligt-bakkebord-i-bambus.jpg\" \/>\n\t<meta property=\"og:image:width\" content=\"900\" \/>\n\t<meta property=\"og:image:height\" content=\"639\" \/>\n\t<meta property=\"og:image:type\" content=\"image\/jpeg\" \/>\n<meta name=\"twitter:card\" content=\"summary_large_image\" \/>\n<script type=\"application\/ld+json\" class=\"yoast-schema-graph\">{\"@context\":\"https:\/\/schema.org\",\"@graph\":[{\"@type\":\"WebPage\",\"@id\":\"https:\/\/grontkontor.dk\/de\/shop\/bambus-bodentisch\/\",\"url\":\"https:\/\/grontkontor.dk\/de\/shop\/bambus-bodentisch\/\",\"name\":\"Bambus-Tabletttisch - Gr\u00f8nt Kontor\",\"isPartOf\":{\"@id\":\"https:\/\/grontkontor.dk\/#website\"},\"datePublished\":\"2024-05-28T09:35:53+00:00\",\"dateModified\":\"2024-05-28T09:35:53+00:00\",\"breadcrumb\":{\"@id\":\"https:\/\/grontkontor.dk\/de\/shop\/bambus-bodentisch\/#breadcrumb\"},\"inLanguage\":\"de\",\"potentialAction\":[{\"@type\":\"ReadAction\",\"target\":[\"https:\/\/grontkontor.dk\/de\/shop\/bambus-bodentisch\/\"]}]},{\"@type\":\"BreadcrumbList\",\"@id\":\"https:\/\/grontkontor.dk\/de\/shop\/bambus-bodentisch\/#breadcrumb\",\"itemListElement\":[{\"@type\":\"ListItem\",\"position\":1,\"name\":\"Forside\",\"item\":\"https:\/\/grontkontor.dk\/de\/\"},{\"@type\":\"ListItem\",\"position\":2,\"name\":\"Laden\",\"item\":\"https:\/\/grontkontor.dk\/de\/laden\/\"},{\"@type\":\"ListItem\",\"position\":3,\"name\":\"M\u00f8bler og inventar\",\"item\":\"https:\/\/grontkontor.dk\/produkt-kategori\/mobler-og-inventar\/\"},{\"@type\":\"ListItem\",\"position\":4,\"name\":\"Borde\",\"item\":\"https:\/\/grontkontor.dk\/produkt-kategori\/mobler-og-inventar\/borde\/\"},{\"@type\":\"ListItem\",\"position\":5,\"name\":\"Bambus-Tabletttisch\"}]},{\"@type\":\"WebSite\",\"@id\":\"https:\/\/grontkontor.dk\/#website\",\"url\":\"https:\/\/grontkontor.dk\/\",\"name\":\"Gr\u00f8nt Kontor\",\"description\":\"Milj\u00f8venlige produkter til kontor og erhverv med fokus p\u00e5 b\u00e6redygtighed, design og fair trade.\",\"publisher\":{\"@id\":\"https:\/\/grontkontor.dk\/#organization\"},\"potentialAction\":[{\"@type\":\"SearchAction\",\"target\":{\"@type\":\"EntryPoint\",\"urlTemplate\":\"https:\/\/grontkontor.dk\/?s={search_term_string}\"},\"query-input\":\"required name=search_term_string\"}],\"inLanguage\":\"de\"},{\"@type\":\"Organization\",\"@id\":\"https:\/\/grontkontor.dk\/#organization\",\"name\":\"Gr\u00f8nt Kontor\",\"url\":\"https:\/\/grontkontor.dk\/\",\"logo\":{\"@type\":\"ImageObject\",\"inLanguage\":\"de\",\"@id\":\"https:\/\/grontkontor.dk\/#\/schema\/logo\/image\/\",\"url\":\"https:\/\/grontkontor.dk\/wp-content\/uploads\/2014\/02\/Logo_groent_kontor_300x80.png\",\"contentUrl\":\"https:\/\/grontkontor.dk\/wp-content\/uploads\/2014\/02\/Logo_groent_kontor_300x80.png\",\"width\":300,\"height\":80,\"caption\":\"Gr\u00f8nt Kontor\"},\"image\":{\"@id\":\"https:\/\/grontkontor.dk\/#\/schema\/logo\/image\/\"},\"sameAs\":[\"https:\/\/www.facebook.com\/grontkontor.dk\/\"]}]}<\/script>\n<!-- \/ Yoast SEO Premium plugin. -->","yoast_head_json":{"title":"Bambus-Tabletttisch - Gr\u00f8nt Kontor","robots":{"index":"index","follow":"follow","max-snippet":"max-snippet:-1","max-image-preview":"max-image-preview:large","max-video-preview":"max-video-preview:-1"},"canonical":"https:\/\/grontkontor.dk\/de\/shop\/bambus-bodentisch\/","og_locale":"de_DE","og_type":"article","og_title":"Bambus-Tabletttisch","og_description":"Der Tabletttisch ist eine clevere 2-in-1-L\u00f6sung. Das Tablett kann separat als praktisches Tablett verwendet oder als eleganter Beistelltisch montiert werden. Der Tisch ist aus Bambus gefertigt und pr\u00e4sentiert sich in einem schlichten und zeitlosen Design. Die Beine des Tisches lassen sich hochklappen und leicht verstauen. [bambus]","og_url":"https:\/\/grontkontor.dk\/de\/shop\/bambus-bodentisch\/","og_site_name":"Gr\u00f8nt Kontor","article_publisher":"https:\/\/www.facebook.com\/grontkontor.dk\/","og_image":[{"width":900,"height":639,"url":"https:\/\/grontkontor.dk\/wp-content\/uploads\/2024\/02\/Miljoevenligt-bakkebord-i-bambus.jpg","type":"image\/jpeg"}],"twitter_card":"summary_large_image","schema":{"@context":"https:\/\/schema.org","@graph":[{"@type":"WebPage","@id":"https:\/\/grontkontor.dk\/de\/shop\/bambus-bodentisch\/","url":"https:\/\/grontkontor.dk\/de\/shop\/bambus-bodentisch\/","name":"Bambus-Tabletttisch - Gr\u00f8nt Kontor","isPartOf":{"@id":"https:\/\/grontkontor.dk\/#website"},"datePublished":"2024-05-28T09:35:53+00:00","dateModified":"2024-05-28T09:35:53+00:00","breadcrumb":{"@id":"https:\/\/grontkontor.dk\/de\/shop\/bambus-bodentisch\/#breadcrumb"},"inLanguage":"de","potentialAction":[{"@type":"ReadAction","target":["https:\/\/grontkontor.dk\/de\/shop\/bambus-bodentisch\/"]}]},{"@type":"BreadcrumbList","@id":"https:\/\/grontkontor.dk\/de\/shop\/bambus-bodentisch\/#breadcrumb","itemListElement":[{"@type":"ListItem","position":1,"name":"Forside","item":"https:\/\/grontkontor.dk\/de\/"},{"@type":"ListItem","position":2,"name":"Laden","item":"https:\/\/grontkontor.dk\/de\/laden\/"},{"@type":"ListItem","position":3,"name":"M\u00f8bler og inventar","item":"https:\/\/grontkontor.dk\/produkt-kategori\/mobler-og-inventar\/"},{"@type":"ListItem","position":4,"name":"Borde","item":"https:\/\/grontkontor.dk\/produkt-kategori\/mobler-og-inventar\/borde\/"},{"@type":"ListItem","position":5,"name":"Bambus-Tabletttisch"}]},{"@type":"WebSite","@id":"https:\/\/grontkontor.dk\/#website","url":"https:\/\/grontkontor.dk\/","name":"Gr\u00f8nt Kontor","description":"Milj\u00f8venlige produkter til kontor og erhverv med fokus p\u00e5 b\u00e6redygtighed, design og fair trade.","publisher":{"@id":"https:\/\/grontkontor.dk\/#organization"},"potentialAction":[{"@type":"SearchAction","target":{"@type":"EntryPoint","urlTemplate":"https:\/\/grontkontor.dk\/?s={search_term_string}"},"query-input":"required name=search_term_string"}],"inLanguage":"de"},{"@type":"Organization","@id":"https:\/\/grontkontor.dk\/#organization","name":"Gr\u00f8nt Kontor","url":"https:\/\/grontkontor.dk\/","logo":{"@type":"ImageObject","inLanguage":"de","@id":"https:\/\/grontkontor.dk\/#\/schema\/logo\/image\/","url":"https:\/\/grontkontor.dk\/wp-content\/uploads\/2014\/02\/Logo_groent_kontor_300x80.png","contentUrl":"https:\/\/grontkontor.dk\/wp-content\/uploads\/2014\/02\/Logo_groent_kontor_300x80.png","width":300,"height":80,"caption":"Gr\u00f8nt Kontor"},"image":{"@id":"https:\/\/grontkontor.dk\/#\/schema\/logo\/image\/"},"sameAs":["https:\/\/www.facebook.com\/grontkontor.dk\/"]}]}},"_links":{"self":[{"href":"https:\/\/grontkontor.dk\/de\/wp-json\/wp\/v2\/product\/86007"}],"collection":[{"href":"https:\/\/grontkontor.dk\/de\/wp-json\/wp\/v2\/product"}],"about":[{"href":"https:\/\/grontkontor.dk\/de\/wp-json\/wp\/v2\/types\/product"}],"replies":[{"embeddable":true,"href":"https:\/\/grontkontor.dk\/de\/wp-json\/wp\/v2\/comments?post=86007"}],"wp:featuredmedia":[{"embeddable":true,"href":"https:\/\/grontkontor.dk\/de\/wp-json\/wp\/v2\/media\/86014"}],"wp:attachment":[{"href":"https:\/\/grontkontor.dk\/de\/wp-json\/wp\/v2\/media?parent=86007"}],"wp:term":[{"taxonomy":"product_cat","embeddable":true,"href":"https:\/\/grontkontor.dk\/de\/wp-json\/wp\/v2\/product_cat?post=86007"},{"taxonomy":"product_tag","embeddable":true,"href":"https:\/\/grontkontor.dk\/de\/wp-json\/wp\/v2\/product_tag?post=86007"}],"curies":[{"name":"wp","href":"https:\/\/api.w.org\/{rel}","templated":true}]}}

<p>Der Tabletttisch ist eine clevere 2-in-1-Lösung. Das Tablett kann separat als praktisches Tablett verwendet oder als eleganter Beistelltisch montiert werden. Der Tisch ist aus Bambus gefertigt und präsentiert sich in einem schlichten und zeitlosen Design. Die Beine des Tisches lassen sich hochklappen und leicht verstauen.</p>
<p>[bambus]</p>

<p>Der Tabletttisch ist eine clevere 2-in-1-Lösung. Das Tablett kann separat als praktisches Tablett verwendet oder als eleganter Beistelltisch montiert werden. Der Tisch ist aus Bambus gefertigt und präsentiert sich in einem schlichten und zeitlosen Design. Die Beine des Tisches lassen sich hochklappen und leicht verstauen. [bambus]</p>

<!-- This site is optimized with the Yoast SEO Premium plugin v21.2 (Yoast SEO v21.2) - https://yoast.com/wordpress/plugins/seo/ -->
<title>Bambus-Tabletttisch - Grønt Kontor</title>
<meta name="robots" content="index, follow, max-snippet:-1, max-image-preview:large, max-video-preview:-1" />
<link rel="canonical" href="https://grontkontor.dk/de/shop/bambus-bodentisch/" />
<meta property="og:locale" content="de_DE" />
<meta property="og:type" content="article" />
<meta property="og:title" content="Bambus-Tabletttisch" />
<meta property="og:description" content="Der Tabletttisch ist eine clevere 2-in-1-Lösung. Das Tablett kann separat als praktisches Tablett verwendet oder als eleganter Beistelltisch montiert werden. Der Tisch ist aus Bambus gefertigt und präsentiert sich in einem schlichten und zeitlosen Design. Die Beine des Tisches lassen sich hochklappen und leicht verstauen. [bambus]" />
<meta property="og:url" content="https://grontkontor.dk/de/shop/bambus-bodentisch/" />
<meta property="og:site_name" content="Grønt Kontor" />
<meta property="article:publisher" content="https://www.facebook.com/grontkontor.dk/" />
<meta property="og:image" content="https://grontkontor.dk/wp-content/uploads/2024/02/Miljoevenligt-bakkebord-i-bambus.jpg" />
	<meta property="og:image:width" content="900" />
	<meta property="og:image:height" content="639" />
	<meta property="og:image:type" content="image/jpeg" />
<meta name="twitter:card" content="summary_large_image" />
<script type="application/ld+json" class="yoast-schema-graph">{"@context":"https://schema.org","@graph":[{"@type":"WebPage","@id":"https://grontkontor.dk/de/shop/bambus-bodentisch/","url":"https://grontkontor.dk/de/shop/bambus-bodentisch/","name":"Bambus-Tabletttisch - Grønt Kontor","isPartOf":{"@id":"https://grontkontor.dk/#website"},"datePublished":"2024-05-28T09:35:53+00:00","dateModified":"2024-05-28T09:35:53+00:00","breadcrumb":{"@id":"https://grontkontor.dk/de/shop/bambus-bodentisch/#breadcrumb"},"inLanguage":"de","potentialAction":[{"@type":"ReadAction","target":["https://grontkontor.dk/de/shop/bambus-bodentisch/"]}]},{"@type":"BreadcrumbList","@id":"https://grontkontor.dk/de/shop/bambus-bodentisch/#breadcrumb","itemListElement":[{"@type":"ListItem","position":1,"name":"Forside","item":"https://grontkontor.dk/de/"},{"@type":"ListItem","position":2,"name":"Laden","item":"https://grontkontor.dk/de/laden/"},{"@type":"ListItem","position":3,"name":"Møbler og inventar","item":"https://grontkontor.dk/produkt-kategori/mobler-og-inventar/"},{"@type":"ListItem","position":4,"name":"Borde","item":"https://grontkontor.dk/produkt-kategori/mobler-og-inventar/borde/"},{"@type":"ListItem","position":5,"name":"Bambus-Tabletttisch"}]},{"@type":"WebSite","@id":"https://grontkontor.dk/#website","url":"https://grontkontor.dk/","name":"Grønt Kontor","description":"Miljøvenlige produkter til kontor og erhverv med fokus på bæredygtighed, design og fair trade.","publisher":{"@id":"https://grontkontor.dk/#organization"},"potentialAction":[{"@type":"SearchAction","target":{"@type":"EntryPoint","urlTemplate":"https://grontkontor.dk/?s={search_term_string}"},"query-input":"required name=search_term_string"}],"inLanguage":"de"},{"@type":"Organization","@id":"https://grontkontor.dk/#organization","name":"Grønt Kontor","url":"https://grontkontor.dk/","logo":{"@type":"ImageObject","inLanguage":"de","@id":"https://grontkontor.dk/#/schema/logo/image/","url":"https://grontkontor.dk/wp-content/uploads/2014/02/Logo_groent_kontor_300x80.png","contentUrl":"https://grontkontor.dk/wp-content/uploads/2014/02/Logo_groent_kontor_300x80.png","width":300,"height":80,"caption":"Grønt Kontor"},"image":{"@id":"https://grontkontor.dk/#/schema/logo/image/"},"sameAs":["https://www.facebook.com/grontkontor.dk/"]}]}</script>
<!-- / Yoast SEO Premium plugin. -->

Bambus-Tabletttisch - Grønt Kontor

Der Tabletttisch ist eine clevere 2-in-1-Lösung. Das Tablett kann separat als praktisches Tablett verwendet oder als eleganter Beistelltisch montiert werden. Der Tisch ist aus Bambus gefertigt und präsentiert sich in einem schlichten und zeitlosen Design. Die Beine des Tisches lassen sich hochklappen und leicht verstauen. [bambus]

Grønt Kontor

Møbler og inventar

Miljøvenlige produkter til kontor og erhverv med fokus på bæredygtighed, design og fair trade.
