{"id":88090,"date":"2023-09-22T13:50:48","date_gmt":"2024-05-28T10:24:23","guid":{"rendered":"https:\/\/grontkontor.dk\/shop\/langlebiger-glas-in-glas-vollfarbdruck-350-ml\/"},"modified":"2024-05-28T12:24:23","modified_gmt":"2024-05-28T10:24:23","slug":"langlebiger-glas-in-glas-vollfarbdruck-350-ml","status":"publish","type":"product","link":"https:\/\/grontkontor.dk\/de\/shop\/langlebiger-glas-in-glas-vollfarbdruck-350-ml\/","title":{"rendered":"Klimafreundlicher Glasbecher mit Vollfarbdruck"},"content":{"rendered":"<p>Herrlich praktischer Becher aus Glas. Der Glasbecher ist speziell f\u00fcr den Sublimationsdruck konzipiert, was eine reiche Farbauswahl auf dem Becher erm\u00f6glicht.<\/p>\n<p>Ein sch\u00f6nes Handout \/ Giveaway f\u00fcr Messe und Event.<\/p>\n<p>Der Becher ist sp\u00fclmaschinen- und mikrowellenfest. Der Becher ist  [food-c]<\/p>\n<p>Gr\u00f6\u00dfe: 350 ml.<\/p>\n<p>[glas]<\/p>\n<p>&nbsp;<\/p>\n","protected":false},"excerpt":{"rendered":"<p>Herrlich praktischer Becher aus Glas. Der Glasbecher ist speziell f\u00fcr den Sublimationsdruck konzipiert, was eine reiche Farbauswahl auf dem Becher erm\u00f6glicht. Ein sch\u00f6nes Handout \/ Giveaway f\u00fcr Messe und Event. Der Becher ist sp\u00fclmaschinen- und mikrowellenfest. Der Becher ist [food-c] Gr\u00f6\u00dfe: 350 ml. [glas] &nbsp;<\/p>\n","protected":false},"featured_media":113144,"comment_status":"closed","ping_status":"closed","template":"","meta":{"_acf_changed":false},"product_cat":[4489,3465,3325,3339,3084],"product_tag":[3663,3831],"class_list":{"0":"post-88090","1":"product","2":"type-product","3":"status-publish","4":"has-post-thumbnail","6":"product_cat-becher-und-tassen","7":"product_cat-becher-tassen-etc","8":"product_cat-dummy-moq-1-de","9":"product_cat-essen-und-trinken","10":"product_cat-neuheiten","11":"product_tag-becher","12":"product_tag-kaffeetassen","13":"tm-has-options","15":"first","16":"instock","17":"sale","18":"taxable","19":"shipping-taxable","20":"purchasable","21":"product-type-simple"},"acf":[],"yoast_head":"<!-- This site is optimized with the Yoast SEO Premium plugin v21.2 (Yoast SEO v21.2) - https:\/\/yoast.com\/wordpress\/plugins\/seo\/ -->\n<title>Klimafreundlicher Glasbecher mit Vollfarbdruck - Gr\u00f8nt Kontor<\/title>\n<meta name=\"robots\" content=\"index, follow, max-snippet:-1, max-image-preview:large, max-video-preview:-1\" \/>\n<link rel=\"canonical\" href=\"https:\/\/grontkontor.dk\/de\/shop\/langlebiger-glas-in-glas-vollfarbdruck-350-ml\/\" \/>\n<meta property=\"og:locale\" content=\"de_DE\" \/>\n<meta property=\"og:type\" content=\"article\" \/>\n<meta property=\"og:title\" content=\"Klimafreundlicher Glasbecher mit Vollfarbdruck\" \/>\n<meta property=\"og:description\" content=\"Herrlich praktischer Becher aus Glas. Der Glasbecher ist speziell f\u00fcr den Sublimationsdruck konzipiert, was eine reiche Farbauswahl auf dem Becher erm\u00f6glicht. Ein sch\u00f6nes Handout \/ Giveaway f\u00fcr Messe und Event. Der Becher ist sp\u00fclmaschinen- und mikrowellenfest. Der Becher ist [food-c] Gr\u00f6\u00dfe: 350 ml. [glas] &nbsp;\" \/>\n<meta property=\"og:url\" content=\"https:\/\/grontkontor.dk\/de\/shop\/langlebiger-glas-in-glas-vollfarbdruck-350-ml\/\" \/>\n<meta property=\"og:site_name\" content=\"Gr\u00f8nt Kontor\" \/>\n<meta property=\"article:publisher\" content=\"https:\/\/www.facebook.com\/grontkontor.dk\/\" \/>\n<meta property=\"og:image\" content=\"https:\/\/grontkontor.dk\/wp-content\/uploads\/2022\/03\/miljoevenligt-glaskrus-350ml-03.jpg\" \/>\n\t<meta property=\"og:image:width\" content=\"900\" \/>\n\t<meta property=\"og:image:height\" content=\"639\" \/>\n\t<meta property=\"og:image:type\" content=\"image\/jpeg\" \/>\n<meta name=\"twitter:card\" content=\"summary_large_image\" \/>\n<script type=\"application\/ld+json\" class=\"yoast-schema-graph\">{\"@context\":\"https:\/\/schema.org\",\"@graph\":[{\"@type\":\"WebPage\",\"@id\":\"https:\/\/grontkontor.dk\/de\/shop\/langlebiger-glas-in-glas-vollfarbdruck-350-ml\/\",\"url\":\"https:\/\/grontkontor.dk\/de\/shop\/langlebiger-glas-in-glas-vollfarbdruck-350-ml\/\",\"name\":\"Klimafreundlicher Glasbecher mit Vollfarbdruck - Gr\u00f8nt Kontor\",\"isPartOf\":{\"@id\":\"https:\/\/grontkontor.dk\/#website\"},\"datePublished\":\"2024-05-28T10:24:23+00:00\",\"dateModified\":\"2024-05-28T10:24:23+00:00\",\"breadcrumb\":{\"@id\":\"https:\/\/grontkontor.dk\/de\/shop\/langlebiger-glas-in-glas-vollfarbdruck-350-ml\/#breadcrumb\"},\"inLanguage\":\"de\",\"potentialAction\":[{\"@type\":\"ReadAction\",\"target\":[\"https:\/\/grontkontor.dk\/de\/shop\/langlebiger-glas-in-glas-vollfarbdruck-350-ml\/\"]}]},{\"@type\":\"BreadcrumbList\",\"@id\":\"https:\/\/grontkontor.dk\/de\/shop\/langlebiger-glas-in-glas-vollfarbdruck-350-ml\/#breadcrumb\",\"itemListElement\":[{\"@type\":\"ListItem\",\"position\":1,\"name\":\"Forside\",\"item\":\"https:\/\/grontkontor.dk\/de\/\"},{\"@type\":\"ListItem\",\"position\":2,\"name\":\"Laden\",\"item\":\"https:\/\/grontkontor.dk\/de\/laden\/\"},{\"@type\":\"ListItem\",\"position\":3,\"name\":\"Essen und Trinken\",\"item\":\"https:\/\/grontkontor.dk\/de\/produkt-kategori\/essen-und-trinken\/\"},{\"@type\":\"ListItem\",\"position\":4,\"name\":\"Becher, Tassen etc.\",\"item\":\"https:\/\/grontkontor.dk\/de\/produkt-kategori\/essen-und-trinken\/becher-tassen-etc\/\"},{\"@type\":\"ListItem\",\"position\":5,\"name\":\"Klimafreundlicher Glasbecher mit Vollfarbdruck\"}]},{\"@type\":\"WebSite\",\"@id\":\"https:\/\/grontkontor.dk\/#website\",\"url\":\"https:\/\/grontkontor.dk\/\",\"name\":\"Gr\u00f8nt Kontor\",\"description\":\"Milj\u00f8venlige produkter til kontor og erhverv med fokus p\u00e5 b\u00e6redygtighed, design og fair trade.\",\"publisher\":{\"@id\":\"https:\/\/grontkontor.dk\/#organization\"},\"potentialAction\":[{\"@type\":\"SearchAction\",\"target\":{\"@type\":\"EntryPoint\",\"urlTemplate\":\"https:\/\/grontkontor.dk\/?s={search_term_string}\"},\"query-input\":\"required name=search_term_string\"}],\"inLanguage\":\"de\"},{\"@type\":\"Organization\",\"@id\":\"https:\/\/grontkontor.dk\/#organization\",\"name\":\"Gr\u00f8nt Kontor\",\"url\":\"https:\/\/grontkontor.dk\/\",\"logo\":{\"@type\":\"ImageObject\",\"inLanguage\":\"de\",\"@id\":\"https:\/\/grontkontor.dk\/#\/schema\/logo\/image\/\",\"url\":\"https:\/\/grontkontor.dk\/wp-content\/uploads\/2014\/02\/Logo_groent_kontor_300x80.png\",\"contentUrl\":\"https:\/\/grontkontor.dk\/wp-content\/uploads\/2014\/02\/Logo_groent_kontor_300x80.png\",\"width\":300,\"height\":80,\"caption\":\"Gr\u00f8nt Kontor\"},\"image\":{\"@id\":\"https:\/\/grontkontor.dk\/#\/schema\/logo\/image\/\"},\"sameAs\":[\"https:\/\/www.facebook.com\/grontkontor.dk\/\"]}]}<\/script>\n<!-- \/ Yoast SEO Premium plugin. -->","yoast_head_json":{"title":"Klimafreundlicher Glasbecher mit Vollfarbdruck - Gr\u00f8nt Kontor","robots":{"index":"index","follow":"follow","max-snippet":"max-snippet:-1","max-image-preview":"max-image-preview:large","max-video-preview":"max-video-preview:-1"},"canonical":"https:\/\/grontkontor.dk\/de\/shop\/langlebiger-glas-in-glas-vollfarbdruck-350-ml\/","og_locale":"de_DE","og_type":"article","og_title":"Klimafreundlicher Glasbecher mit Vollfarbdruck","og_description":"Herrlich praktischer Becher aus Glas. Der Glasbecher ist speziell f\u00fcr den Sublimationsdruck konzipiert, was eine reiche Farbauswahl auf dem Becher erm\u00f6glicht. Ein sch\u00f6nes Handout \/ Giveaway f\u00fcr Messe und Event. Der Becher ist sp\u00fclmaschinen- und mikrowellenfest. Der Becher ist [food-c] Gr\u00f6\u00dfe: 350 ml. [glas] &nbsp;","og_url":"https:\/\/grontkontor.dk\/de\/shop\/langlebiger-glas-in-glas-vollfarbdruck-350-ml\/","og_site_name":"Gr\u00f8nt Kontor","article_publisher":"https:\/\/www.facebook.com\/grontkontor.dk\/","og_image":[{"width":900,"height":639,"url":"https:\/\/grontkontor.dk\/wp-content\/uploads\/2022\/03\/miljoevenligt-glaskrus-350ml-03.jpg","type":"image\/jpeg"}],"twitter_card":"summary_large_image","schema":{"@context":"https:\/\/schema.org","@graph":[{"@type":"WebPage","@id":"https:\/\/grontkontor.dk\/de\/shop\/langlebiger-glas-in-glas-vollfarbdruck-350-ml\/","url":"https:\/\/grontkontor.dk\/de\/shop\/langlebiger-glas-in-glas-vollfarbdruck-350-ml\/","name":"Klimafreundlicher Glasbecher mit Vollfarbdruck - Gr\u00f8nt Kontor","isPartOf":{"@id":"https:\/\/grontkontor.dk\/#website"},"datePublished":"2024-05-28T10:24:23+00:00","dateModified":"2024-05-28T10:24:23+00:00","breadcrumb":{"@id":"https:\/\/grontkontor.dk\/de\/shop\/langlebiger-glas-in-glas-vollfarbdruck-350-ml\/#breadcrumb"},"inLanguage":"de","potentialAction":[{"@type":"ReadAction","target":["https:\/\/grontkontor.dk\/de\/shop\/langlebiger-glas-in-glas-vollfarbdruck-350-ml\/"]}]},{"@type":"BreadcrumbList","@id":"https:\/\/grontkontor.dk\/de\/shop\/langlebiger-glas-in-glas-vollfarbdruck-350-ml\/#breadcrumb","itemListElement":[{"@type":"ListItem","position":1,"name":"Forside","item":"https:\/\/grontkontor.dk\/de\/"},{"@type":"ListItem","position":2,"name":"Laden","item":"https:\/\/grontkontor.dk\/de\/laden\/"},{"@type":"ListItem","position":3,"name":"Essen und Trinken","item":"https:\/\/grontkontor.dk\/de\/produkt-kategori\/essen-und-trinken\/"},{"@type":"ListItem","position":4,"name":"Becher, Tassen etc.","item":"https:\/\/grontkontor.dk\/de\/produkt-kategori\/essen-und-trinken\/becher-tassen-etc\/"},{"@type":"ListItem","position":5,"name":"Klimafreundlicher Glasbecher mit Vollfarbdruck"}]},{"@type":"WebSite","@id":"https:\/\/grontkontor.dk\/#website","url":"https:\/\/grontkontor.dk\/","name":"Gr\u00f8nt Kontor","description":"Milj\u00f8venlige produkter til kontor og erhverv med fokus p\u00e5 b\u00e6redygtighed, design og fair trade.","publisher":{"@id":"https:\/\/grontkontor.dk\/#organization"},"potentialAction":[{"@type":"SearchAction","target":{"@type":"EntryPoint","urlTemplate":"https:\/\/grontkontor.dk\/?s={search_term_string}"},"query-input":"required name=search_term_string"}],"inLanguage":"de"},{"@type":"Organization","@id":"https:\/\/grontkontor.dk\/#organization","name":"Gr\u00f8nt Kontor","url":"https:\/\/grontkontor.dk\/","logo":{"@type":"ImageObject","inLanguage":"de","@id":"https:\/\/grontkontor.dk\/#\/schema\/logo\/image\/","url":"https:\/\/grontkontor.dk\/wp-content\/uploads\/2014\/02\/Logo_groent_kontor_300x80.png","contentUrl":"https:\/\/grontkontor.dk\/wp-content\/uploads\/2014\/02\/Logo_groent_kontor_300x80.png","width":300,"height":80,"caption":"Gr\u00f8nt Kontor"},"image":{"@id":"https:\/\/grontkontor.dk\/#\/schema\/logo\/image\/"},"sameAs":["https:\/\/www.facebook.com\/grontkontor.dk\/"]}]}},"_links":{"self":[{"href":"https:\/\/grontkontor.dk\/de\/wp-json\/wp\/v2\/product\/88090"}],"collection":[{"href":"https:\/\/grontkontor.dk\/de\/wp-json\/wp\/v2\/product"}],"about":[{"href":"https:\/\/grontkontor.dk\/de\/wp-json\/wp\/v2\/types\/product"}],"replies":[{"embeddable":true,"href":"https:\/\/grontkontor.dk\/de\/wp-json\/wp\/v2\/comments?post=88090"}],"wp:featuredmedia":[{"embeddable":true,"href":"https:\/\/grontkontor.dk\/de\/wp-json\/wp\/v2\/media\/113144"}],"wp:attachment":[{"href":"https:\/\/grontkontor.dk\/de\/wp-json\/wp\/v2\/media?parent=88090"}],"wp:term":[{"taxonomy":"product_cat","embeddable":true,"href":"https:\/\/grontkontor.dk\/de\/wp-json\/wp\/v2\/product_cat?post=88090"},{"taxonomy":"product_tag","embeddable":true,"href":"https:\/\/grontkontor.dk\/de\/wp-json\/wp\/v2\/product_tag?post=88090"}],"curies":[{"name":"wp","href":"https:\/\/api.w.org\/{rel}","templated":true}]}}

<p>Herrlich praktischer Becher aus Glas. Der Glasbecher ist speziell für den Sublimationsdruck konzipiert, was eine reiche Farbauswahl auf dem Becher ermöglicht.</p>
<p>Ein schönes Handout / Giveaway für Messe und Event.</p>
<p>Der Becher ist spülmaschinen- und mikrowellenfest. Der Becher ist  [food-c]</p>
<p>Größe: 350 ml.</p>
<p>[glas]</p>
<p>&nbsp;</p>

<p>Herrlich praktischer Becher aus Glas. Der Glasbecher ist speziell für den Sublimationsdruck konzipiert, was eine reiche Farbauswahl auf dem Becher ermöglicht. Ein schönes Handout / Giveaway für Messe und Event. Der Becher ist spülmaschinen- und mikrowellenfest. Der Becher ist [food-c] Größe: 350 ml. [glas] &nbsp;</p>

<!-- This site is optimized with the Yoast SEO Premium plugin v21.2 (Yoast SEO v21.2) - https://yoast.com/wordpress/plugins/seo/ -->
<title>Klimafreundlicher Glasbecher mit Vollfarbdruck - Grønt Kontor</title>
<meta name="robots" content="index, follow, max-snippet:-1, max-image-preview:large, max-video-preview:-1" />
<link rel="canonical" href="https://grontkontor.dk/de/shop/langlebiger-glas-in-glas-vollfarbdruck-350-ml/" />
<meta property="og:locale" content="de_DE" />
<meta property="og:type" content="article" />
<meta property="og:title" content="Klimafreundlicher Glasbecher mit Vollfarbdruck" />
<meta property="og:description" content="Herrlich praktischer Becher aus Glas. Der Glasbecher ist speziell für den Sublimationsdruck konzipiert, was eine reiche Farbauswahl auf dem Becher ermöglicht. Ein schönes Handout / Giveaway für Messe und Event. Der Becher ist spülmaschinen- und mikrowellenfest. Der Becher ist [food-c] Größe: 350 ml. [glas] &nbsp;" />
<meta property="og:url" content="https://grontkontor.dk/de/shop/langlebiger-glas-in-glas-vollfarbdruck-350-ml/" />
<meta property="og:site_name" content="Grønt Kontor" />
<meta property="article:publisher" content="https://www.facebook.com/grontkontor.dk/" />
<meta property="og:image" content="https://grontkontor.dk/wp-content/uploads/2022/03/miljoevenligt-glaskrus-350ml-03.jpg" />
	<meta property="og:image:width" content="900" />
	<meta property="og:image:height" content="639" />
	<meta property="og:image:type" content="image/jpeg" />
<meta name="twitter:card" content="summary_large_image" />
<script type="application/ld+json" class="yoast-schema-graph">{"@context":"https://schema.org","@graph":[{"@type":"WebPage","@id":"https://grontkontor.dk/de/shop/langlebiger-glas-in-glas-vollfarbdruck-350-ml/","url":"https://grontkontor.dk/de/shop/langlebiger-glas-in-glas-vollfarbdruck-350-ml/","name":"Klimafreundlicher Glasbecher mit Vollfarbdruck - Grønt Kontor","isPartOf":{"@id":"https://grontkontor.dk/#website"},"datePublished":"2024-05-28T10:24:23+00:00","dateModified":"2024-05-28T10:24:23+00:00","breadcrumb":{"@id":"https://grontkontor.dk/de/shop/langlebiger-glas-in-glas-vollfarbdruck-350-ml/#breadcrumb"},"inLanguage":"de","potentialAction":[{"@type":"ReadAction","target":["https://grontkontor.dk/de/shop/langlebiger-glas-in-glas-vollfarbdruck-350-ml/"]}]},{"@type":"BreadcrumbList","@id":"https://grontkontor.dk/de/shop/langlebiger-glas-in-glas-vollfarbdruck-350-ml/#breadcrumb","itemListElement":[{"@type":"ListItem","position":1,"name":"Forside","item":"https://grontkontor.dk/de/"},{"@type":"ListItem","position":2,"name":"Laden","item":"https://grontkontor.dk/de/laden/"},{"@type":"ListItem","position":3,"name":"Essen und Trinken","item":"https://grontkontor.dk/de/produkt-kategori/essen-und-trinken/"},{"@type":"ListItem","position":4,"name":"Becher, Tassen etc.","item":"https://grontkontor.dk/de/produkt-kategori/essen-und-trinken/becher-tassen-etc/"},{"@type":"ListItem","position":5,"name":"Klimafreundlicher Glasbecher mit Vollfarbdruck"}]},{"@type":"WebSite","@id":"https://grontkontor.dk/#website","url":"https://grontkontor.dk/","name":"Grønt Kontor","description":"Miljøvenlige produkter til kontor og erhverv med fokus på bæredygtighed, design og fair trade.","publisher":{"@id":"https://grontkontor.dk/#organization"},"potentialAction":[{"@type":"SearchAction","target":{"@type":"EntryPoint","urlTemplate":"https://grontkontor.dk/?s={search_term_string}"},"query-input":"required name=search_term_string"}],"inLanguage":"de"},{"@type":"Organization","@id":"https://grontkontor.dk/#organization","name":"Grønt Kontor","url":"https://grontkontor.dk/","logo":{"@type":"ImageObject","inLanguage":"de","@id":"https://grontkontor.dk/#/schema/logo/image/","url":"https://grontkontor.dk/wp-content/uploads/2014/02/Logo_groent_kontor_300x80.png","contentUrl":"https://grontkontor.dk/wp-content/uploads/2014/02/Logo_groent_kontor_300x80.png","width":300,"height":80,"caption":"Grønt Kontor"},"image":{"@id":"https://grontkontor.dk/#/schema/logo/image/"},"sameAs":["https://www.facebook.com/grontkontor.dk/"]}]}</script>
<!-- / Yoast SEO Premium plugin. -->

Klimafreundlicher Glasbecher mit Vollfarbdruck - Grønt Kontor

Herrlich praktischer Becher aus Glas. Der Glasbecher ist speziell für den Sublimationsdruck konzipiert, was eine reiche Farbauswahl auf dem Becher ermöglicht. Ein schönes Handout / Giveaway für Messe und Event. Der Becher ist spülmaschinen- und mikrowellenfest. Der Becher ist [food-c] Größe: 350 ml. [glas] &nbsp;

Grønt Kontor

Miljøvenlige produkter til kontor og erhverv med fokus på bæredygtighed, design og fair trade.
