{"id":89591,"date":"2023-09-22T13:16:20","date_gmt":"2024-05-29T07:59:06","guid":{"rendered":"https:\/\/grontkontor.dk\/shop\/memo-halter-cherry-recycling\/"},"modified":"2024-05-29T09:59:06","modified_gmt":"2024-05-29T07:59:06","slug":"memo-halter-cherry-recycling","status":"publish","type":"product","link":"https:\/\/grontkontor.dk\/de\/shop\/memo-halter-cherry-recycling\/","title":{"rendered":"Memo Kirschbaumhalter \/ Recycling"},"content":{"rendered":"<p>Einfacher, exklusiver und rustikaler Memo-Halter aus europ\u00e4ischem Kirschholz mit Notizen aus hellgrauem Recyclingpapier.<br \/>\nHergestellt in der EU von behinderten Menschen in einer gesch\u00fctzten Werkstatt.<br \/>\n[kjf] <img loading=\"lazy\" decoding=\"async\" src=\"https:\/\/grontkontor.dk\/wp-content\/uploads\/2021\/02\/genbrug.jpg\" alt=\"Fremstillet af genbrugsmaterialer\" width=\"50\" height=\"50\" class=\"size-full wp-image-23031\" srcset=\"https:\/\/grontkontor.dk\/wp-content\/uploads\/2021\/02\/genbrug.jpg 199w, https:\/\/grontkontor.dk\/wp-content\/uploads\/2021\/02\/genbrug-100x100.jpg 100w\" sizes=\"(max-width: 50px) 100vw, 50px\" \/><\/p>\n","protected":false},"excerpt":{"rendered":"<p>Einfacher, exklusiver und rustikaler Memo-Halter aus europ\u00e4ischem Kirschholz mit Notizen aus hellgrauem Recyclingpapier. Hergestellt in der EU von behinderten Menschen in einer gesch\u00fctzten Werkstatt. [kjf]<\/p>\n","protected":false},"featured_media":111930,"comment_status":"closed","ping_status":"closed","template":"","meta":{"_acf_changed":false},"product_cat":[3325,3555,3321,3728,3604,3323,3519,3440],"product_tag":[],"class_list":{"0":"post-89591","1":"product","2":"type-product","3":"status-publish","4":"has-post-thumbnail","6":"product_cat-dummy-moq-1-de","7":"product_cat-kirschbaum","8":"product_cat-klimafreundliche-werbegeschenke","9":"product_cat-notizbloecke","10":"product_cat-papier-und-bloecke","11":"product_cat-produktserien","12":"product_cat-schreibtischausstattung","13":"product_cat-sonstiges-fuer-den-schreibtisch","14":"tm-has-options","16":"first","17":"instock","18":"taxable","19":"shipping-taxable","20":"purchasable","21":"product-type-simple"},"acf":[],"yoast_head":"<!-- This site is optimized with the Yoast SEO Premium plugin v21.2 (Yoast SEO v21.2) - https:\/\/yoast.com\/wordpress\/plugins\/seo\/ -->\n<title>Memo Kirschbaumhalter \/ Recycling - Gr\u00f8nt Kontor<\/title>\n<meta name=\"robots\" content=\"index, follow, max-snippet:-1, max-image-preview:large, max-video-preview:-1\" \/>\n<link rel=\"canonical\" href=\"https:\/\/grontkontor.dk\/de\/shop\/memo-halter-cherry-recycling\/\" \/>\n<meta property=\"og:locale\" content=\"de_DE\" \/>\n<meta property=\"og:type\" content=\"article\" \/>\n<meta property=\"og:title\" content=\"Memo Kirschbaumhalter \/ Recycling\" \/>\n<meta property=\"og:description\" content=\"Einfacher, exklusiver und rustikaler Memo-Halter aus europ\u00e4ischem Kirschholz mit Notizen aus hellgrauem Recyclingpapier. Hergestellt in der EU von behinderten Menschen in einer gesch\u00fctzten Werkstatt. [kjf]\" \/>\n<meta property=\"og:url\" content=\"https:\/\/grontkontor.dk\/de\/shop\/memo-halter-cherry-recycling\/\" \/>\n<meta property=\"og:site_name\" content=\"Gr\u00f8nt Kontor\" \/>\n<meta property=\"article:publisher\" content=\"https:\/\/www.facebook.com\/grontkontor.dk\/\" \/>\n<meta name=\"twitter:card\" content=\"summary_large_image\" \/>\n<script type=\"application\/ld+json\" class=\"yoast-schema-graph\">{\"@context\":\"https:\/\/schema.org\",\"@graph\":[{\"@type\":\"WebPage\",\"@id\":\"https:\/\/grontkontor.dk\/de\/shop\/memo-halter-cherry-recycling\/\",\"url\":\"https:\/\/grontkontor.dk\/de\/shop\/memo-halter-cherry-recycling\/\",\"name\":\"Memo Kirschbaumhalter \/ Recycling - Gr\u00f8nt Kontor\",\"isPartOf\":{\"@id\":\"https:\/\/grontkontor.dk\/#website\"},\"datePublished\":\"2024-05-29T07:59:06+00:00\",\"dateModified\":\"2024-05-29T07:59:06+00:00\",\"breadcrumb\":{\"@id\":\"https:\/\/grontkontor.dk\/de\/shop\/memo-halter-cherry-recycling\/#breadcrumb\"},\"inLanguage\":\"de\",\"potentialAction\":[{\"@type\":\"ReadAction\",\"target\":[\"https:\/\/grontkontor.dk\/de\/shop\/memo-halter-cherry-recycling\/\"]}]},{\"@type\":\"BreadcrumbList\",\"@id\":\"https:\/\/grontkontor.dk\/de\/shop\/memo-halter-cherry-recycling\/#breadcrumb\",\"itemListElement\":[{\"@type\":\"ListItem\",\"position\":1,\"name\":\"Forside\",\"item\":\"https:\/\/grontkontor.dk\/de\/\"},{\"@type\":\"ListItem\",\"position\":2,\"name\":\"Laden\",\"item\":\"https:\/\/grontkontor.dk\/de\/laden\/\"},{\"@type\":\"ListItem\",\"position\":3,\"name\":\"Produktserien\",\"item\":\"https:\/\/grontkontor.dk\/de\/produkt-kategori\/produktserien\/\"},{\"@type\":\"ListItem\",\"position\":4,\"name\":\"Kirschbaum\",\"item\":\"https:\/\/grontkontor.dk\/de\/produkt-kategori\/kirschbaum\/\"},{\"@type\":\"ListItem\",\"position\":5,\"name\":\"Memo Kirschbaumhalter \/ Recycling\"}]},{\"@type\":\"WebSite\",\"@id\":\"https:\/\/grontkontor.dk\/#website\",\"url\":\"https:\/\/grontkontor.dk\/\",\"name\":\"Gr\u00f8nt Kontor\",\"description\":\"Milj\u00f8venlige produkter til kontor og erhverv med fokus p\u00e5 b\u00e6redygtighed, design og fair trade.\",\"publisher\":{\"@id\":\"https:\/\/grontkontor.dk\/#organization\"},\"potentialAction\":[{\"@type\":\"SearchAction\",\"target\":{\"@type\":\"EntryPoint\",\"urlTemplate\":\"https:\/\/grontkontor.dk\/?s={search_term_string}\"},\"query-input\":\"required name=search_term_string\"}],\"inLanguage\":\"de\"},{\"@type\":\"Organization\",\"@id\":\"https:\/\/grontkontor.dk\/#organization\",\"name\":\"Gr\u00f8nt Kontor\",\"url\":\"https:\/\/grontkontor.dk\/\",\"logo\":{\"@type\":\"ImageObject\",\"inLanguage\":\"de\",\"@id\":\"https:\/\/grontkontor.dk\/#\/schema\/logo\/image\/\",\"url\":\"https:\/\/grontkontor.dk\/wp-content\/uploads\/2014\/02\/Logo_groent_kontor_300x80.png\",\"contentUrl\":\"https:\/\/grontkontor.dk\/wp-content\/uploads\/2014\/02\/Logo_groent_kontor_300x80.png\",\"width\":300,\"height\":80,\"caption\":\"Gr\u00f8nt Kontor\"},\"image\":{\"@id\":\"https:\/\/grontkontor.dk\/#\/schema\/logo\/image\/\"},\"sameAs\":[\"https:\/\/www.facebook.com\/grontkontor.dk\/\"]}]}<\/script>\n<!-- \/ Yoast SEO Premium plugin. -->","yoast_head_json":{"title":"Memo Kirschbaumhalter \/ Recycling - Gr\u00f8nt Kontor","robots":{"index":"index","follow":"follow","max-snippet":"max-snippet:-1","max-image-preview":"max-image-preview:large","max-video-preview":"max-video-preview:-1"},"canonical":"https:\/\/grontkontor.dk\/de\/shop\/memo-halter-cherry-recycling\/","og_locale":"de_DE","og_type":"article","og_title":"Memo Kirschbaumhalter \/ Recycling","og_description":"Einfacher, exklusiver und rustikaler Memo-Halter aus europ\u00e4ischem Kirschholz mit Notizen aus hellgrauem Recyclingpapier. Hergestellt in der EU von behinderten Menschen in einer gesch\u00fctzten Werkstatt. [kjf]","og_url":"https:\/\/grontkontor.dk\/de\/shop\/memo-halter-cherry-recycling\/","og_site_name":"Gr\u00f8nt Kontor","article_publisher":"https:\/\/www.facebook.com\/grontkontor.dk\/","twitter_card":"summary_large_image","schema":{"@context":"https:\/\/schema.org","@graph":[{"@type":"WebPage","@id":"https:\/\/grontkontor.dk\/de\/shop\/memo-halter-cherry-recycling\/","url":"https:\/\/grontkontor.dk\/de\/shop\/memo-halter-cherry-recycling\/","name":"Memo Kirschbaumhalter \/ Recycling - Gr\u00f8nt Kontor","isPartOf":{"@id":"https:\/\/grontkontor.dk\/#website"},"datePublished":"2024-05-29T07:59:06+00:00","dateModified":"2024-05-29T07:59:06+00:00","breadcrumb":{"@id":"https:\/\/grontkontor.dk\/de\/shop\/memo-halter-cherry-recycling\/#breadcrumb"},"inLanguage":"de","potentialAction":[{"@type":"ReadAction","target":["https:\/\/grontkontor.dk\/de\/shop\/memo-halter-cherry-recycling\/"]}]},{"@type":"BreadcrumbList","@id":"https:\/\/grontkontor.dk\/de\/shop\/memo-halter-cherry-recycling\/#breadcrumb","itemListElement":[{"@type":"ListItem","position":1,"name":"Forside","item":"https:\/\/grontkontor.dk\/de\/"},{"@type":"ListItem","position":2,"name":"Laden","item":"https:\/\/grontkontor.dk\/de\/laden\/"},{"@type":"ListItem","position":3,"name":"Produktserien","item":"https:\/\/grontkontor.dk\/de\/produkt-kategori\/produktserien\/"},{"@type":"ListItem","position":4,"name":"Kirschbaum","item":"https:\/\/grontkontor.dk\/de\/produkt-kategori\/kirschbaum\/"},{"@type":"ListItem","position":5,"name":"Memo Kirschbaumhalter \/ Recycling"}]},{"@type":"WebSite","@id":"https:\/\/grontkontor.dk\/#website","url":"https:\/\/grontkontor.dk\/","name":"Gr\u00f8nt Kontor","description":"Milj\u00f8venlige produkter til kontor og erhverv med fokus p\u00e5 b\u00e6redygtighed, design og fair trade.","publisher":{"@id":"https:\/\/grontkontor.dk\/#organization"},"potentialAction":[{"@type":"SearchAction","target":{"@type":"EntryPoint","urlTemplate":"https:\/\/grontkontor.dk\/?s={search_term_string}"},"query-input":"required name=search_term_string"}],"inLanguage":"de"},{"@type":"Organization","@id":"https:\/\/grontkontor.dk\/#organization","name":"Gr\u00f8nt Kontor","url":"https:\/\/grontkontor.dk\/","logo":{"@type":"ImageObject","inLanguage":"de","@id":"https:\/\/grontkontor.dk\/#\/schema\/logo\/image\/","url":"https:\/\/grontkontor.dk\/wp-content\/uploads\/2014\/02\/Logo_groent_kontor_300x80.png","contentUrl":"https:\/\/grontkontor.dk\/wp-content\/uploads\/2014\/02\/Logo_groent_kontor_300x80.png","width":300,"height":80,"caption":"Gr\u00f8nt Kontor"},"image":{"@id":"https:\/\/grontkontor.dk\/#\/schema\/logo\/image\/"},"sameAs":["https:\/\/www.facebook.com\/grontkontor.dk\/"]}]}},"_links":{"self":[{"href":"https:\/\/grontkontor.dk\/de\/wp-json\/wp\/v2\/product\/89591"}],"collection":[{"href":"https:\/\/grontkontor.dk\/de\/wp-json\/wp\/v2\/product"}],"about":[{"href":"https:\/\/grontkontor.dk\/de\/wp-json\/wp\/v2\/types\/product"}],"replies":[{"embeddable":true,"href":"https:\/\/grontkontor.dk\/de\/wp-json\/wp\/v2\/comments?post=89591"}],"wp:featuredmedia":[{"embeddable":true,"href":"https:\/\/grontkontor.dk\/de\/wp-json\/wp\/v2\/media\/111930"}],"wp:attachment":[{"href":"https:\/\/grontkontor.dk\/de\/wp-json\/wp\/v2\/media?parent=89591"}],"wp:term":[{"taxonomy":"product_cat","embeddable":true,"href":"https:\/\/grontkontor.dk\/de\/wp-json\/wp\/v2\/product_cat?post=89591"},{"taxonomy":"product_tag","embeddable":true,"href":"https:\/\/grontkontor.dk\/de\/wp-json\/wp\/v2\/product_tag?post=89591"}],"curies":[{"name":"wp","href":"https:\/\/api.w.org\/{rel}","templated":true}]}}

<p>Einfacher, exklusiver und rustikaler Memo-Halter aus europäischem Kirschholz mit Notizen aus hellgrauem Recyclingpapier.<br />
Hergestellt in der EU von behinderten Menschen in einer geschützten Werkstatt.<br />
[kjf] <img loading="lazy" decoding="async" src="https://grontkontor.dk/wp-content/uploads/2021/02/genbrug.jpg" alt="Fremstillet af genbrugsmaterialer" width="50" height="50" class="size-full wp-image-23031" srcset="https://grontkontor.dk/wp-content/uploads/2021/02/genbrug.jpg 199w, https://grontkontor.dk/wp-content/uploads/2021/02/genbrug-100x100.jpg 100w" sizes="(max-width: 50px) 100vw, 50px" /></p>

<p>Einfacher, exklusiver und rustikaler Memo-Halter aus europäischem Kirschholz mit Notizen aus hellgrauem Recyclingpapier. Hergestellt in der EU von behinderten Menschen in einer geschützten Werkstatt. [kjf]</p>

<!-- This site is optimized with the Yoast SEO Premium plugin v21.2 (Yoast SEO v21.2) - https://yoast.com/wordpress/plugins/seo/ -->
<title>Memo Kirschbaumhalter / Recycling - Grønt Kontor</title>
<meta name="robots" content="index, follow, max-snippet:-1, max-image-preview:large, max-video-preview:-1" />
<link rel="canonical" href="https://grontkontor.dk/de/shop/memo-halter-cherry-recycling/" />
<meta property="og:locale" content="de_DE" />
<meta property="og:type" content="article" />
<meta property="og:title" content="Memo Kirschbaumhalter / Recycling" />
<meta property="og:description" content="Einfacher, exklusiver und rustikaler Memo-Halter aus europäischem Kirschholz mit Notizen aus hellgrauem Recyclingpapier. Hergestellt in der EU von behinderten Menschen in einer geschützten Werkstatt. [kjf]" />
<meta property="og:url" content="https://grontkontor.dk/de/shop/memo-halter-cherry-recycling/" />
<meta property="og:site_name" content="Grønt Kontor" />
<meta property="article:publisher" content="https://www.facebook.com/grontkontor.dk/" />
<meta name="twitter:card" content="summary_large_image" />
<script type="application/ld+json" class="yoast-schema-graph">{"@context":"https://schema.org","@graph":[{"@type":"WebPage","@id":"https://grontkontor.dk/de/shop/memo-halter-cherry-recycling/","url":"https://grontkontor.dk/de/shop/memo-halter-cherry-recycling/","name":"Memo Kirschbaumhalter / Recycling - Grønt Kontor","isPartOf":{"@id":"https://grontkontor.dk/#website"},"datePublished":"2024-05-29T07:59:06+00:00","dateModified":"2024-05-29T07:59:06+00:00","breadcrumb":{"@id":"https://grontkontor.dk/de/shop/memo-halter-cherry-recycling/#breadcrumb"},"inLanguage":"de","potentialAction":[{"@type":"ReadAction","target":["https://grontkontor.dk/de/shop/memo-halter-cherry-recycling/"]}]},{"@type":"BreadcrumbList","@id":"https://grontkontor.dk/de/shop/memo-halter-cherry-recycling/#breadcrumb","itemListElement":[{"@type":"ListItem","position":1,"name":"Forside","item":"https://grontkontor.dk/de/"},{"@type":"ListItem","position":2,"name":"Laden","item":"https://grontkontor.dk/de/laden/"},{"@type":"ListItem","position":3,"name":"Produktserien","item":"https://grontkontor.dk/de/produkt-kategori/produktserien/"},{"@type":"ListItem","position":4,"name":"Kirschbaum","item":"https://grontkontor.dk/de/produkt-kategori/kirschbaum/"},{"@type":"ListItem","position":5,"name":"Memo Kirschbaumhalter / Recycling"}]},{"@type":"WebSite","@id":"https://grontkontor.dk/#website","url":"https://grontkontor.dk/","name":"Grønt Kontor","description":"Miljøvenlige produkter til kontor og erhverv med fokus på bæredygtighed, design og fair trade.","publisher":{"@id":"https://grontkontor.dk/#organization"},"potentialAction":[{"@type":"SearchAction","target":{"@type":"EntryPoint","urlTemplate":"https://grontkontor.dk/?s={search_term_string}"},"query-input":"required name=search_term_string"}],"inLanguage":"de"},{"@type":"Organization","@id":"https://grontkontor.dk/#organization","name":"Grønt Kontor","url":"https://grontkontor.dk/","logo":{"@type":"ImageObject","inLanguage":"de","@id":"https://grontkontor.dk/#/schema/logo/image/","url":"https://grontkontor.dk/wp-content/uploads/2014/02/Logo_groent_kontor_300x80.png","contentUrl":"https://grontkontor.dk/wp-content/uploads/2014/02/Logo_groent_kontor_300x80.png","width":300,"height":80,"caption":"Grønt Kontor"},"image":{"@id":"https://grontkontor.dk/#/schema/logo/image/"},"sameAs":["https://www.facebook.com/grontkontor.dk/"]}]}</script>
<!-- / Yoast SEO Premium plugin. -->

Memo Kirschbaumhalter / Recycling - Grønt Kontor

Einfacher, exklusiver und rustikaler Memo-Halter aus europäischem Kirschholz mit Notizen aus hellgrauem Recyclingpapier. Hergestellt in der EU von behinderten Menschen in einer geschützten Werkstatt. [kjf]

Grønt Kontor

Miljøvenlige produkter til kontor og erhverv med fokus på bæredygtighed, design og fair trade.
