{"id":89657,"date":"2023-09-22T13:15:11","date_gmt":"2024-05-29T08:00:49","guid":{"rendered":"https:\/\/grontkontor.dk\/shop\/rustikal-matt-keramikbecher-mit-schwarzem-rand-300ml\/"},"modified":"2024-05-29T10:00:49","modified_gmt":"2024-05-29T08:00:49","slug":"rustikal-matt-keramikbecher-mit-schwarzem-rand-300ml","status":"publish","type":"product","link":"https:\/\/grontkontor.dk\/de\/shop\/rustikal-matt-keramikbecher-mit-schwarzem-rand-300ml\/","title":{"rendered":"Rustikaler matter Keramikbecher mit schwarzem Rand"},"content":{"rendered":"<p>Klimafreundlicher Retro-Becher mit einem sch\u00f6nen rustikalen matten Finish. Sch\u00f6nes Old-School-Design aus umweltfreundlichem Material und ein sch\u00f6nes Werbegeschenk f\u00fcr Messen und Veranstaltungen. Erh\u00e4ltlich in Rot, Gr\u00fcn, Blau, Schwarz und Wei\u00df. Auch mit Druck erh\u00e4ltlich. Geeignet f\u00fcr Geschirrsp\u00fcler und Mikrowelle.<br \/>\nDer Becher ist  [food-c]<br \/>\nGr\u00f6\u00dfe: 300 ml.<\/p>\n<p>[keramik]<\/p>\n<p>&nbsp;<\/p>\n","protected":false},"excerpt":{"rendered":"<p>Klimafreundlicher Retro-Becher mit einem sch\u00f6nen rustikalen matten Finish. Sch\u00f6nes Old-School-Design aus umweltfreundlichem Material und ein sch\u00f6nes Werbegeschenk f\u00fcr Messen und Veranstaltungen. Erh\u00e4ltlich in Rot, Gr\u00fcn, Blau, Schwarz und Wei\u00df. Auch mit Druck erh\u00e4ltlich. Geeignet f\u00fcr Geschirrsp\u00fcler und Mikrowelle. Der Becher ist [food-c] Gr\u00f6\u00dfe: 300 ml. [keramik] &nbsp;<\/p>\n","protected":false},"featured_media":111852,"comment_status":"closed","ping_status":"closed","template":"","meta":{"_acf_changed":false},"product_cat":[4489,3465,3325,3339],"product_tag":[3663,3831],"class_list":{"0":"post-89657","1":"product","2":"type-product","3":"status-publish","4":"has-post-thumbnail","6":"product_cat-becher-und-tassen","7":"product_cat-becher-tassen-etc","8":"product_cat-dummy-moq-1-de","9":"product_cat-essen-und-trinken","10":"product_tag-becher","11":"product_tag-kaffeetassen","12":"tm-has-options","14":"first","15":"instock","16":"sale","17":"taxable","18":"shipping-taxable","19":"purchasable","20":"product-type-simple"},"acf":[],"yoast_head":"<!-- This site is optimized with the Yoast SEO Premium plugin v21.2 (Yoast SEO v21.2) - https:\/\/yoast.com\/wordpress\/plugins\/seo\/ -->\n<title>Rustikaler matter Keramikbecher mit schwarzem Rand - Gr\u00f8nt Kontor<\/title>\n<meta name=\"robots\" content=\"index, follow, max-snippet:-1, max-image-preview:large, max-video-preview:-1\" \/>\n<link rel=\"canonical\" href=\"https:\/\/grontkontor.dk\/de\/shop\/rustikal-matt-keramikbecher-mit-schwarzem-rand-300ml\/\" \/>\n<meta property=\"og:locale\" content=\"de_DE\" \/>\n<meta property=\"og:type\" content=\"article\" \/>\n<meta property=\"og:title\" content=\"Rustikaler matter Keramikbecher mit schwarzem Rand\" \/>\n<meta property=\"og:description\" content=\"Klimafreundlicher Retro-Becher mit einem sch\u00f6nen rustikalen matten Finish. Sch\u00f6nes Old-School-Design aus umweltfreundlichem Material und ein sch\u00f6nes Werbegeschenk f\u00fcr Messen und Veranstaltungen. Erh\u00e4ltlich in Rot, Gr\u00fcn, Blau, Schwarz und Wei\u00df. Auch mit Druck erh\u00e4ltlich. Geeignet f\u00fcr Geschirrsp\u00fcler und Mikrowelle. Der Becher ist [food-c] Gr\u00f6\u00dfe: 300 ml. [keramik] &nbsp;\" \/>\n<meta property=\"og:url\" content=\"https:\/\/grontkontor.dk\/de\/shop\/rustikal-matt-keramikbecher-mit-schwarzem-rand-300ml\/\" \/>\n<meta property=\"og:site_name\" content=\"Gr\u00f8nt Kontor\" \/>\n<meta property=\"article:publisher\" content=\"https:\/\/www.facebook.com\/grontkontor.dk\/\" \/>\n<meta name=\"twitter:card\" content=\"summary_large_image\" \/>\n<script type=\"application\/ld+json\" class=\"yoast-schema-graph\">{\"@context\":\"https:\/\/schema.org\",\"@graph\":[{\"@type\":\"WebPage\",\"@id\":\"https:\/\/grontkontor.dk\/de\/shop\/rustikal-matt-keramikbecher-mit-schwarzem-rand-300ml\/\",\"url\":\"https:\/\/grontkontor.dk\/de\/shop\/rustikal-matt-keramikbecher-mit-schwarzem-rand-300ml\/\",\"name\":\"Rustikaler matter Keramikbecher mit schwarzem Rand - Gr\u00f8nt Kontor\",\"isPartOf\":{\"@id\":\"https:\/\/grontkontor.dk\/#website\"},\"datePublished\":\"2024-05-29T08:00:49+00:00\",\"dateModified\":\"2024-05-29T08:00:49+00:00\",\"breadcrumb\":{\"@id\":\"https:\/\/grontkontor.dk\/de\/shop\/rustikal-matt-keramikbecher-mit-schwarzem-rand-300ml\/#breadcrumb\"},\"inLanguage\":\"de\",\"potentialAction\":[{\"@type\":\"ReadAction\",\"target\":[\"https:\/\/grontkontor.dk\/de\/shop\/rustikal-matt-keramikbecher-mit-schwarzem-rand-300ml\/\"]}]},{\"@type\":\"BreadcrumbList\",\"@id\":\"https:\/\/grontkontor.dk\/de\/shop\/rustikal-matt-keramikbecher-mit-schwarzem-rand-300ml\/#breadcrumb\",\"itemListElement\":[{\"@type\":\"ListItem\",\"position\":1,\"name\":\"Forside\",\"item\":\"https:\/\/grontkontor.dk\/de\/\"},{\"@type\":\"ListItem\",\"position\":2,\"name\":\"Laden\",\"item\":\"https:\/\/grontkontor.dk\/de\/laden\/\"},{\"@type\":\"ListItem\",\"position\":3,\"name\":\"Mad og drikke\",\"item\":\"https:\/\/grontkontor.dk\/produkt-kategori\/mad-og-drikke\/\"},{\"@type\":\"ListItem\",\"position\":4,\"name\":\"Krus, kopper mm.\",\"item\":\"https:\/\/grontkontor.dk\/produkt-kategori\/mad-og-drikke\/to-go-krus-og-kopper\/\"},{\"@type\":\"ListItem\",\"position\":5,\"name\":\"Rustikaler matter Keramikbecher mit schwarzem Rand\"}]},{\"@type\":\"WebSite\",\"@id\":\"https:\/\/grontkontor.dk\/#website\",\"url\":\"https:\/\/grontkontor.dk\/\",\"name\":\"Gr\u00f8nt Kontor\",\"description\":\"Milj\u00f8venlige produkter til kontor og erhverv med fokus p\u00e5 b\u00e6redygtighed, design og fair trade.\",\"publisher\":{\"@id\":\"https:\/\/grontkontor.dk\/#organization\"},\"potentialAction\":[{\"@type\":\"SearchAction\",\"target\":{\"@type\":\"EntryPoint\",\"urlTemplate\":\"https:\/\/grontkontor.dk\/?s={search_term_string}\"},\"query-input\":\"required name=search_term_string\"}],\"inLanguage\":\"de\"},{\"@type\":\"Organization\",\"@id\":\"https:\/\/grontkontor.dk\/#organization\",\"name\":\"Gr\u00f8nt Kontor\",\"url\":\"https:\/\/grontkontor.dk\/\",\"logo\":{\"@type\":\"ImageObject\",\"inLanguage\":\"de\",\"@id\":\"https:\/\/grontkontor.dk\/#\/schema\/logo\/image\/\",\"url\":\"https:\/\/grontkontor.dk\/wp-content\/uploads\/2014\/02\/Logo_groent_kontor_300x80.png\",\"contentUrl\":\"https:\/\/grontkontor.dk\/wp-content\/uploads\/2014\/02\/Logo_groent_kontor_300x80.png\",\"width\":300,\"height\":80,\"caption\":\"Gr\u00f8nt Kontor\"},\"image\":{\"@id\":\"https:\/\/grontkontor.dk\/#\/schema\/logo\/image\/\"},\"sameAs\":[\"https:\/\/www.facebook.com\/grontkontor.dk\/\"]}]}<\/script>\n<!-- \/ Yoast SEO Premium plugin. -->","yoast_head_json":{"title":"Rustikaler matter Keramikbecher mit schwarzem Rand - Gr\u00f8nt Kontor","robots":{"index":"index","follow":"follow","max-snippet":"max-snippet:-1","max-image-preview":"max-image-preview:large","max-video-preview":"max-video-preview:-1"},"canonical":"https:\/\/grontkontor.dk\/de\/shop\/rustikal-matt-keramikbecher-mit-schwarzem-rand-300ml\/","og_locale":"de_DE","og_type":"article","og_title":"Rustikaler matter Keramikbecher mit schwarzem Rand","og_description":"Klimafreundlicher Retro-Becher mit einem sch\u00f6nen rustikalen matten Finish. Sch\u00f6nes Old-School-Design aus umweltfreundlichem Material und ein sch\u00f6nes Werbegeschenk f\u00fcr Messen und Veranstaltungen. Erh\u00e4ltlich in Rot, Gr\u00fcn, Blau, Schwarz und Wei\u00df. Auch mit Druck erh\u00e4ltlich. Geeignet f\u00fcr Geschirrsp\u00fcler und Mikrowelle. Der Becher ist [food-c] Gr\u00f6\u00dfe: 300 ml. [keramik] &nbsp;","og_url":"https:\/\/grontkontor.dk\/de\/shop\/rustikal-matt-keramikbecher-mit-schwarzem-rand-300ml\/","og_site_name":"Gr\u00f8nt Kontor","article_publisher":"https:\/\/www.facebook.com\/grontkontor.dk\/","twitter_card":"summary_large_image","schema":{"@context":"https:\/\/schema.org","@graph":[{"@type":"WebPage","@id":"https:\/\/grontkontor.dk\/de\/shop\/rustikal-matt-keramikbecher-mit-schwarzem-rand-300ml\/","url":"https:\/\/grontkontor.dk\/de\/shop\/rustikal-matt-keramikbecher-mit-schwarzem-rand-300ml\/","name":"Rustikaler matter Keramikbecher mit schwarzem Rand - Gr\u00f8nt Kontor","isPartOf":{"@id":"https:\/\/grontkontor.dk\/#website"},"datePublished":"2024-05-29T08:00:49+00:00","dateModified":"2024-05-29T08:00:49+00:00","breadcrumb":{"@id":"https:\/\/grontkontor.dk\/de\/shop\/rustikal-matt-keramikbecher-mit-schwarzem-rand-300ml\/#breadcrumb"},"inLanguage":"de","potentialAction":[{"@type":"ReadAction","target":["https:\/\/grontkontor.dk\/de\/shop\/rustikal-matt-keramikbecher-mit-schwarzem-rand-300ml\/"]}]},{"@type":"BreadcrumbList","@id":"https:\/\/grontkontor.dk\/de\/shop\/rustikal-matt-keramikbecher-mit-schwarzem-rand-300ml\/#breadcrumb","itemListElement":[{"@type":"ListItem","position":1,"name":"Forside","item":"https:\/\/grontkontor.dk\/de\/"},{"@type":"ListItem","position":2,"name":"Laden","item":"https:\/\/grontkontor.dk\/de\/laden\/"},{"@type":"ListItem","position":3,"name":"Mad og drikke","item":"https:\/\/grontkontor.dk\/produkt-kategori\/mad-og-drikke\/"},{"@type":"ListItem","position":4,"name":"Krus, kopper mm.","item":"https:\/\/grontkontor.dk\/produkt-kategori\/mad-og-drikke\/to-go-krus-og-kopper\/"},{"@type":"ListItem","position":5,"name":"Rustikaler matter Keramikbecher mit schwarzem Rand"}]},{"@type":"WebSite","@id":"https:\/\/grontkontor.dk\/#website","url":"https:\/\/grontkontor.dk\/","name":"Gr\u00f8nt Kontor","description":"Milj\u00f8venlige produkter til kontor og erhverv med fokus p\u00e5 b\u00e6redygtighed, design og fair trade.","publisher":{"@id":"https:\/\/grontkontor.dk\/#organization"},"potentialAction":[{"@type":"SearchAction","target":{"@type":"EntryPoint","urlTemplate":"https:\/\/grontkontor.dk\/?s={search_term_string}"},"query-input":"required name=search_term_string"}],"inLanguage":"de"},{"@type":"Organization","@id":"https:\/\/grontkontor.dk\/#organization","name":"Gr\u00f8nt Kontor","url":"https:\/\/grontkontor.dk\/","logo":{"@type":"ImageObject","inLanguage":"de","@id":"https:\/\/grontkontor.dk\/#\/schema\/logo\/image\/","url":"https:\/\/grontkontor.dk\/wp-content\/uploads\/2014\/02\/Logo_groent_kontor_300x80.png","contentUrl":"https:\/\/grontkontor.dk\/wp-content\/uploads\/2014\/02\/Logo_groent_kontor_300x80.png","width":300,"height":80,"caption":"Gr\u00f8nt Kontor"},"image":{"@id":"https:\/\/grontkontor.dk\/#\/schema\/logo\/image\/"},"sameAs":["https:\/\/www.facebook.com\/grontkontor.dk\/"]}]}},"_links":{"self":[{"href":"https:\/\/grontkontor.dk\/de\/wp-json\/wp\/v2\/product\/89657"}],"collection":[{"href":"https:\/\/grontkontor.dk\/de\/wp-json\/wp\/v2\/product"}],"about":[{"href":"https:\/\/grontkontor.dk\/de\/wp-json\/wp\/v2\/types\/product"}],"replies":[{"embeddable":true,"href":"https:\/\/grontkontor.dk\/de\/wp-json\/wp\/v2\/comments?post=89657"}],"wp:featuredmedia":[{"embeddable":true,"href":"https:\/\/grontkontor.dk\/de\/wp-json\/wp\/v2\/media\/111852"}],"wp:attachment":[{"href":"https:\/\/grontkontor.dk\/de\/wp-json\/wp\/v2\/media?parent=89657"}],"wp:term":[{"taxonomy":"product_cat","embeddable":true,"href":"https:\/\/grontkontor.dk\/de\/wp-json\/wp\/v2\/product_cat?post=89657"},{"taxonomy":"product_tag","embeddable":true,"href":"https:\/\/grontkontor.dk\/de\/wp-json\/wp\/v2\/product_tag?post=89657"}],"curies":[{"name":"wp","href":"https:\/\/api.w.org\/{rel}","templated":true}]}}

<p>Klimafreundlicher Retro-Becher mit einem schönen rustikalen matten Finish. Schönes Old-School-Design aus umweltfreundlichem Material und ein schönes Werbegeschenk für Messen und Veranstaltungen. Erhältlich in Rot, Grün, Blau, Schwarz und Weiß. Auch mit Druck erhältlich. Geeignet für Geschirrspüler und Mikrowelle.<br />
Der Becher ist  [food-c]<br />
Größe: 300 ml.</p>
<p>[keramik]</p>
<p>&nbsp;</p>

<p>Klimafreundlicher Retro-Becher mit einem schönen rustikalen matten Finish. Schönes Old-School-Design aus umweltfreundlichem Material und ein schönes Werbegeschenk für Messen und Veranstaltungen. Erhältlich in Rot, Grün, Blau, Schwarz und Weiß. Auch mit Druck erhältlich. Geeignet für Geschirrspüler und Mikrowelle. Der Becher ist [food-c] Größe: 300 ml. [keramik] &nbsp;</p>

<!-- This site is optimized with the Yoast SEO Premium plugin v21.2 (Yoast SEO v21.2) - https://yoast.com/wordpress/plugins/seo/ -->
<title>Rustikaler matter Keramikbecher mit schwarzem Rand - Grønt Kontor</title>
<meta name="robots" content="index, follow, max-snippet:-1, max-image-preview:large, max-video-preview:-1" />
<link rel="canonical" href="https://grontkontor.dk/de/shop/rustikal-matt-keramikbecher-mit-schwarzem-rand-300ml/" />
<meta property="og:locale" content="de_DE" />
<meta property="og:type" content="article" />
<meta property="og:title" content="Rustikaler matter Keramikbecher mit schwarzem Rand" />
<meta property="og:description" content="Klimafreundlicher Retro-Becher mit einem schönen rustikalen matten Finish. Schönes Old-School-Design aus umweltfreundlichem Material und ein schönes Werbegeschenk für Messen und Veranstaltungen. Erhältlich in Rot, Grün, Blau, Schwarz und Weiß. Auch mit Druck erhältlich. Geeignet für Geschirrspüler und Mikrowelle. Der Becher ist [food-c] Größe: 300 ml. [keramik] &nbsp;" />
<meta property="og:url" content="https://grontkontor.dk/de/shop/rustikal-matt-keramikbecher-mit-schwarzem-rand-300ml/" />
<meta property="og:site_name" content="Grønt Kontor" />
<meta property="article:publisher" content="https://www.facebook.com/grontkontor.dk/" />
<meta name="twitter:card" content="summary_large_image" />
<script type="application/ld+json" class="yoast-schema-graph">{"@context":"https://schema.org","@graph":[{"@type":"WebPage","@id":"https://grontkontor.dk/de/shop/rustikal-matt-keramikbecher-mit-schwarzem-rand-300ml/","url":"https://grontkontor.dk/de/shop/rustikal-matt-keramikbecher-mit-schwarzem-rand-300ml/","name":"Rustikaler matter Keramikbecher mit schwarzem Rand - Grønt Kontor","isPartOf":{"@id":"https://grontkontor.dk/#website"},"datePublished":"2024-05-29T08:00:49+00:00","dateModified":"2024-05-29T08:00:49+00:00","breadcrumb":{"@id":"https://grontkontor.dk/de/shop/rustikal-matt-keramikbecher-mit-schwarzem-rand-300ml/#breadcrumb"},"inLanguage":"de","potentialAction":[{"@type":"ReadAction","target":["https://grontkontor.dk/de/shop/rustikal-matt-keramikbecher-mit-schwarzem-rand-300ml/"]}]},{"@type":"BreadcrumbList","@id":"https://grontkontor.dk/de/shop/rustikal-matt-keramikbecher-mit-schwarzem-rand-300ml/#breadcrumb","itemListElement":[{"@type":"ListItem","position":1,"name":"Forside","item":"https://grontkontor.dk/de/"},{"@type":"ListItem","position":2,"name":"Laden","item":"https://grontkontor.dk/de/laden/"},{"@type":"ListItem","position":3,"name":"Mad og drikke","item":"https://grontkontor.dk/produkt-kategori/mad-og-drikke/"},{"@type":"ListItem","position":4,"name":"Krus, kopper mm.","item":"https://grontkontor.dk/produkt-kategori/mad-og-drikke/to-go-krus-og-kopper/"},{"@type":"ListItem","position":5,"name":"Rustikaler matter Keramikbecher mit schwarzem Rand"}]},{"@type":"WebSite","@id":"https://grontkontor.dk/#website","url":"https://grontkontor.dk/","name":"Grønt Kontor","description":"Miljøvenlige produkter til kontor og erhverv med fokus på bæredygtighed, design og fair trade.","publisher":{"@id":"https://grontkontor.dk/#organization"},"potentialAction":[{"@type":"SearchAction","target":{"@type":"EntryPoint","urlTemplate":"https://grontkontor.dk/?s={search_term_string}"},"query-input":"required name=search_term_string"}],"inLanguage":"de"},{"@type":"Organization","@id":"https://grontkontor.dk/#organization","name":"Grønt Kontor","url":"https://grontkontor.dk/","logo":{"@type":"ImageObject","inLanguage":"de","@id":"https://grontkontor.dk/#/schema/logo/image/","url":"https://grontkontor.dk/wp-content/uploads/2014/02/Logo_groent_kontor_300x80.png","contentUrl":"https://grontkontor.dk/wp-content/uploads/2014/02/Logo_groent_kontor_300x80.png","width":300,"height":80,"caption":"Grønt Kontor"},"image":{"@id":"https://grontkontor.dk/#/schema/logo/image/"},"sameAs":["https://www.facebook.com/grontkontor.dk/"]}]}</script>
<!-- / Yoast SEO Premium plugin. -->

Rustikaler matter Keramikbecher mit schwarzem Rand - Grønt Kontor

Klimafreundlicher Retro-Becher mit einem schönen rustikalen matten Finish. Schönes Old-School-Design aus umweltfreundlichem Material und ein schönes Werbegeschenk für Messen und Veranstaltungen. Erhältlich in Rot, Grün, Blau, Schwarz und Weiß. Auch mit Druck erhältlich. Geeignet für Geschirrspüler und Mikrowelle. Der Becher ist [food-c] Größe: 300 ml. [keramik] &nbsp;

Grønt Kontor

Miljøvenlige produkter til kontor og erhverv med fokus på bæredygtighed, design og fair trade.
