{"id":89925,"date":"2023-09-22T13:12:13","date_gmt":"2024-05-29T09:02:36","guid":{"rendered":"https:\/\/grontkontor.dk\/shop\/druck-von-bechern-aus-recyceltem-kunststoff\/"},"modified":"2024-05-29T11:02:36","modified_gmt":"2024-05-29T09:02:36","slug":"druck-von-bechern-aus-recyceltem-kunststoff","status":"publish","type":"product","link":"https:\/\/grontkontor.dk\/de\/shop\/druck-von-bechern-aus-recyceltem-kunststoff\/","title":{"rendered":"Becher aus recyceltem Kunststoff ohne Aufdruck"},"content":{"rendered":"<p>Bruchsicherer, robuster, leichter Becher aus 100% recycelten Materialien aus recyceltem SAN-Kunststoff. Ein wirklich sch\u00f6nes Produkt f\u00fcr Trekking- und Campingausfl\u00fcge und andere Kontexte, in denen Robustheit ein Muss ist<br \/>\nGeeignet f\u00fcr Geschirrsp\u00fcler und Mikrowellen, jedoch kann jeder Druck durch wiederholtes Waschen beeintr\u00e4chtigt werden. Der Becher ist nicht nur recycelt, sondern auch zu 100% recycelbar.<br \/>\nDer Becher ist  [food-c]<\/p>\n<p>Inhalt: 275ml. Hergestellt in Europa.<\/p>\n<img loading=\"lazy\" decoding=\"async\" class=\"size-medium wp-image-21008\" src=\"https:\/\/grontkontor.dk\/wp-content\/uploads\/2020\/11\/eu-flag_1-300x199.jpg\" alt=\"Fremstillet i EU\" width=\"76\" height=\"50\" srcset=\"https:\/\/grontkontor.dk\/wp-content\/uploads\/2020\/11\/eu-flag_1-300x199.jpg 300w, https:\/\/grontkontor.dk\/wp-content\/uploads\/2020\/11\/eu-flag_1.jpg 530w\" sizes=\"(max-width: 76px) 100vw, 76px\" \/>\n","protected":false},"excerpt":{"rendered":"<p>Bruchsicherer, robuster, leichter Becher aus 100% recycelten Materialien aus recyceltem SAN-Kunststoff. Ein wirklich sch\u00f6nes Produkt f\u00fcr Trekking- und Campingausfl\u00fcge und andere Kontexte, in denen Robustheit ein Muss ist Geeignet f\u00fcr Geschirrsp\u00fcler und Mikrowellen, jedoch kann jeder Druck durch wiederholtes Waschen beeintr\u00e4chtigt werden. Der Becher ist nicht nur recycelt, sondern auch zu 100% recycelbar. Der Becher [&hellip;]<\/p>\n","protected":false},"featured_media":111444,"comment_status":"closed","ping_status":"closed","template":"","meta":{"_acf_changed":false},"product_cat":[4489,3465,3517,3339],"product_tag":[3663,3831,3851],"class_list":{"0":"post-89925","1":"product","2":"type-product","3":"status-publish","4":"has-post-thumbnail","6":"product_cat-becher-und-tassen","7":"product_cat-becher-tassen-etc","8":"product_cat-dummy-moq-50-100-de","9":"product_cat-essen-und-trinken","10":"product_tag-becher","11":"product_tag-kaffeetassen","12":"product_tag-teebecher","13":"tm-has-options","15":"first","16":"instock","17":"taxable","18":"shipping-taxable","19":"purchasable","20":"product-type-simple"},"acf":[],"yoast_head":"<!-- This site is optimized with the Yoast SEO Premium plugin v21.2 (Yoast SEO v21.2) - https:\/\/yoast.com\/wordpress\/plugins\/seo\/ -->\n<title>Becher aus recyceltem Kunststoff ohne Aufdruck - Gr\u00f8nt Kontor<\/title>\n<meta name=\"robots\" content=\"index, follow, max-snippet:-1, max-image-preview:large, max-video-preview:-1\" \/>\n<link rel=\"canonical\" href=\"https:\/\/grontkontor.dk\/de\/shop\/druck-von-bechern-aus-recyceltem-kunststoff\/\" \/>\n<meta property=\"og:locale\" content=\"de_DE\" \/>\n<meta property=\"og:type\" content=\"article\" \/>\n<meta property=\"og:title\" content=\"Becher aus recyceltem Kunststoff ohne Aufdruck\" \/>\n<meta property=\"og:description\" content=\"Bruchsicherer, robuster, leichter Becher aus 100% recycelten Materialien aus recyceltem SAN-Kunststoff. Ein wirklich sch\u00f6nes Produkt f\u00fcr Trekking- und Campingausfl\u00fcge und andere Kontexte, in denen Robustheit ein Muss ist Geeignet f\u00fcr Geschirrsp\u00fcler und Mikrowellen, jedoch kann jeder Druck durch wiederholtes Waschen beeintr\u00e4chtigt werden. Der Becher ist nicht nur recycelt, sondern auch zu 100% recycelbar. Der Becher [&hellip;]\" \/>\n<meta property=\"og:url\" content=\"https:\/\/grontkontor.dk\/de\/shop\/druck-von-bechern-aus-recyceltem-kunststoff\/\" \/>\n<meta property=\"og:site_name\" content=\"Gr\u00f8nt Kontor\" \/>\n<meta property=\"article:publisher\" content=\"https:\/\/www.facebook.com\/grontkontor.dk\/\" \/>\n<meta name=\"twitter:card\" content=\"summary_large_image\" \/>\n<script type=\"application\/ld+json\" class=\"yoast-schema-graph\">{\"@context\":\"https:\/\/schema.org\",\"@graph\":[{\"@type\":\"WebPage\",\"@id\":\"https:\/\/grontkontor.dk\/de\/shop\/druck-von-bechern-aus-recyceltem-kunststoff\/\",\"url\":\"https:\/\/grontkontor.dk\/de\/shop\/druck-von-bechern-aus-recyceltem-kunststoff\/\",\"name\":\"Becher aus recyceltem Kunststoff ohne Aufdruck - Gr\u00f8nt Kontor\",\"isPartOf\":{\"@id\":\"https:\/\/grontkontor.dk\/#website\"},\"datePublished\":\"2024-05-29T09:02:36+00:00\",\"dateModified\":\"2024-05-29T09:02:36+00:00\",\"breadcrumb\":{\"@id\":\"https:\/\/grontkontor.dk\/de\/shop\/druck-von-bechern-aus-recyceltem-kunststoff\/#breadcrumb\"},\"inLanguage\":\"de\",\"potentialAction\":[{\"@type\":\"ReadAction\",\"target\":[\"https:\/\/grontkontor.dk\/de\/shop\/druck-von-bechern-aus-recyceltem-kunststoff\/\"]}]},{\"@type\":\"BreadcrumbList\",\"@id\":\"https:\/\/grontkontor.dk\/de\/shop\/druck-von-bechern-aus-recyceltem-kunststoff\/#breadcrumb\",\"itemListElement\":[{\"@type\":\"ListItem\",\"position\":1,\"name\":\"Forside\",\"item\":\"https:\/\/grontkontor.dk\/de\/\"},{\"@type\":\"ListItem\",\"position\":2,\"name\":\"Laden\",\"item\":\"https:\/\/grontkontor.dk\/de\/laden\/\"},{\"@type\":\"ListItem\",\"position\":3,\"name\":\"Essen und Trinken\",\"item\":\"https:\/\/grontkontor.dk\/de\/produkt-kategori\/essen-und-trinken\/\"},{\"@type\":\"ListItem\",\"position\":4,\"name\":\"Becher, Tassen etc.\",\"item\":\"https:\/\/grontkontor.dk\/de\/produkt-kategori\/essen-und-trinken\/becher-tassen-etc\/\"},{\"@type\":\"ListItem\",\"position\":5,\"name\":\"Becher aus recyceltem Kunststoff ohne Aufdruck\"}]},{\"@type\":\"WebSite\",\"@id\":\"https:\/\/grontkontor.dk\/#website\",\"url\":\"https:\/\/grontkontor.dk\/\",\"name\":\"Gr\u00f8nt Kontor\",\"description\":\"Milj\u00f8venlige produkter til kontor og erhverv med fokus p\u00e5 b\u00e6redygtighed, design og fair trade.\",\"publisher\":{\"@id\":\"https:\/\/grontkontor.dk\/#organization\"},\"potentialAction\":[{\"@type\":\"SearchAction\",\"target\":{\"@type\":\"EntryPoint\",\"urlTemplate\":\"https:\/\/grontkontor.dk\/?s={search_term_string}\"},\"query-input\":\"required name=search_term_string\"}],\"inLanguage\":\"de\"},{\"@type\":\"Organization\",\"@id\":\"https:\/\/grontkontor.dk\/#organization\",\"name\":\"Gr\u00f8nt Kontor\",\"url\":\"https:\/\/grontkontor.dk\/\",\"logo\":{\"@type\":\"ImageObject\",\"inLanguage\":\"de\",\"@id\":\"https:\/\/grontkontor.dk\/#\/schema\/logo\/image\/\",\"url\":\"https:\/\/grontkontor.dk\/wp-content\/uploads\/2014\/02\/Logo_groent_kontor_300x80.png\",\"contentUrl\":\"https:\/\/grontkontor.dk\/wp-content\/uploads\/2014\/02\/Logo_groent_kontor_300x80.png\",\"width\":300,\"height\":80,\"caption\":\"Gr\u00f8nt Kontor\"},\"image\":{\"@id\":\"https:\/\/grontkontor.dk\/#\/schema\/logo\/image\/\"},\"sameAs\":[\"https:\/\/www.facebook.com\/grontkontor.dk\/\"]}]}<\/script>\n<!-- \/ Yoast SEO Premium plugin. -->","yoast_head_json":{"title":"Becher aus recyceltem Kunststoff ohne Aufdruck - Gr\u00f8nt Kontor","robots":{"index":"index","follow":"follow","max-snippet":"max-snippet:-1","max-image-preview":"max-image-preview:large","max-video-preview":"max-video-preview:-1"},"canonical":"https:\/\/grontkontor.dk\/de\/shop\/druck-von-bechern-aus-recyceltem-kunststoff\/","og_locale":"de_DE","og_type":"article","og_title":"Becher aus recyceltem Kunststoff ohne Aufdruck","og_description":"Bruchsicherer, robuster, leichter Becher aus 100% recycelten Materialien aus recyceltem SAN-Kunststoff. Ein wirklich sch\u00f6nes Produkt f\u00fcr Trekking- und Campingausfl\u00fcge und andere Kontexte, in denen Robustheit ein Muss ist Geeignet f\u00fcr Geschirrsp\u00fcler und Mikrowellen, jedoch kann jeder Druck durch wiederholtes Waschen beeintr\u00e4chtigt werden. Der Becher ist nicht nur recycelt, sondern auch zu 100% recycelbar. Der Becher [&hellip;]","og_url":"https:\/\/grontkontor.dk\/de\/shop\/druck-von-bechern-aus-recyceltem-kunststoff\/","og_site_name":"Gr\u00f8nt Kontor","article_publisher":"https:\/\/www.facebook.com\/grontkontor.dk\/","twitter_card":"summary_large_image","schema":{"@context":"https:\/\/schema.org","@graph":[{"@type":"WebPage","@id":"https:\/\/grontkontor.dk\/de\/shop\/druck-von-bechern-aus-recyceltem-kunststoff\/","url":"https:\/\/grontkontor.dk\/de\/shop\/druck-von-bechern-aus-recyceltem-kunststoff\/","name":"Becher aus recyceltem Kunststoff ohne Aufdruck - Gr\u00f8nt Kontor","isPartOf":{"@id":"https:\/\/grontkontor.dk\/#website"},"datePublished":"2024-05-29T09:02:36+00:00","dateModified":"2024-05-29T09:02:36+00:00","breadcrumb":{"@id":"https:\/\/grontkontor.dk\/de\/shop\/druck-von-bechern-aus-recyceltem-kunststoff\/#breadcrumb"},"inLanguage":"de","potentialAction":[{"@type":"ReadAction","target":["https:\/\/grontkontor.dk\/de\/shop\/druck-von-bechern-aus-recyceltem-kunststoff\/"]}]},{"@type":"BreadcrumbList","@id":"https:\/\/grontkontor.dk\/de\/shop\/druck-von-bechern-aus-recyceltem-kunststoff\/#breadcrumb","itemListElement":[{"@type":"ListItem","position":1,"name":"Forside","item":"https:\/\/grontkontor.dk\/de\/"},{"@type":"ListItem","position":2,"name":"Laden","item":"https:\/\/grontkontor.dk\/de\/laden\/"},{"@type":"ListItem","position":3,"name":"Essen und Trinken","item":"https:\/\/grontkontor.dk\/de\/produkt-kategori\/essen-und-trinken\/"},{"@type":"ListItem","position":4,"name":"Becher, Tassen etc.","item":"https:\/\/grontkontor.dk\/de\/produkt-kategori\/essen-und-trinken\/becher-tassen-etc\/"},{"@type":"ListItem","position":5,"name":"Becher aus recyceltem Kunststoff ohne Aufdruck"}]},{"@type":"WebSite","@id":"https:\/\/grontkontor.dk\/#website","url":"https:\/\/grontkontor.dk\/","name":"Gr\u00f8nt Kontor","description":"Milj\u00f8venlige produkter til kontor og erhverv med fokus p\u00e5 b\u00e6redygtighed, design og fair trade.","publisher":{"@id":"https:\/\/grontkontor.dk\/#organization"},"potentialAction":[{"@type":"SearchAction","target":{"@type":"EntryPoint","urlTemplate":"https:\/\/grontkontor.dk\/?s={search_term_string}"},"query-input":"required name=search_term_string"}],"inLanguage":"de"},{"@type":"Organization","@id":"https:\/\/grontkontor.dk\/#organization","name":"Gr\u00f8nt Kontor","url":"https:\/\/grontkontor.dk\/","logo":{"@type":"ImageObject","inLanguage":"de","@id":"https:\/\/grontkontor.dk\/#\/schema\/logo\/image\/","url":"https:\/\/grontkontor.dk\/wp-content\/uploads\/2014\/02\/Logo_groent_kontor_300x80.png","contentUrl":"https:\/\/grontkontor.dk\/wp-content\/uploads\/2014\/02\/Logo_groent_kontor_300x80.png","width":300,"height":80,"caption":"Gr\u00f8nt Kontor"},"image":{"@id":"https:\/\/grontkontor.dk\/#\/schema\/logo\/image\/"},"sameAs":["https:\/\/www.facebook.com\/grontkontor.dk\/"]}]}},"_links":{"self":[{"href":"https:\/\/grontkontor.dk\/de\/wp-json\/wp\/v2\/product\/89925"}],"collection":[{"href":"https:\/\/grontkontor.dk\/de\/wp-json\/wp\/v2\/product"}],"about":[{"href":"https:\/\/grontkontor.dk\/de\/wp-json\/wp\/v2\/types\/product"}],"replies":[{"embeddable":true,"href":"https:\/\/grontkontor.dk\/de\/wp-json\/wp\/v2\/comments?post=89925"}],"wp:featuredmedia":[{"embeddable":true,"href":"https:\/\/grontkontor.dk\/de\/wp-json\/wp\/v2\/media\/111444"}],"wp:attachment":[{"href":"https:\/\/grontkontor.dk\/de\/wp-json\/wp\/v2\/media?parent=89925"}],"wp:term":[{"taxonomy":"product_cat","embeddable":true,"href":"https:\/\/grontkontor.dk\/de\/wp-json\/wp\/v2\/product_cat?post=89925"},{"taxonomy":"product_tag","embeddable":true,"href":"https:\/\/grontkontor.dk\/de\/wp-json\/wp\/v2\/product_tag?post=89925"}],"curies":[{"name":"wp","href":"https:\/\/api.w.org\/{rel}","templated":true}]}}

<p>Bruchsicherer, robuster, leichter Becher aus 100% recycelten Materialien aus recyceltem SAN-Kunststoff. Ein wirklich schönes Produkt für Trekking- und Campingausflüge und andere Kontexte, in denen Robustheit ein Muss ist<br />
Geeignet für Geschirrspüler und Mikrowellen, jedoch kann jeder Druck durch wiederholtes Waschen beeinträchtigt werden. Der Becher ist nicht nur recycelt, sondern auch zu 100% recycelbar.<br />
Der Becher ist  [food-c]</p>
<p>Inhalt: 275ml. Hergestellt in Europa.</p>
<img loading="lazy" decoding="async" class="size-medium wp-image-21008" src="https://grontkontor.dk/wp-content/uploads/2020/11/eu-flag_1-300x199.jpg" alt="Fremstillet i EU" width="76" height="50" srcset="https://grontkontor.dk/wp-content/uploads/2020/11/eu-flag_1-300x199.jpg 300w, https://grontkontor.dk/wp-content/uploads/2020/11/eu-flag_1.jpg 530w" sizes="(max-width: 76px) 100vw, 76px" />

<p>Bruchsicherer, robuster, leichter Becher aus 100% recycelten Materialien aus recyceltem SAN-Kunststoff. Ein wirklich schönes Produkt für Trekking- und Campingausflüge und andere Kontexte, in denen Robustheit ein Muss ist Geeignet für Geschirrspüler und Mikrowellen, jedoch kann jeder Druck durch wiederholtes Waschen beeinträchtigt werden. Der Becher ist nicht nur recycelt, sondern auch zu 100% recycelbar. Der Becher [&hellip;]</p>

<!-- This site is optimized with the Yoast SEO Premium plugin v21.2 (Yoast SEO v21.2) - https://yoast.com/wordpress/plugins/seo/ -->
<title>Becher aus recyceltem Kunststoff ohne Aufdruck - Grønt Kontor</title>
<meta name="robots" content="index, follow, max-snippet:-1, max-image-preview:large, max-video-preview:-1" />
<link rel="canonical" href="https://grontkontor.dk/de/shop/druck-von-bechern-aus-recyceltem-kunststoff/" />
<meta property="og:locale" content="de_DE" />
<meta property="og:type" content="article" />
<meta property="og:title" content="Becher aus recyceltem Kunststoff ohne Aufdruck" />
<meta property="og:description" content="Bruchsicherer, robuster, leichter Becher aus 100% recycelten Materialien aus recyceltem SAN-Kunststoff. Ein wirklich schönes Produkt für Trekking- und Campingausflüge und andere Kontexte, in denen Robustheit ein Muss ist Geeignet für Geschirrspüler und Mikrowellen, jedoch kann jeder Druck durch wiederholtes Waschen beeinträchtigt werden. Der Becher ist nicht nur recycelt, sondern auch zu 100% recycelbar. Der Becher [&hellip;]" />
<meta property="og:url" content="https://grontkontor.dk/de/shop/druck-von-bechern-aus-recyceltem-kunststoff/" />
<meta property="og:site_name" content="Grønt Kontor" />
<meta property="article:publisher" content="https://www.facebook.com/grontkontor.dk/" />
<meta name="twitter:card" content="summary_large_image" />
<script type="application/ld+json" class="yoast-schema-graph">{"@context":"https://schema.org","@graph":[{"@type":"WebPage","@id":"https://grontkontor.dk/de/shop/druck-von-bechern-aus-recyceltem-kunststoff/","url":"https://grontkontor.dk/de/shop/druck-von-bechern-aus-recyceltem-kunststoff/","name":"Becher aus recyceltem Kunststoff ohne Aufdruck - Grønt Kontor","isPartOf":{"@id":"https://grontkontor.dk/#website"},"datePublished":"2024-05-29T09:02:36+00:00","dateModified":"2024-05-29T09:02:36+00:00","breadcrumb":{"@id":"https://grontkontor.dk/de/shop/druck-von-bechern-aus-recyceltem-kunststoff/#breadcrumb"},"inLanguage":"de","potentialAction":[{"@type":"ReadAction","target":["https://grontkontor.dk/de/shop/druck-von-bechern-aus-recyceltem-kunststoff/"]}]},{"@type":"BreadcrumbList","@id":"https://grontkontor.dk/de/shop/druck-von-bechern-aus-recyceltem-kunststoff/#breadcrumb","itemListElement":[{"@type":"ListItem","position":1,"name":"Forside","item":"https://grontkontor.dk/de/"},{"@type":"ListItem","position":2,"name":"Laden","item":"https://grontkontor.dk/de/laden/"},{"@type":"ListItem","position":3,"name":"Essen und Trinken","item":"https://grontkontor.dk/de/produkt-kategori/essen-und-trinken/"},{"@type":"ListItem","position":4,"name":"Becher, Tassen etc.","item":"https://grontkontor.dk/de/produkt-kategori/essen-und-trinken/becher-tassen-etc/"},{"@type":"ListItem","position":5,"name":"Becher aus recyceltem Kunststoff ohne Aufdruck"}]},{"@type":"WebSite","@id":"https://grontkontor.dk/#website","url":"https://grontkontor.dk/","name":"Grønt Kontor","description":"Miljøvenlige produkter til kontor og erhverv med fokus på bæredygtighed, design og fair trade.","publisher":{"@id":"https://grontkontor.dk/#organization"},"potentialAction":[{"@type":"SearchAction","target":{"@type":"EntryPoint","urlTemplate":"https://grontkontor.dk/?s={search_term_string}"},"query-input":"required name=search_term_string"}],"inLanguage":"de"},{"@type":"Organization","@id":"https://grontkontor.dk/#organization","name":"Grønt Kontor","url":"https://grontkontor.dk/","logo":{"@type":"ImageObject","inLanguage":"de","@id":"https://grontkontor.dk/#/schema/logo/image/","url":"https://grontkontor.dk/wp-content/uploads/2014/02/Logo_groent_kontor_300x80.png","contentUrl":"https://grontkontor.dk/wp-content/uploads/2014/02/Logo_groent_kontor_300x80.png","width":300,"height":80,"caption":"Grønt Kontor"},"image":{"@id":"https://grontkontor.dk/#/schema/logo/image/"},"sameAs":["https://www.facebook.com/grontkontor.dk/"]}]}</script>
<!-- / Yoast SEO Premium plugin. -->

Becher aus recyceltem Kunststoff ohne Aufdruck - Grønt Kontor

Bruchsicherer, robuster, leichter Becher aus 100% recycelten Materialien aus recyceltem SAN-Kunststoff. Ein wirklich schönes Produkt für Trekking- und Campingausflüge und andere Kontexte, in denen Robustheit ein Muss ist Geeignet für Geschirrspüler und Mikrowellen, jedoch kann jeder Druck durch wiederholtes Waschen beeinträchtigt werden. Der Becher ist nicht nur recycelt, sondern auch zu 100% recycelbar. Der Becher [&hellip;]

Grønt Kontor

Miljøvenlige produkter til kontor og erhverv med fokus på bæredygtighed, design og fair trade.
