{"id":90144,"date":"2023-09-22T13:11:15","date_gmt":"2024-05-29T09:04:32","guid":{"rendered":"https:\/\/grontkontor.dk\/shop\/notizbuch-a5-kork-hardcover\/"},"modified":"2024-05-29T11:04:32","modified_gmt":"2024-05-29T09:04:32","slug":"notizbuch-a5-kork-hardcover","status":"publish","type":"product","link":"https:\/\/grontkontor.dk\/de\/shop\/notizbuch-a5-kork-hardcover\/","title":{"rendered":"Notizbuch A5 in Kork Hardcover"},"content":{"rendered":"<p>Umweltfreundliches A5-Notizbuch mit Hardcover aus Kork und schwarzem elastischem Verschluss.<\/p>\n<p>Das Notizbuch hat 160 linierte Seiten und ein Lesezeichen aus schwarzem Stoff.<\/p>\n<p>Ein klima- und umweltfreundliches Produkt, perfekt als Handout f\u00fcr z.B. Messen, Events oder Konferenzen und Bildungskontexte.<\/p>\n<p>[kork]<\/p>\n<p>&nbsp;<\/p>\n","protected":false},"excerpt":{"rendered":"<p>Umweltfreundliches A5-Notizbuch mit Hardcover aus Kork und schwarzem elastischem Verschluss. Das Notizbuch hat 160 linierte Seiten und ein Lesezeichen aus schwarzem Stoff. Ein klima- und umweltfreundliches Produkt, perfekt als Handout f\u00fcr z.B. Messen, Events oder Konferenzen und Bildungskontexte. [kork] &nbsp;<\/p>\n","protected":false},"featured_media":111328,"comment_status":"closed","ping_status":"closed","template":"","meta":{"_acf_changed":false},"product_cat":[3325,3321,3606,3604],"product_tag":[3864,3729,3608,3862],"class_list":{"0":"post-90144","1":"product","2":"type-product","3":"status-publish","4":"has-post-thumbnail","6":"product_cat-dummy-moq-1-de","7":"product_cat-klimafreundliche-werbegeschenke","8":"product_cat-notizbuecher","9":"product_cat-papier-und-bloecke","10":"product_tag-notizblock-de","11":"product_tag-notizblock","12":"product_tag-notizbuch","13":"product_tag-notizbuecher","14":"pa_farve-braun-de","15":"pa_farve-kastanienbraun","16":"pa_farve-mischen","17":"pa_farve-natur-de","18":"tm-has-options","20":"first","21":"instock","22":"sale","23":"taxable","24":"shipping-taxable","25":"purchasable","26":"product-type-simple"},"acf":[],"yoast_head":"<!-- This site is optimized with the Yoast SEO Premium plugin v21.2 (Yoast SEO v21.2) - https:\/\/yoast.com\/wordpress\/plugins\/seo\/ -->\n<title>Notizbuch A5 in Kork Hardcover - Gr\u00f8nt Kontor<\/title>\n<meta name=\"robots\" content=\"index, follow, max-snippet:-1, max-image-preview:large, max-video-preview:-1\" \/>\n<link rel=\"canonical\" href=\"https:\/\/grontkontor.dk\/de\/shop\/notizbuch-a5-kork-hardcover\/\" \/>\n<meta property=\"og:locale\" content=\"de_DE\" \/>\n<meta property=\"og:type\" content=\"article\" \/>\n<meta property=\"og:title\" content=\"Notizbuch A5 in Kork Hardcover\" \/>\n<meta property=\"og:description\" content=\"Umweltfreundliches A5-Notizbuch mit Hardcover aus Kork und schwarzem elastischem Verschluss. Das Notizbuch hat 160 linierte Seiten und ein Lesezeichen aus schwarzem Stoff. Ein klima- und umweltfreundliches Produkt, perfekt als Handout f\u00fcr z.B. Messen, Events oder Konferenzen und Bildungskontexte. [kork] &nbsp;\" \/>\n<meta property=\"og:url\" content=\"https:\/\/grontkontor.dk\/de\/shop\/notizbuch-a5-kork-hardcover\/\" \/>\n<meta property=\"og:site_name\" content=\"Gr\u00f8nt Kontor\" \/>\n<meta property=\"article:publisher\" content=\"https:\/\/www.facebook.com\/grontkontor.dk\/\" \/>\n<meta property=\"og:image\" content=\"https:\/\/grontkontor.dk\/wp-content\/uploads\/2020\/04\/notesbog-kork-a5-hardcover-01.jpg\" \/>\n\t<meta property=\"og:image:width\" content=\"800\" \/>\n\t<meta property=\"og:image:height\" content=\"568\" \/>\n\t<meta property=\"og:image:type\" content=\"image\/jpeg\" \/>\n<meta name=\"twitter:card\" content=\"summary_large_image\" \/>\n<script type=\"application\/ld+json\" class=\"yoast-schema-graph\">{\"@context\":\"https:\/\/schema.org\",\"@graph\":[{\"@type\":\"WebPage\",\"@id\":\"https:\/\/grontkontor.dk\/de\/shop\/notizbuch-a5-kork-hardcover\/\",\"url\":\"https:\/\/grontkontor.dk\/de\/shop\/notizbuch-a5-kork-hardcover\/\",\"name\":\"Notizbuch A5 in Kork Hardcover - Gr\u00f8nt Kontor\",\"isPartOf\":{\"@id\":\"https:\/\/grontkontor.dk\/#website\"},\"datePublished\":\"2024-05-29T09:04:32+00:00\",\"dateModified\":\"2024-05-29T09:04:32+00:00\",\"breadcrumb\":{\"@id\":\"https:\/\/grontkontor.dk\/de\/shop\/notizbuch-a5-kork-hardcover\/#breadcrumb\"},\"inLanguage\":\"de\",\"potentialAction\":[{\"@type\":\"ReadAction\",\"target\":[\"https:\/\/grontkontor.dk\/de\/shop\/notizbuch-a5-kork-hardcover\/\"]}]},{\"@type\":\"BreadcrumbList\",\"@id\":\"https:\/\/grontkontor.dk\/de\/shop\/notizbuch-a5-kork-hardcover\/#breadcrumb\",\"itemListElement\":[{\"@type\":\"ListItem\",\"position\":1,\"name\":\"Forside\",\"item\":\"https:\/\/grontkontor.dk\/de\/\"},{\"@type\":\"ListItem\",\"position\":2,\"name\":\"Laden\",\"item\":\"https:\/\/grontkontor.dk\/de\/laden\/\"},{\"@type\":\"ListItem\",\"position\":3,\"name\":\"Papier und Bl\u00f6cke\",\"item\":\"https:\/\/grontkontor.dk\/de\/produkt-kategori\/papier-und-bloecke\/\"},{\"@type\":\"ListItem\",\"position\":4,\"name\":\"Notizb\u00fccher\",\"item\":\"https:\/\/grontkontor.dk\/de\/produkt-kategori\/papier-und-bloecke\/notizbuecher\/\"},{\"@type\":\"ListItem\",\"position\":5,\"name\":\"Notizbuch A5 in Kork Hardcover\"}]},{\"@type\":\"WebSite\",\"@id\":\"https:\/\/grontkontor.dk\/#website\",\"url\":\"https:\/\/grontkontor.dk\/\",\"name\":\"Gr\u00f8nt Kontor\",\"description\":\"Milj\u00f8venlige produkter til kontor og erhverv med fokus p\u00e5 b\u00e6redygtighed, design og fair trade.\",\"publisher\":{\"@id\":\"https:\/\/grontkontor.dk\/#organization\"},\"potentialAction\":[{\"@type\":\"SearchAction\",\"target\":{\"@type\":\"EntryPoint\",\"urlTemplate\":\"https:\/\/grontkontor.dk\/?s={search_term_string}\"},\"query-input\":\"required name=search_term_string\"}],\"inLanguage\":\"de\"},{\"@type\":\"Organization\",\"@id\":\"https:\/\/grontkontor.dk\/#organization\",\"name\":\"Gr\u00f8nt Kontor\",\"url\":\"https:\/\/grontkontor.dk\/\",\"logo\":{\"@type\":\"ImageObject\",\"inLanguage\":\"de\",\"@id\":\"https:\/\/grontkontor.dk\/#\/schema\/logo\/image\/\",\"url\":\"https:\/\/grontkontor.dk\/wp-content\/uploads\/2014\/02\/Logo_groent_kontor_300x80.png\",\"contentUrl\":\"https:\/\/grontkontor.dk\/wp-content\/uploads\/2014\/02\/Logo_groent_kontor_300x80.png\",\"width\":300,\"height\":80,\"caption\":\"Gr\u00f8nt Kontor\"},\"image\":{\"@id\":\"https:\/\/grontkontor.dk\/#\/schema\/logo\/image\/\"},\"sameAs\":[\"https:\/\/www.facebook.com\/grontkontor.dk\/\"]}]}<\/script>\n<!-- \/ Yoast SEO Premium plugin. -->","yoast_head_json":{"title":"Notizbuch A5 in Kork Hardcover - Gr\u00f8nt Kontor","robots":{"index":"index","follow":"follow","max-snippet":"max-snippet:-1","max-image-preview":"max-image-preview:large","max-video-preview":"max-video-preview:-1"},"canonical":"https:\/\/grontkontor.dk\/de\/shop\/notizbuch-a5-kork-hardcover\/","og_locale":"de_DE","og_type":"article","og_title":"Notizbuch A5 in Kork Hardcover","og_description":"Umweltfreundliches A5-Notizbuch mit Hardcover aus Kork und schwarzem elastischem Verschluss. Das Notizbuch hat 160 linierte Seiten und ein Lesezeichen aus schwarzem Stoff. Ein klima- und umweltfreundliches Produkt, perfekt als Handout f\u00fcr z.B. Messen, Events oder Konferenzen und Bildungskontexte. [kork] &nbsp;","og_url":"https:\/\/grontkontor.dk\/de\/shop\/notizbuch-a5-kork-hardcover\/","og_site_name":"Gr\u00f8nt Kontor","article_publisher":"https:\/\/www.facebook.com\/grontkontor.dk\/","og_image":[{"width":800,"height":568,"url":"https:\/\/grontkontor.dk\/wp-content\/uploads\/2020\/04\/notesbog-kork-a5-hardcover-01.jpg","type":"image\/jpeg"}],"twitter_card":"summary_large_image","schema":{"@context":"https:\/\/schema.org","@graph":[{"@type":"WebPage","@id":"https:\/\/grontkontor.dk\/de\/shop\/notizbuch-a5-kork-hardcover\/","url":"https:\/\/grontkontor.dk\/de\/shop\/notizbuch-a5-kork-hardcover\/","name":"Notizbuch A5 in Kork Hardcover - Gr\u00f8nt Kontor","isPartOf":{"@id":"https:\/\/grontkontor.dk\/#website"},"datePublished":"2024-05-29T09:04:32+00:00","dateModified":"2024-05-29T09:04:32+00:00","breadcrumb":{"@id":"https:\/\/grontkontor.dk\/de\/shop\/notizbuch-a5-kork-hardcover\/#breadcrumb"},"inLanguage":"de","potentialAction":[{"@type":"ReadAction","target":["https:\/\/grontkontor.dk\/de\/shop\/notizbuch-a5-kork-hardcover\/"]}]},{"@type":"BreadcrumbList","@id":"https:\/\/grontkontor.dk\/de\/shop\/notizbuch-a5-kork-hardcover\/#breadcrumb","itemListElement":[{"@type":"ListItem","position":1,"name":"Forside","item":"https:\/\/grontkontor.dk\/de\/"},{"@type":"ListItem","position":2,"name":"Laden","item":"https:\/\/grontkontor.dk\/de\/laden\/"},{"@type":"ListItem","position":3,"name":"Papier und Bl\u00f6cke","item":"https:\/\/grontkontor.dk\/de\/produkt-kategori\/papier-und-bloecke\/"},{"@type":"ListItem","position":4,"name":"Notizb\u00fccher","item":"https:\/\/grontkontor.dk\/de\/produkt-kategori\/papier-und-bloecke\/notizbuecher\/"},{"@type":"ListItem","position":5,"name":"Notizbuch A5 in Kork Hardcover"}]},{"@type":"WebSite","@id":"https:\/\/grontkontor.dk\/#website","url":"https:\/\/grontkontor.dk\/","name":"Gr\u00f8nt Kontor","description":"Milj\u00f8venlige produkter til kontor og erhverv med fokus p\u00e5 b\u00e6redygtighed, design og fair trade.","publisher":{"@id":"https:\/\/grontkontor.dk\/#organization"},"potentialAction":[{"@type":"SearchAction","target":{"@type":"EntryPoint","urlTemplate":"https:\/\/grontkontor.dk\/?s={search_term_string}"},"query-input":"required name=search_term_string"}],"inLanguage":"de"},{"@type":"Organization","@id":"https:\/\/grontkontor.dk\/#organization","name":"Gr\u00f8nt Kontor","url":"https:\/\/grontkontor.dk\/","logo":{"@type":"ImageObject","inLanguage":"de","@id":"https:\/\/grontkontor.dk\/#\/schema\/logo\/image\/","url":"https:\/\/grontkontor.dk\/wp-content\/uploads\/2014\/02\/Logo_groent_kontor_300x80.png","contentUrl":"https:\/\/grontkontor.dk\/wp-content\/uploads\/2014\/02\/Logo_groent_kontor_300x80.png","width":300,"height":80,"caption":"Gr\u00f8nt Kontor"},"image":{"@id":"https:\/\/grontkontor.dk\/#\/schema\/logo\/image\/"},"sameAs":["https:\/\/www.facebook.com\/grontkontor.dk\/"]}]}},"_links":{"self":[{"href":"https:\/\/grontkontor.dk\/de\/wp-json\/wp\/v2\/product\/90144"}],"collection":[{"href":"https:\/\/grontkontor.dk\/de\/wp-json\/wp\/v2\/product"}],"about":[{"href":"https:\/\/grontkontor.dk\/de\/wp-json\/wp\/v2\/types\/product"}],"replies":[{"embeddable":true,"href":"https:\/\/grontkontor.dk\/de\/wp-json\/wp\/v2\/comments?post=90144"}],"wp:featuredmedia":[{"embeddable":true,"href":"https:\/\/grontkontor.dk\/de\/wp-json\/wp\/v2\/media\/111328"}],"wp:attachment":[{"href":"https:\/\/grontkontor.dk\/de\/wp-json\/wp\/v2\/media?parent=90144"}],"wp:term":[{"taxonomy":"product_cat","embeddable":true,"href":"https:\/\/grontkontor.dk\/de\/wp-json\/wp\/v2\/product_cat?post=90144"},{"taxonomy":"product_tag","embeddable":true,"href":"https:\/\/grontkontor.dk\/de\/wp-json\/wp\/v2\/product_tag?post=90144"}],"curies":[{"name":"wp","href":"https:\/\/api.w.org\/{rel}","templated":true}]}}

<p>Umweltfreundliches A5-Notizbuch mit Hardcover aus Kork und schwarzem elastischem Verschluss.</p>
<p>Das Notizbuch hat 160 linierte Seiten und ein Lesezeichen aus schwarzem Stoff.</p>
<p>Ein klima- und umweltfreundliches Produkt, perfekt als Handout für z.B. Messen, Events oder Konferenzen und Bildungskontexte.</p>
<p>[kork]</p>
<p>&nbsp;</p>

<p>Umweltfreundliches A5-Notizbuch mit Hardcover aus Kork und schwarzem elastischem Verschluss. Das Notizbuch hat 160 linierte Seiten und ein Lesezeichen aus schwarzem Stoff. Ein klima- und umweltfreundliches Produkt, perfekt als Handout für z.B. Messen, Events oder Konferenzen und Bildungskontexte. [kork] &nbsp;</p>

<!-- This site is optimized with the Yoast SEO Premium plugin v21.2 (Yoast SEO v21.2) - https://yoast.com/wordpress/plugins/seo/ -->
<title>Notizbuch A5 in Kork Hardcover - Grønt Kontor</title>
<meta name="robots" content="index, follow, max-snippet:-1, max-image-preview:large, max-video-preview:-1" />
<link rel="canonical" href="https://grontkontor.dk/de/shop/notizbuch-a5-kork-hardcover/" />
<meta property="og:locale" content="de_DE" />
<meta property="og:type" content="article" />
<meta property="og:title" content="Notizbuch A5 in Kork Hardcover" />
<meta property="og:description" content="Umweltfreundliches A5-Notizbuch mit Hardcover aus Kork und schwarzem elastischem Verschluss. Das Notizbuch hat 160 linierte Seiten und ein Lesezeichen aus schwarzem Stoff. Ein klima- und umweltfreundliches Produkt, perfekt als Handout für z.B. Messen, Events oder Konferenzen und Bildungskontexte. [kork] &nbsp;" />
<meta property="og:url" content="https://grontkontor.dk/de/shop/notizbuch-a5-kork-hardcover/" />
<meta property="og:site_name" content="Grønt Kontor" />
<meta property="article:publisher" content="https://www.facebook.com/grontkontor.dk/" />
<meta property="og:image" content="https://grontkontor.dk/wp-content/uploads/2020/04/notesbog-kork-a5-hardcover-01.jpg" />
	<meta property="og:image:width" content="800" />
	<meta property="og:image:height" content="568" />
	<meta property="og:image:type" content="image/jpeg" />
<meta name="twitter:card" content="summary_large_image" />
<script type="application/ld+json" class="yoast-schema-graph">{"@context":"https://schema.org","@graph":[{"@type":"WebPage","@id":"https://grontkontor.dk/de/shop/notizbuch-a5-kork-hardcover/","url":"https://grontkontor.dk/de/shop/notizbuch-a5-kork-hardcover/","name":"Notizbuch A5 in Kork Hardcover - Grønt Kontor","isPartOf":{"@id":"https://grontkontor.dk/#website"},"datePublished":"2024-05-29T09:04:32+00:00","dateModified":"2024-05-29T09:04:32+00:00","breadcrumb":{"@id":"https://grontkontor.dk/de/shop/notizbuch-a5-kork-hardcover/#breadcrumb"},"inLanguage":"de","potentialAction":[{"@type":"ReadAction","target":["https://grontkontor.dk/de/shop/notizbuch-a5-kork-hardcover/"]}]},{"@type":"BreadcrumbList","@id":"https://grontkontor.dk/de/shop/notizbuch-a5-kork-hardcover/#breadcrumb","itemListElement":[{"@type":"ListItem","position":1,"name":"Forside","item":"https://grontkontor.dk/de/"},{"@type":"ListItem","position":2,"name":"Laden","item":"https://grontkontor.dk/de/laden/"},{"@type":"ListItem","position":3,"name":"Papier und Blöcke","item":"https://grontkontor.dk/de/produkt-kategori/papier-und-bloecke/"},{"@type":"ListItem","position":4,"name":"Notizbücher","item":"https://grontkontor.dk/de/produkt-kategori/papier-und-bloecke/notizbuecher/"},{"@type":"ListItem","position":5,"name":"Notizbuch A5 in Kork Hardcover"}]},{"@type":"WebSite","@id":"https://grontkontor.dk/#website","url":"https://grontkontor.dk/","name":"Grønt Kontor","description":"Miljøvenlige produkter til kontor og erhverv med fokus på bæredygtighed, design og fair trade.","publisher":{"@id":"https://grontkontor.dk/#organization"},"potentialAction":[{"@type":"SearchAction","target":{"@type":"EntryPoint","urlTemplate":"https://grontkontor.dk/?s={search_term_string}"},"query-input":"required name=search_term_string"}],"inLanguage":"de"},{"@type":"Organization","@id":"https://grontkontor.dk/#organization","name":"Grønt Kontor","url":"https://grontkontor.dk/","logo":{"@type":"ImageObject","inLanguage":"de","@id":"https://grontkontor.dk/#/schema/logo/image/","url":"https://grontkontor.dk/wp-content/uploads/2014/02/Logo_groent_kontor_300x80.png","contentUrl":"https://grontkontor.dk/wp-content/uploads/2014/02/Logo_groent_kontor_300x80.png","width":300,"height":80,"caption":"Grønt Kontor"},"image":{"@id":"https://grontkontor.dk/#/schema/logo/image/"},"sameAs":["https://www.facebook.com/grontkontor.dk/"]}]}</script>
<!-- / Yoast SEO Premium plugin. -->

Notizbuch A5 in Kork Hardcover - Grønt Kontor

Umweltfreundliches A5-Notizbuch mit Hardcover aus Kork und schwarzem elastischem Verschluss. Das Notizbuch hat 160 linierte Seiten und ein Lesezeichen aus schwarzem Stoff. Ein klima- und umweltfreundliches Produkt, perfekt als Handout für z.B. Messen, Events oder Konferenzen und Bildungskontexte. [kork] &nbsp;

Grønt Kontor

Papier und Blöcke

Notizbücher

Miljøvenlige produkter til kontor og erhverv med fokus på bæredygtighed, design og fair trade.
