{"id":119220,"date":"2025-01-28T13:54:51","date_gmt":"2025-01-28T12:54:54","guid":{"rendered":"https:\/\/grontkontor.dk\/?post_type=product&#038;p=119220"},"modified":"2025-01-30T13:29:03","modified_gmt":"2025-01-30T12:29:03","slug":"rygsaek-i-genbrugsplast","status":"publish","type":"product","link":"https:\/\/grontkontor.dk\/no\/shop\/rygsaek-i-genbrugsplast\/","title":{"rendered":"Ryggsekk i resirkulert plast"},"content":{"rendered":"<p>Denne milj\u00f8vennlige ryggsekken er laget av 300D RPC PVC-fri polyester, laget av resirkulert plast. Den har et polstret rom for en b\u00e6rbar datamaskin p\u00e5 opptil 15&#8243; og et nettbrett p\u00e5 opptil 10&#8243;. Hovedrommet lukkes med metallspenner og det er en praktisk frontlomme med glidel\u00e5s. De justerbare, polstrede skulderstroppene s\u00f8rger for h\u00f8y komfort, mens det slitesterke materialet gj\u00f8r ryggsekken ideell for b\u00e5de hverdag og utflukter.   <\/p>\n<p>[rpet]<\/p>\n<p>[grs_s]<\/p>\n<p>&nbsp;<\/p>\n<p><img loading=\"lazy\" decoding=\"async\" src=\"https:\/\/grontkontor.dk\/wp-content\/uploads\/2021\/02\/genbrug.jpg\" alt=\"Fremstillet af genbrugsmaterialer\" width=\"50\" height=\"50\" class=\"size-full wp-image-23031\" srcset=\"https:\/\/grontkontor.dk\/wp-content\/uploads\/2021\/02\/genbrug.jpg 199w, https:\/\/grontkontor.dk\/wp-content\/uploads\/2021\/02\/genbrug-100x100.jpg 100w\" sizes=\"(max-width: 50px) 100vw, 50px\" \/><a href=\"https:\/\/textileexchange.org\/standards\/recycled-claim-standard-global-recycled-standard\/\"><img loading=\"lazy\" decoding=\"async\" src=\"https:\/\/grontkontor.dk\/wp-content\/uploads\/2021\/06\/global-recycled-standard-1.jpg\" alt=\"Global recycled standard\" width=\"50\" height=\"50\" class=\"size-full wp-image-25504\" \/> <\/a><\/p>\n<p>&nbsp;<\/p>\n<p>&nbsp;<\/p>\n","protected":false},"excerpt":{"rendered":"<p>Denne milj\u00f8vennlige ryggsekken er laget av 300D RPC PVC-fri polyester, laget av resirkulert plast. Den har et polstret rom for en b\u00e6rbar datamaskin p\u00e5 opptil 15&#8243; og et nettbrett p\u00e5 opptil 10&#8243;. Hovedrommet lukkes med metallspenner og det er en praktisk frontlomme med glidel\u00e5s. De justerbare, polstrede skulderstroppene s\u00f8rger for h\u00f8y komfort, mens det slitesterke [&hellip;]<\/p>\n","protected":false},"featured_media":119248,"comment_status":"closed","ping_status":"closed","template":"","meta":{"_acf_changed":false},"product_cat":[3199,3194,4058,2657,3539],"product_tag":[4059,3560,3760],"class_list":{"0":"post-119220","1":"product","2":"type-product","3":"status-publish","4":"has-post-thumbnail","6":"product_cat-dummy-moq-1-no","7":"product_cat-klimavennlige-firmagaver","8":"product_cat-laptop-vesker-og-deksler","9":"product_cat-nyheter","10":"product_cat-vesker-poser-og-deksler","11":"product_tag-pc-veske","12":"product_tag-pose-no","13":"product_tag-ryggsekk","14":"tm-has-options","16":"first","17":"instock","18":"taxable","19":"shipping-taxable","20":"purchasable","21":"product-type-variable","22":"has-default-attributes"},"acf":[],"yoast_head":"<!-- This site is optimized with the Yoast SEO Premium plugin v21.2 (Yoast SEO v21.2) - https:\/\/yoast.com\/wordpress\/plugins\/seo\/ -->\n<title>Ryggsekk i resirkulert plast - Gr\u00f8nt Kontor<\/title>\n<meta name=\"robots\" content=\"index, follow, max-snippet:-1, max-image-preview:large, max-video-preview:-1\" \/>\n<link rel=\"canonical\" href=\"https:\/\/grontkontor.dk\/no\/shop\/rygsaek-i-genbrugsplast\/\" \/>\n<meta property=\"og:locale\" content=\"en_US\" \/>\n<meta property=\"og:type\" content=\"article\" \/>\n<meta property=\"og:title\" content=\"Ryggsekk i resirkulert plast\" \/>\n<meta property=\"og:description\" content=\"Denne milj\u00f8vennlige ryggsekken er laget av 300D RPC PVC-fri polyester, laget av resirkulert plast. Den har et polstret rom for en b\u00e6rbar datamaskin p\u00e5 opptil 15&#8243; og et nettbrett p\u00e5 opptil 10&#8243;. Hovedrommet lukkes med metallspenner og det er en praktisk frontlomme med glidel\u00e5s. De justerbare, polstrede skulderstroppene s\u00f8rger for h\u00f8y komfort, mens det slitesterke [&hellip;]\" \/>\n<meta property=\"og:url\" content=\"https:\/\/grontkontor.dk\/no\/shop\/rygsaek-i-genbrugsplast\/\" \/>\n<meta property=\"og:site_name\" content=\"Gr\u00f8nt Kontor\" \/>\n<meta property=\"article:publisher\" content=\"https:\/\/www.facebook.com\/grontkontor.dk\/\" \/>\n<meta property=\"article:modified_time\" content=\"2025-01-30T12:29:03+00:00\" \/>\n<meta property=\"og:image\" content=\"https:\/\/grontkontor.dk\/wp-content\/uploads\/2025\/01\/Klimavenlig-rygsaek-recycled-plast-collage.jpg\" \/>\n\t<meta property=\"og:image:width\" content=\"900\" \/>\n\t<meta property=\"og:image:height\" content=\"639\" \/>\n\t<meta property=\"og:image:type\" content=\"image\/jpeg\" \/>\n<meta name=\"twitter:card\" content=\"summary_large_image\" \/>\n<script type=\"application\/ld+json\" class=\"yoast-schema-graph\">{\"@context\":\"https:\/\/schema.org\",\"@graph\":[{\"@type\":\"WebPage\",\"@id\":\"https:\/\/grontkontor.dk\/no\/shop\/rygsaek-i-genbrugsplast\/\",\"url\":\"https:\/\/grontkontor.dk\/no\/shop\/rygsaek-i-genbrugsplast\/\",\"name\":\"Ryggsekk i resirkulert plast - Gr\u00f8nt Kontor\",\"isPartOf\":{\"@id\":\"https:\/\/grontkontor.dk\/#website\"},\"datePublished\":\"2025-01-28T12:54:54+00:00\",\"dateModified\":\"2025-01-30T12:29:03+00:00\",\"breadcrumb\":{\"@id\":\"https:\/\/grontkontor.dk\/no\/shop\/rygsaek-i-genbrugsplast\/#breadcrumb\"},\"inLanguage\":\"no-NO\",\"potentialAction\":[{\"@type\":\"ReadAction\",\"target\":[\"https:\/\/grontkontor.dk\/no\/shop\/rygsaek-i-genbrugsplast\/\"]}]},{\"@type\":\"BreadcrumbList\",\"@id\":\"https:\/\/grontkontor.dk\/no\/shop\/rygsaek-i-genbrugsplast\/#breadcrumb\",\"itemListElement\":[{\"@type\":\"ListItem\",\"position\":1,\"name\":\"Forside\",\"item\":\"https:\/\/grontkontor.dk\/\"},{\"@type\":\"ListItem\",\"position\":2,\"name\":\"Butikk\",\"item\":\"https:\/\/grontkontor.dk\/no\/butikk-2\/\"},{\"@type\":\"ListItem\",\"position\":3,\"name\":\"Vesker, vesker og trekk\",\"item\":\"https:\/\/grontkontor.dk\/no\/produkt-kategori\/vesker-poser-og-deksler\/\"},{\"@type\":\"ListItem\",\"position\":4,\"name\":\"Laptop vesker og deksler\",\"item\":\"https:\/\/grontkontor.dk\/no\/produkt-kategori\/vesker-poser-og-deksler\/laptop-vesker-og-deksler\/\"},{\"@type\":\"ListItem\",\"position\":5,\"name\":\"Ryggsekk i resirkulert plast\"}]},{\"@type\":\"WebSite\",\"@id\":\"https:\/\/grontkontor.dk\/#website\",\"url\":\"https:\/\/grontkontor.dk\/\",\"name\":\"Gr\u00f8nt Kontor\",\"description\":\"Milj\u00f8venlige produkter til kontor og erhverv med fokus p\u00e5 b\u00e6redygtighed, design og fair trade.\",\"publisher\":{\"@id\":\"https:\/\/grontkontor.dk\/#organization\"},\"potentialAction\":[{\"@type\":\"SearchAction\",\"target\":{\"@type\":\"EntryPoint\",\"urlTemplate\":\"https:\/\/grontkontor.dk\/?s={search_term_string}\"},\"query-input\":\"required name=search_term_string\"}],\"inLanguage\":\"no-NO\"},{\"@type\":\"Organization\",\"@id\":\"https:\/\/grontkontor.dk\/#organization\",\"name\":\"Gr\u00f8nt Kontor\",\"url\":\"https:\/\/grontkontor.dk\/\",\"logo\":{\"@type\":\"ImageObject\",\"inLanguage\":\"no-NO\",\"@id\":\"https:\/\/grontkontor.dk\/#\/schema\/logo\/image\/\",\"url\":\"https:\/\/grontkontor.dk\/wp-content\/uploads\/2014\/02\/Logo_groent_kontor_300x80.png\",\"contentUrl\":\"https:\/\/grontkontor.dk\/wp-content\/uploads\/2014\/02\/Logo_groent_kontor_300x80.png\",\"width\":300,\"height\":80,\"caption\":\"Gr\u00f8nt Kontor\"},\"image\":{\"@id\":\"https:\/\/grontkontor.dk\/#\/schema\/logo\/image\/\"},\"sameAs\":[\"https:\/\/www.facebook.com\/grontkontor.dk\/\"]}]}<\/script>\n<!-- \/ Yoast SEO Premium plugin. -->","yoast_head_json":{"title":"Ryggsekk i resirkulert plast - Gr\u00f8nt Kontor","robots":{"index":"index","follow":"follow","max-snippet":"max-snippet:-1","max-image-preview":"max-image-preview:large","max-video-preview":"max-video-preview:-1"},"canonical":"https:\/\/grontkontor.dk\/no\/shop\/rygsaek-i-genbrugsplast\/","og_locale":"en_US","og_type":"article","og_title":"Ryggsekk i resirkulert plast","og_description":"Denne milj\u00f8vennlige ryggsekken er laget av 300D RPC PVC-fri polyester, laget av resirkulert plast. Den har et polstret rom for en b\u00e6rbar datamaskin p\u00e5 opptil 15&#8243; og et nettbrett p\u00e5 opptil 10&#8243;. Hovedrommet lukkes med metallspenner og det er en praktisk frontlomme med glidel\u00e5s. De justerbare, polstrede skulderstroppene s\u00f8rger for h\u00f8y komfort, mens det slitesterke [&hellip;]","og_url":"https:\/\/grontkontor.dk\/no\/shop\/rygsaek-i-genbrugsplast\/","og_site_name":"Gr\u00f8nt Kontor","article_publisher":"https:\/\/www.facebook.com\/grontkontor.dk\/","article_modified_time":"2025-01-30T12:29:03+00:00","og_image":[{"width":900,"height":639,"url":"https:\/\/grontkontor.dk\/wp-content\/uploads\/2025\/01\/Klimavenlig-rygsaek-recycled-plast-collage.jpg","type":"image\/jpeg"}],"twitter_card":"summary_large_image","schema":{"@context":"https:\/\/schema.org","@graph":[{"@type":"WebPage","@id":"https:\/\/grontkontor.dk\/no\/shop\/rygsaek-i-genbrugsplast\/","url":"https:\/\/grontkontor.dk\/no\/shop\/rygsaek-i-genbrugsplast\/","name":"Ryggsekk i resirkulert plast - Gr\u00f8nt Kontor","isPartOf":{"@id":"https:\/\/grontkontor.dk\/#website"},"datePublished":"2025-01-28T12:54:54+00:00","dateModified":"2025-01-30T12:29:03+00:00","breadcrumb":{"@id":"https:\/\/grontkontor.dk\/no\/shop\/rygsaek-i-genbrugsplast\/#breadcrumb"},"inLanguage":"no-NO","potentialAction":[{"@type":"ReadAction","target":["https:\/\/grontkontor.dk\/no\/shop\/rygsaek-i-genbrugsplast\/"]}]},{"@type":"BreadcrumbList","@id":"https:\/\/grontkontor.dk\/no\/shop\/rygsaek-i-genbrugsplast\/#breadcrumb","itemListElement":[{"@type":"ListItem","position":1,"name":"Forside","item":"https:\/\/grontkontor.dk\/"},{"@type":"ListItem","position":2,"name":"Butikk","item":"https:\/\/grontkontor.dk\/no\/butikk-2\/"},{"@type":"ListItem","position":3,"name":"Vesker, vesker og trekk","item":"https:\/\/grontkontor.dk\/no\/produkt-kategori\/vesker-poser-og-deksler\/"},{"@type":"ListItem","position":4,"name":"Laptop vesker og deksler","item":"https:\/\/grontkontor.dk\/no\/produkt-kategori\/vesker-poser-og-deksler\/laptop-vesker-og-deksler\/"},{"@type":"ListItem","position":5,"name":"Ryggsekk i resirkulert plast"}]},{"@type":"WebSite","@id":"https:\/\/grontkontor.dk\/#website","url":"https:\/\/grontkontor.dk\/","name":"Gr\u00f8nt Kontor","description":"Milj\u00f8venlige produkter til kontor og erhverv med fokus p\u00e5 b\u00e6redygtighed, design og fair trade.","publisher":{"@id":"https:\/\/grontkontor.dk\/#organization"},"potentialAction":[{"@type":"SearchAction","target":{"@type":"EntryPoint","urlTemplate":"https:\/\/grontkontor.dk\/?s={search_term_string}"},"query-input":"required name=search_term_string"}],"inLanguage":"no-NO"},{"@type":"Organization","@id":"https:\/\/grontkontor.dk\/#organization","name":"Gr\u00f8nt Kontor","url":"https:\/\/grontkontor.dk\/","logo":{"@type":"ImageObject","inLanguage":"no-NO","@id":"https:\/\/grontkontor.dk\/#\/schema\/logo\/image\/","url":"https:\/\/grontkontor.dk\/wp-content\/uploads\/2014\/02\/Logo_groent_kontor_300x80.png","contentUrl":"https:\/\/grontkontor.dk\/wp-content\/uploads\/2014\/02\/Logo_groent_kontor_300x80.png","width":300,"height":80,"caption":"Gr\u00f8nt Kontor"},"image":{"@id":"https:\/\/grontkontor.dk\/#\/schema\/logo\/image\/"},"sameAs":["https:\/\/www.facebook.com\/grontkontor.dk\/"]}]}},"_links":{"self":[{"href":"https:\/\/grontkontor.dk\/no\/wp-json\/wp\/v2\/product\/119220"}],"collection":[{"href":"https:\/\/grontkontor.dk\/no\/wp-json\/wp\/v2\/product"}],"about":[{"href":"https:\/\/grontkontor.dk\/no\/wp-json\/wp\/v2\/types\/product"}],"replies":[{"embeddable":true,"href":"https:\/\/grontkontor.dk\/no\/wp-json\/wp\/v2\/comments?post=119220"}],"wp:featuredmedia":[{"embeddable":true,"href":"https:\/\/grontkontor.dk\/no\/wp-json\/wp\/v2\/media\/119248"}],"wp:attachment":[{"href":"https:\/\/grontkontor.dk\/no\/wp-json\/wp\/v2\/media?parent=119220"}],"wp:term":[{"taxonomy":"product_cat","embeddable":true,"href":"https:\/\/grontkontor.dk\/no\/wp-json\/wp\/v2\/product_cat?post=119220"},{"taxonomy":"product_tag","embeddable":true,"href":"https:\/\/grontkontor.dk\/no\/wp-json\/wp\/v2\/product_tag?post=119220"}],"curies":[{"name":"wp","href":"https:\/\/api.w.org\/{rel}","templated":true}]}}

<p>Denne miljøvennlige ryggsekken er laget av 300D RPC PVC-fri polyester, laget av resirkulert plast. Den har et polstret rom for en bærbar datamaskin på opptil 15&#8243; og et nettbrett på opptil 10&#8243;. Hovedrommet lukkes med metallspenner og det er en praktisk frontlomme med glidelås. De justerbare, polstrede skulderstroppene sørger for høy komfort, mens det slitesterke materialet gjør ryggsekken ideell for både hverdag og utflukter.   </p>
<p>[rpet]</p>
<p>[grs_s]</p>
<p>&nbsp;</p>
<p><img loading="lazy" decoding="async" src="https://grontkontor.dk/wp-content/uploads/2021/02/genbrug.jpg" alt="Fremstillet af genbrugsmaterialer" width="50" height="50" class="size-full wp-image-23031" srcset="https://grontkontor.dk/wp-content/uploads/2021/02/genbrug.jpg 199w, https://grontkontor.dk/wp-content/uploads/2021/02/genbrug-100x100.jpg 100w" sizes="(max-width: 50px) 100vw, 50px" /><a href="https://textileexchange.org/standards/recycled-claim-standard-global-recycled-standard/"><img loading="lazy" decoding="async" src="https://grontkontor.dk/wp-content/uploads/2021/06/global-recycled-standard-1.jpg" alt="Global recycled standard" width="50" height="50" class="size-full wp-image-25504" /> </a></p>
<p>&nbsp;</p>
<p>&nbsp;</p>

<p>Denne miljøvennlige ryggsekken er laget av 300D RPC PVC-fri polyester, laget av resirkulert plast. Den har et polstret rom for en bærbar datamaskin på opptil 15&#8243; og et nettbrett på opptil 10&#8243;. Hovedrommet lukkes med metallspenner og det er en praktisk frontlomme med glidelås. De justerbare, polstrede skulderstroppene sørger for høy komfort, mens det slitesterke [&hellip;]</p>

<!-- This site is optimized with the Yoast SEO Premium plugin v21.2 (Yoast SEO v21.2) - https://yoast.com/wordpress/plugins/seo/ -->
<title>Ryggsekk i resirkulert plast - Grønt Kontor</title>
<meta name="robots" content="index, follow, max-snippet:-1, max-image-preview:large, max-video-preview:-1" />
<link rel="canonical" href="https://grontkontor.dk/no/shop/rygsaek-i-genbrugsplast/" />
<meta property="og:locale" content="en_US" />
<meta property="og:type" content="article" />
<meta property="og:title" content="Ryggsekk i resirkulert plast" />
<meta property="og:description" content="Denne miljøvennlige ryggsekken er laget av 300D RPC PVC-fri polyester, laget av resirkulert plast. Den har et polstret rom for en bærbar datamaskin på opptil 15&#8243; og et nettbrett på opptil 10&#8243;. Hovedrommet lukkes med metallspenner og det er en praktisk frontlomme med glidelås. De justerbare, polstrede skulderstroppene sørger for høy komfort, mens det slitesterke [&hellip;]" />
<meta property="og:url" content="https://grontkontor.dk/no/shop/rygsaek-i-genbrugsplast/" />
<meta property="og:site_name" content="Grønt Kontor" />
<meta property="article:publisher" content="https://www.facebook.com/grontkontor.dk/" />
<meta property="article:modified_time" content="2025-01-30T12:29:03+00:00" />
<meta property="og:image" content="https://grontkontor.dk/wp-content/uploads/2025/01/Klimavenlig-rygsaek-recycled-plast-collage.jpg" />
	<meta property="og:image:width" content="900" />
	<meta property="og:image:height" content="639" />
	<meta property="og:image:type" content="image/jpeg" />
<meta name="twitter:card" content="summary_large_image" />
<script type="application/ld+json" class="yoast-schema-graph">{"@context":"https://schema.org","@graph":[{"@type":"WebPage","@id":"https://grontkontor.dk/no/shop/rygsaek-i-genbrugsplast/","url":"https://grontkontor.dk/no/shop/rygsaek-i-genbrugsplast/","name":"Ryggsekk i resirkulert plast - Grønt Kontor","isPartOf":{"@id":"https://grontkontor.dk/#website"},"datePublished":"2025-01-28T12:54:54+00:00","dateModified":"2025-01-30T12:29:03+00:00","breadcrumb":{"@id":"https://grontkontor.dk/no/shop/rygsaek-i-genbrugsplast/#breadcrumb"},"inLanguage":"no-NO","potentialAction":[{"@type":"ReadAction","target":["https://grontkontor.dk/no/shop/rygsaek-i-genbrugsplast/"]}]},{"@type":"BreadcrumbList","@id":"https://grontkontor.dk/no/shop/rygsaek-i-genbrugsplast/#breadcrumb","itemListElement":[{"@type":"ListItem","position":1,"name":"Forside","item":"https://grontkontor.dk/"},{"@type":"ListItem","position":2,"name":"Butikk","item":"https://grontkontor.dk/no/butikk-2/"},{"@type":"ListItem","position":3,"name":"Vesker, vesker og trekk","item":"https://grontkontor.dk/no/produkt-kategori/vesker-poser-og-deksler/"},{"@type":"ListItem","position":4,"name":"Laptop vesker og deksler","item":"https://grontkontor.dk/no/produkt-kategori/vesker-poser-og-deksler/laptop-vesker-og-deksler/"},{"@type":"ListItem","position":5,"name":"Ryggsekk i resirkulert plast"}]},{"@type":"WebSite","@id":"https://grontkontor.dk/#website","url":"https://grontkontor.dk/","name":"Grønt Kontor","description":"Miljøvenlige produkter til kontor og erhverv med fokus på bæredygtighed, design og fair trade.","publisher":{"@id":"https://grontkontor.dk/#organization"},"potentialAction":[{"@type":"SearchAction","target":{"@type":"EntryPoint","urlTemplate":"https://grontkontor.dk/?s={search_term_string}"},"query-input":"required name=search_term_string"}],"inLanguage":"no-NO"},{"@type":"Organization","@id":"https://grontkontor.dk/#organization","name":"Grønt Kontor","url":"https://grontkontor.dk/","logo":{"@type":"ImageObject","inLanguage":"no-NO","@id":"https://grontkontor.dk/#/schema/logo/image/","url":"https://grontkontor.dk/wp-content/uploads/2014/02/Logo_groent_kontor_300x80.png","contentUrl":"https://grontkontor.dk/wp-content/uploads/2014/02/Logo_groent_kontor_300x80.png","width":300,"height":80,"caption":"Grønt Kontor"},"image":{"@id":"https://grontkontor.dk/#/schema/logo/image/"},"sameAs":["https://www.facebook.com/grontkontor.dk/"]}]}</script>
<!-- / Yoast SEO Premium plugin. -->

Ryggsekk i resirkulert plast - Grønt Kontor

Denne miljøvennlige ryggsekken er laget av 300D RPC PVC-fri polyester, laget av resirkulert plast. Den har et polstret rom for en bærbar datamaskin på opptil 15&#8243; og et nettbrett på opptil 10&#8243;. Hovedrommet lukkes med metallspenner og det er en praktisk frontlomme med glidelås. De justerbare, polstrede skulderstroppene sørger for høy komfort, mens det slitesterke [&hellip;]

Grønt Kontor

Miljøvenlige produkter til kontor og erhverv med fokus på bæredygtighed, design og fair trade.
