{"id":123329,"date":"2025-04-23T12:59:12","date_gmt":"2025-04-23T10:59:12","guid":{"rendered":"https:\/\/grontkontor.dk\/?post_type=product&#038;p=123329"},"modified":"2025-05-07T15:55:36","modified_gmt":"2025-05-07T13:55:36","slug":"lille-reol-i-egetrae","status":"publish","type":"product","link":"https:\/\/grontkontor.dk\/no\/shop\/lille-reol-i-egetrae\/","title":{"rendered":"Liten bokhylle i eik"},"content":{"rendered":"<p>Denne klimavennlige hyllen er den ideelle l\u00f8sningen for b\u00e5de hjemmet og kontoret med sitt multifunksjonelle og stilige design. Den er tilgjengelig i to st\u00f8rrelser, hvor denne modellen er den st\u00f8rste, laget av FSC-sertifisert eik, MDF og eikefiner. Med en kombinasjon av eik, eikefiner og papirsnor forener hyllen holdbarhet og eleganse. Plasser den langs en vegg eller bruk den som romdeler. Bakdekselet er laget av 100 % FSC-sertifisert papirledning.<\/p>\n<p>[FSC_s] [tryk]<\/p>\n<p>&nbsp;<\/p>\n<a href=\"https:\/\/ic.fsc.org\/en\/\" target=\"window\"><img loading=\"lazy\" decoding=\"async\" class=\"size-full wp-image-12735\" src=\"https:\/\/grontkontor.dk\/wp-content\/uploads\/2019\/04\/fsc-certificeret.png\" \n\t\t alt=\"FSC-certificeret\" title=\"FSC-certificeret\" width=\"44\" height=\"51\" border=0\/><\/a>\n","protected":false},"excerpt":{"rendered":"<p>Denne klimavennlige hyllen er den ideelle l\u00f8sningen for b\u00e5de hjemmet og kontoret med sitt multifunksjonelle og stilige design. Den er tilgjengelig i to st\u00f8rrelser, hvor denne modellen er den st\u00f8rste, laget av FSC-sertifisert eik, MDF og eikefiner. Med en kombinasjon av eik, eikefiner og papirsnor forener hyllen holdbarhet og eleganse. Plasser den langs en vegg [&hellip;]<\/p>\n","protected":false},"featured_media":123333,"comment_status":"closed","ping_status":"closed","template":"","meta":{"_acf_changed":false},"product_cat":[3313,3199,3883,2657,3195],"product_tag":[3614,4616],"class_list":{"0":"post-123329","1":"product","2":"type-product","3":"status-publish","4":"has-post-thumbnail","6":"product_cat-diverse-inventar-no","7":"product_cat-dummy-moq-1-no","8":"product_cat-eik","9":"product_cat-nyheter","10":"product_cat-produktserier","11":"product_tag-bokhylle","12":"product_tag-hyllene","13":"tm-has-options","15":"first","16":"instock","17":"taxable","18":"shipping-taxable","19":"purchasable","20":"product-type-simple"},"acf":[],"yoast_head":"<!-- This site is optimized with the Yoast SEO Premium plugin v21.2 (Yoast SEO v21.2) - https:\/\/yoast.com\/wordpress\/plugins\/seo\/ -->\n<title>Liten bokhylle i eik - Gr\u00f8nt Kontor<\/title>\n<meta name=\"robots\" content=\"index, follow, max-snippet:-1, max-image-preview:large, max-video-preview:-1\" \/>\n<link rel=\"canonical\" href=\"https:\/\/grontkontor.dk\/no\/shop\/lille-reol-i-egetrae\/\" \/>\n<meta property=\"og:locale\" content=\"en_US\" \/>\n<meta property=\"og:type\" content=\"article\" \/>\n<meta property=\"og:title\" content=\"Liten bokhylle i eik\" \/>\n<meta property=\"og:description\" content=\"Denne klimavennlige hyllen er den ideelle l\u00f8sningen for b\u00e5de hjemmet og kontoret med sitt multifunksjonelle og stilige design. Den er tilgjengelig i to st\u00f8rrelser, hvor denne modellen er den st\u00f8rste, laget av FSC-sertifisert eik, MDF og eikefiner. Med en kombinasjon av eik, eikefiner og papirsnor forener hyllen holdbarhet og eleganse. Plasser den langs en vegg [&hellip;]\" \/>\n<meta property=\"og:url\" content=\"https:\/\/grontkontor.dk\/no\/shop\/lille-reol-i-egetrae\/\" \/>\n<meta property=\"og:site_name\" content=\"Gr\u00f8nt Kontor\" \/>\n<meta property=\"article:publisher\" content=\"https:\/\/www.facebook.com\/grontkontor.dk\/\" \/>\n<meta property=\"article:modified_time\" content=\"2025-05-07T13:55:36+00:00\" \/>\n<meta property=\"og:image\" content=\"https:\/\/grontkontor.dk\/wp-content\/uploads\/2023\/03\/Opslagstavle-FSC-egetrae-klimavenlig.jpg\" \/>\n\t<meta property=\"og:image:width\" content=\"900\" \/>\n\t<meta property=\"og:image:height\" content=\"639\" \/>\n\t<meta property=\"og:image:type\" content=\"image\/jpeg\" \/>\n<meta name=\"twitter:card\" content=\"summary_large_image\" \/>\n<script type=\"application\/ld+json\" class=\"yoast-schema-graph\">{\"@context\":\"https:\/\/schema.org\",\"@graph\":[{\"@type\":\"WebPage\",\"@id\":\"https:\/\/grontkontor.dk\/no\/shop\/lille-reol-i-egetrae\/\",\"url\":\"https:\/\/grontkontor.dk\/no\/shop\/lille-reol-i-egetrae\/\",\"name\":\"Liten bokhylle i eik - Gr\u00f8nt Kontor\",\"isPartOf\":{\"@id\":\"https:\/\/grontkontor.dk\/#website\"},\"datePublished\":\"2025-04-23T10:59:12+00:00\",\"dateModified\":\"2025-05-07T13:55:36+00:00\",\"breadcrumb\":{\"@id\":\"https:\/\/grontkontor.dk\/no\/shop\/lille-reol-i-egetrae\/#breadcrumb\"},\"inLanguage\":\"no-NO\",\"potentialAction\":[{\"@type\":\"ReadAction\",\"target\":[\"https:\/\/grontkontor.dk\/no\/shop\/lille-reol-i-egetrae\/\"]}]},{\"@type\":\"BreadcrumbList\",\"@id\":\"https:\/\/grontkontor.dk\/no\/shop\/lille-reol-i-egetrae\/#breadcrumb\",\"itemListElement\":[{\"@type\":\"ListItem\",\"position\":1,\"name\":\"Forside\",\"item\":\"https:\/\/grontkontor.dk\/\"},{\"@type\":\"ListItem\",\"position\":2,\"name\":\"Butikk\",\"item\":\"https:\/\/grontkontor.dk\/no\/butikk-2\/\"},{\"@type\":\"ListItem\",\"position\":3,\"name\":\"M\u00f8bler og inventar\",\"item\":\"https:\/\/grontkontor.dk\/produkt-kategori\/mobler-og-inventar\/\"},{\"@type\":\"ListItem\",\"position\":4,\"name\":\"Diverse inventar\",\"item\":\"https:\/\/grontkontor.dk\/produkt-kategori\/mobler-og-inventar\/diverse-inventar\/\"},{\"@type\":\"ListItem\",\"position\":5,\"name\":\"Liten bokhylle i eik\"}]},{\"@type\":\"WebSite\",\"@id\":\"https:\/\/grontkontor.dk\/#website\",\"url\":\"https:\/\/grontkontor.dk\/\",\"name\":\"Gr\u00f8nt Kontor\",\"description\":\"Milj\u00f8venlige produkter til kontor og erhverv med fokus p\u00e5 b\u00e6redygtighed, design og fair trade.\",\"publisher\":{\"@id\":\"https:\/\/grontkontor.dk\/#organization\"},\"potentialAction\":[{\"@type\":\"SearchAction\",\"target\":{\"@type\":\"EntryPoint\",\"urlTemplate\":\"https:\/\/grontkontor.dk\/?s={search_term_string}\"},\"query-input\":\"required name=search_term_string\"}],\"inLanguage\":\"no-NO\"},{\"@type\":\"Organization\",\"@id\":\"https:\/\/grontkontor.dk\/#organization\",\"name\":\"Gr\u00f8nt Kontor\",\"url\":\"https:\/\/grontkontor.dk\/\",\"logo\":{\"@type\":\"ImageObject\",\"inLanguage\":\"no-NO\",\"@id\":\"https:\/\/grontkontor.dk\/#\/schema\/logo\/image\/\",\"url\":\"https:\/\/grontkontor.dk\/wp-content\/uploads\/2014\/02\/Logo_groent_kontor_300x80.png\",\"contentUrl\":\"https:\/\/grontkontor.dk\/wp-content\/uploads\/2014\/02\/Logo_groent_kontor_300x80.png\",\"width\":300,\"height\":80,\"caption\":\"Gr\u00f8nt Kontor\"},\"image\":{\"@id\":\"https:\/\/grontkontor.dk\/#\/schema\/logo\/image\/\"},\"sameAs\":[\"https:\/\/www.facebook.com\/grontkontor.dk\/\"]}]}<\/script>\n<!-- \/ Yoast SEO Premium plugin. -->","yoast_head_json":{"title":"Liten bokhylle i eik - Gr\u00f8nt Kontor","robots":{"index":"index","follow":"follow","max-snippet":"max-snippet:-1","max-image-preview":"max-image-preview:large","max-video-preview":"max-video-preview:-1"},"canonical":"https:\/\/grontkontor.dk\/no\/shop\/lille-reol-i-egetrae\/","og_locale":"en_US","og_type":"article","og_title":"Liten bokhylle i eik","og_description":"Denne klimavennlige hyllen er den ideelle l\u00f8sningen for b\u00e5de hjemmet og kontoret med sitt multifunksjonelle og stilige design. Den er tilgjengelig i to st\u00f8rrelser, hvor denne modellen er den st\u00f8rste, laget av FSC-sertifisert eik, MDF og eikefiner. Med en kombinasjon av eik, eikefiner og papirsnor forener hyllen holdbarhet og eleganse. Plasser den langs en vegg [&hellip;]","og_url":"https:\/\/grontkontor.dk\/no\/shop\/lille-reol-i-egetrae\/","og_site_name":"Gr\u00f8nt Kontor","article_publisher":"https:\/\/www.facebook.com\/grontkontor.dk\/","article_modified_time":"2025-05-07T13:55:36+00:00","og_image":[{"width":900,"height":639,"url":"https:\/\/grontkontor.dk\/wp-content\/uploads\/2023\/03\/Opslagstavle-FSC-egetrae-klimavenlig.jpg","type":"image\/jpeg"}],"twitter_card":"summary_large_image","schema":{"@context":"https:\/\/schema.org","@graph":[{"@type":"WebPage","@id":"https:\/\/grontkontor.dk\/no\/shop\/lille-reol-i-egetrae\/","url":"https:\/\/grontkontor.dk\/no\/shop\/lille-reol-i-egetrae\/","name":"Liten bokhylle i eik - Gr\u00f8nt Kontor","isPartOf":{"@id":"https:\/\/grontkontor.dk\/#website"},"datePublished":"2025-04-23T10:59:12+00:00","dateModified":"2025-05-07T13:55:36+00:00","breadcrumb":{"@id":"https:\/\/grontkontor.dk\/no\/shop\/lille-reol-i-egetrae\/#breadcrumb"},"inLanguage":"no-NO","potentialAction":[{"@type":"ReadAction","target":["https:\/\/grontkontor.dk\/no\/shop\/lille-reol-i-egetrae\/"]}]},{"@type":"BreadcrumbList","@id":"https:\/\/grontkontor.dk\/no\/shop\/lille-reol-i-egetrae\/#breadcrumb","itemListElement":[{"@type":"ListItem","position":1,"name":"Forside","item":"https:\/\/grontkontor.dk\/"},{"@type":"ListItem","position":2,"name":"Butikk","item":"https:\/\/grontkontor.dk\/no\/butikk-2\/"},{"@type":"ListItem","position":3,"name":"M\u00f8bler og inventar","item":"https:\/\/grontkontor.dk\/produkt-kategori\/mobler-og-inventar\/"},{"@type":"ListItem","position":4,"name":"Diverse inventar","item":"https:\/\/grontkontor.dk\/produkt-kategori\/mobler-og-inventar\/diverse-inventar\/"},{"@type":"ListItem","position":5,"name":"Liten bokhylle i eik"}]},{"@type":"WebSite","@id":"https:\/\/grontkontor.dk\/#website","url":"https:\/\/grontkontor.dk\/","name":"Gr\u00f8nt Kontor","description":"Milj\u00f8venlige produkter til kontor og erhverv med fokus p\u00e5 b\u00e6redygtighed, design og fair trade.","publisher":{"@id":"https:\/\/grontkontor.dk\/#organization"},"potentialAction":[{"@type":"SearchAction","target":{"@type":"EntryPoint","urlTemplate":"https:\/\/grontkontor.dk\/?s={search_term_string}"},"query-input":"required name=search_term_string"}],"inLanguage":"no-NO"},{"@type":"Organization","@id":"https:\/\/grontkontor.dk\/#organization","name":"Gr\u00f8nt Kontor","url":"https:\/\/grontkontor.dk\/","logo":{"@type":"ImageObject","inLanguage":"no-NO","@id":"https:\/\/grontkontor.dk\/#\/schema\/logo\/image\/","url":"https:\/\/grontkontor.dk\/wp-content\/uploads\/2014\/02\/Logo_groent_kontor_300x80.png","contentUrl":"https:\/\/grontkontor.dk\/wp-content\/uploads\/2014\/02\/Logo_groent_kontor_300x80.png","width":300,"height":80,"caption":"Gr\u00f8nt Kontor"},"image":{"@id":"https:\/\/grontkontor.dk\/#\/schema\/logo\/image\/"},"sameAs":["https:\/\/www.facebook.com\/grontkontor.dk\/"]}]}},"_links":{"self":[{"href":"https:\/\/grontkontor.dk\/no\/wp-json\/wp\/v2\/product\/123329"}],"collection":[{"href":"https:\/\/grontkontor.dk\/no\/wp-json\/wp\/v2\/product"}],"about":[{"href":"https:\/\/grontkontor.dk\/no\/wp-json\/wp\/v2\/types\/product"}],"replies":[{"embeddable":true,"href":"https:\/\/grontkontor.dk\/no\/wp-json\/wp\/v2\/comments?post=123329"}],"wp:featuredmedia":[{"embeddable":true,"href":"https:\/\/grontkontor.dk\/no\/wp-json\/wp\/v2\/media\/123333"}],"wp:attachment":[{"href":"https:\/\/grontkontor.dk\/no\/wp-json\/wp\/v2\/media?parent=123329"}],"wp:term":[{"taxonomy":"product_cat","embeddable":true,"href":"https:\/\/grontkontor.dk\/no\/wp-json\/wp\/v2\/product_cat?post=123329"},{"taxonomy":"product_tag","embeddable":true,"href":"https:\/\/grontkontor.dk\/no\/wp-json\/wp\/v2\/product_tag?post=123329"}],"curies":[{"name":"wp","href":"https:\/\/api.w.org\/{rel}","templated":true}]}}

<p>Denne klimavennlige hyllen er den ideelle løsningen for både hjemmet og kontoret med sitt multifunksjonelle og stilige design. Den er tilgjengelig i to størrelser, hvor denne modellen er den største, laget av FSC-sertifisert eik, MDF og eikefiner. Med en kombinasjon av eik, eikefiner og papirsnor forener hyllen holdbarhet og eleganse. Plasser den langs en vegg eller bruk den som romdeler. Bakdekselet er laget av 100 % FSC-sertifisert papirledning.</p>
<p>[FSC_s] [tryk]</p>
<p>&nbsp;</p>
<a href="https://ic.fsc.org/en/" target="window"><img loading="lazy" decoding="async" class="size-full wp-image-12735" src="https://grontkontor.dk/wp-content/uploads/2019/04/fsc-certificeret.png" 
		 alt="FSC-certificeret" title="FSC-certificeret" width="44" height="51" border=0/></a>

<p>Denne klimavennlige hyllen er den ideelle løsningen for både hjemmet og kontoret med sitt multifunksjonelle og stilige design. Den er tilgjengelig i to størrelser, hvor denne modellen er den største, laget av FSC-sertifisert eik, MDF og eikefiner. Med en kombinasjon av eik, eikefiner og papirsnor forener hyllen holdbarhet og eleganse. Plasser den langs en vegg [&hellip;]</p>

<!-- This site is optimized with the Yoast SEO Premium plugin v21.2 (Yoast SEO v21.2) - https://yoast.com/wordpress/plugins/seo/ -->
<title>Liten bokhylle i eik - Grønt Kontor</title>
<meta name="robots" content="index, follow, max-snippet:-1, max-image-preview:large, max-video-preview:-1" />
<link rel="canonical" href="https://grontkontor.dk/no/shop/lille-reol-i-egetrae/" />
<meta property="og:locale" content="en_US" />
<meta property="og:type" content="article" />
<meta property="og:title" content="Liten bokhylle i eik" />
<meta property="og:description" content="Denne klimavennlige hyllen er den ideelle løsningen for både hjemmet og kontoret med sitt multifunksjonelle og stilige design. Den er tilgjengelig i to størrelser, hvor denne modellen er den største, laget av FSC-sertifisert eik, MDF og eikefiner. Med en kombinasjon av eik, eikefiner og papirsnor forener hyllen holdbarhet og eleganse. Plasser den langs en vegg [&hellip;]" />
<meta property="og:url" content="https://grontkontor.dk/no/shop/lille-reol-i-egetrae/" />
<meta property="og:site_name" content="Grønt Kontor" />
<meta property="article:publisher" content="https://www.facebook.com/grontkontor.dk/" />
<meta property="article:modified_time" content="2025-05-07T13:55:36+00:00" />
<meta property="og:image" content="https://grontkontor.dk/wp-content/uploads/2023/03/Opslagstavle-FSC-egetrae-klimavenlig.jpg" />
	<meta property="og:image:width" content="900" />
	<meta property="og:image:height" content="639" />
	<meta property="og:image:type" content="image/jpeg" />
<meta name="twitter:card" content="summary_large_image" />
<script type="application/ld+json" class="yoast-schema-graph">{"@context":"https://schema.org","@graph":[{"@type":"WebPage","@id":"https://grontkontor.dk/no/shop/lille-reol-i-egetrae/","url":"https://grontkontor.dk/no/shop/lille-reol-i-egetrae/","name":"Liten bokhylle i eik - Grønt Kontor","isPartOf":{"@id":"https://grontkontor.dk/#website"},"datePublished":"2025-04-23T10:59:12+00:00","dateModified":"2025-05-07T13:55:36+00:00","breadcrumb":{"@id":"https://grontkontor.dk/no/shop/lille-reol-i-egetrae/#breadcrumb"},"inLanguage":"no-NO","potentialAction":[{"@type":"ReadAction","target":["https://grontkontor.dk/no/shop/lille-reol-i-egetrae/"]}]},{"@type":"BreadcrumbList","@id":"https://grontkontor.dk/no/shop/lille-reol-i-egetrae/#breadcrumb","itemListElement":[{"@type":"ListItem","position":1,"name":"Forside","item":"https://grontkontor.dk/"},{"@type":"ListItem","position":2,"name":"Butikk","item":"https://grontkontor.dk/no/butikk-2/"},{"@type":"ListItem","position":3,"name":"Møbler og inventar","item":"https://grontkontor.dk/produkt-kategori/mobler-og-inventar/"},{"@type":"ListItem","position":4,"name":"Diverse inventar","item":"https://grontkontor.dk/produkt-kategori/mobler-og-inventar/diverse-inventar/"},{"@type":"ListItem","position":5,"name":"Liten bokhylle i eik"}]},{"@type":"WebSite","@id":"https://grontkontor.dk/#website","url":"https://grontkontor.dk/","name":"Grønt Kontor","description":"Miljøvenlige produkter til kontor og erhverv med fokus på bæredygtighed, design og fair trade.","publisher":{"@id":"https://grontkontor.dk/#organization"},"potentialAction":[{"@type":"SearchAction","target":{"@type":"EntryPoint","urlTemplate":"https://grontkontor.dk/?s={search_term_string}"},"query-input":"required name=search_term_string"}],"inLanguage":"no-NO"},{"@type":"Organization","@id":"https://grontkontor.dk/#organization","name":"Grønt Kontor","url":"https://grontkontor.dk/","logo":{"@type":"ImageObject","inLanguage":"no-NO","@id":"https://grontkontor.dk/#/schema/logo/image/","url":"https://grontkontor.dk/wp-content/uploads/2014/02/Logo_groent_kontor_300x80.png","contentUrl":"https://grontkontor.dk/wp-content/uploads/2014/02/Logo_groent_kontor_300x80.png","width":300,"height":80,"caption":"Grønt Kontor"},"image":{"@id":"https://grontkontor.dk/#/schema/logo/image/"},"sameAs":["https://www.facebook.com/grontkontor.dk/"]}]}</script>
<!-- / Yoast SEO Premium plugin. -->

Liten bokhylle i eik - Grønt Kontor

Denne klimavennlige hyllen er den ideelle løsningen for både hjemmet og kontoret med sitt multifunksjonelle og stilige design. Den er tilgjengelig i to størrelser, hvor denne modellen er den største, laget av FSC-sertifisert eik, MDF og eikefiner. Med en kombinasjon av eik, eikefiner og papirsnor forener hyllen holdbarhet og eleganse. Plasser den langs en vegg [&hellip;]

Grønt Kontor

Møbler og inventar

Miljøvenlige produkter til kontor og erhverv med fokus på bæredygtighed, design og fair trade.
