{"id":122418,"date":"2025-03-25T13:09:59","date_gmt":"2025-03-25T12:10:00","guid":{"rendered":"https:\/\/grontkontor.dk\/?post_type=product&#038;p=122418"},"modified":"2025-05-07T15:57:54","modified_gmt":"2025-05-07T13:57:54","slug":"laptop-sleeve-genanvendt-bomuld","status":"publish","type":"product","link":"https:\/\/grontkontor.dk\/sv\/shop\/laptop-sleeve-genanvendt-bomuld\/","title":{"rendered":"Laptopfodral av \u00e5tervunnen bomull"},"content":{"rendered":"<p>Skydda din dator med detta smarta och praktiska, milj\u00f6v\u00e4nliga laptopfodral (upp till 14&#8243;) &#8211; perfekt som en utdelning och giveaway p\u00e5 m\u00e4ssor eller som en f\u00f6retagspresent. Fodralet \u00e4r tillverkat av \u00e5tervunnen bomull och det \u00e4r vadderat f\u00f6r att skydda din dator p\u00e5 b\u00e4sta m\u00f6jliga s\u00e4tt.  Fodralet \u00e4r utrustat med en rej\u00e4l dragkedja.  Bomull \u00e4r en biologiskt nedbrytbar och komposterbar naturprodukt och \u00e4r en av v\u00e4rldens \u00e4ldsta handels- och jordbruksvaror. \u00c5tervunnen bomull \u00e4r mindre belastande f\u00f6r klimatet \u00e4n konventionell eller ekologisk bomull, och s\u00e4rskiljer sig speciellt genom att f\u00f6rl\u00e4nga bomullsprodukternas levnadstid och d\u00e4rigenom fungera som CO2 lager f\u00f6r redan producerad bomull.  &nbsp; Global Recycled Standard certificeringen garanterar att man \u00e5tervunnet minst 50% av materialet i en slutprodukt. GRS \u00e4r dessutom en garanti f\u00f6r goda arbetsvillkor och minimalt inneh\u00e5ll av skatlig kemi.  &nbsp; <img loading=\"lazy\" decoding=\"async\" src=\"https:\/\/grontkontor.dk\/wp-content\/uploads\/2021\/02\/genbrug.jpg\" alt=\"Fremstillet af genbrugsmaterialer\" width=\"50\" height=\"50\" class=\"size-full wp-image-23031\" srcset=\"https:\/\/grontkontor.dk\/wp-content\/uploads\/2021\/02\/genbrug.jpg 199w, https:\/\/grontkontor.dk\/wp-content\/uploads\/2021\/02\/genbrug-100x100.jpg 100w\" sizes=\"(max-width: 50px) 100vw, 50px\" \/><a href=\"https:\/\/textileexchange.org\/standards\/recycled-claim-standard-global-recycled-standard\/\"><img loading=\"lazy\" decoding=\"async\" src=\"https:\/\/grontkontor.dk\/wp-content\/uploads\/2021\/06\/global-recycled-standard-1.jpg\" alt=\"Global recycled standard\" width=\"50\" height=\"50\" class=\"size-full wp-image-25504\" \/> <\/a> &nbsp;<\/p>\n","protected":false},"excerpt":{"rendered":"<p>Skydda din dator med detta smarta och praktiska, milj\u00f6v\u00e4nliga laptopfodral (upp till 14&#8243;) &#8211; perfekt som en utdelning och giveaway p\u00e5 m\u00e4ssor eller som en f\u00f6retagspresent. Fodralet \u00e4r tillverkat av \u00e5tervunnen bomull och det \u00e4r vadderat f\u00f6r att skydda din dator p\u00e5 b\u00e4sta m\u00f6jliga s\u00e4tt. Fodralet \u00e4r utrustat med en rej\u00e4l dragkedja. &nbsp; &nbsp; &nbsp;<\/p>\n","protected":false},"featured_media":122476,"comment_status":"closed","ping_status":"closed","template":"","meta":{"_acf_changed":false},"product_cat":[676,2107,867,2394,675],"product_tag":[2989,744,2988,4679],"class_list":{"0":"post-122418","1":"product","2":"type-product","3":"status-publish","4":"has-post-thumbnail","6":"product_cat-datorvaeskor-och-fodral","7":"product_cat-dummy-moq-1-sv","8":"product_cat-miljovaenliga-foretagspresenter","9":"product_cat-nyheter","10":"product_cat-vaeskor-och-fodral","11":"product_tag-cover-sv","12":"product_tag-datorvaeska","13":"product_tag-fodral-foer-baerbar-dator","14":"product_tag-aerm","15":"tm-has-options","17":"first","18":"instock","19":"taxable","20":"shipping-taxable","21":"purchasable","22":"product-type-variable","23":"has-default-attributes"},"acf":[],"yoast_head":"<!-- This site is optimized with the Yoast SEO Premium plugin v21.2 (Yoast SEO v21.2) - https:\/\/yoast.com\/wordpress\/plugins\/seo\/ -->\n<title>Laptopfodral av \u00e5tervunnen bomull - Gr\u00f8nt Kontor<\/title>\n<meta name=\"robots\" content=\"index, follow, max-snippet:-1, max-image-preview:large, max-video-preview:-1\" \/>\n<link rel=\"canonical\" href=\"https:\/\/grontkontor.dk\/sv\/shop\/laptop-sleeve-genanvendt-bomuld\/\" \/>\n<meta property=\"og:locale\" content=\"sv_SE\" \/>\n<meta property=\"og:type\" content=\"article\" \/>\n<meta property=\"og:title\" content=\"Laptopfodral av \u00e5tervunnen bomull\" \/>\n<meta property=\"og:description\" content=\"Skydda din dator med detta smarta och praktiska, milj\u00f6v\u00e4nliga laptopfodral (upp till 14&#8243;) &#8211; perfekt som en utdelning och giveaway p\u00e5 m\u00e4ssor eller som en f\u00f6retagspresent. Fodralet \u00e4r tillverkat av \u00e5tervunnen bomull och det \u00e4r vadderat f\u00f6r att skydda din dator p\u00e5 b\u00e4sta m\u00f6jliga s\u00e4tt. Fodralet \u00e4r utrustat med en rej\u00e4l dragkedja. &nbsp; &nbsp; &nbsp;\" \/>\n<meta property=\"og:url\" content=\"https:\/\/grontkontor.dk\/sv\/shop\/laptop-sleeve-genanvendt-bomuld\/\" \/>\n<meta property=\"og:site_name\" content=\"Gr\u00f8nt Kontor\" \/>\n<meta property=\"article:publisher\" content=\"https:\/\/www.facebook.com\/grontkontor.dk\/\" \/>\n<meta property=\"article:modified_time\" content=\"2025-05-07T13:57:54+00:00\" \/>\n<meta property=\"og:image\" content=\"https:\/\/grontkontor.dk\/wp-content\/uploads\/2025\/03\/Klimavenlig-computertaske-genavendt-bomuld-collage.jpg\" \/>\n\t<meta property=\"og:image:width\" content=\"900\" \/>\n\t<meta property=\"og:image:height\" content=\"639\" \/>\n\t<meta property=\"og:image:type\" content=\"image\/jpeg\" \/>\n<meta name=\"twitter:card\" content=\"summary_large_image\" \/>\n<script type=\"application\/ld+json\" class=\"yoast-schema-graph\">{\"@context\":\"https:\/\/schema.org\",\"@graph\":[{\"@type\":\"WebPage\",\"@id\":\"https:\/\/grontkontor.dk\/sv\/shop\/laptop-sleeve-genanvendt-bomuld\/\",\"url\":\"https:\/\/grontkontor.dk\/sv\/shop\/laptop-sleeve-genanvendt-bomuld\/\",\"name\":\"Laptopfodral av \u00e5tervunnen bomull - Gr\u00f8nt Kontor\",\"isPartOf\":{\"@id\":\"https:\/\/grontkontor.dk\/#website\"},\"datePublished\":\"2025-03-25T12:10:00+00:00\",\"dateModified\":\"2025-05-07T13:57:54+00:00\",\"breadcrumb\":{\"@id\":\"https:\/\/grontkontor.dk\/sv\/shop\/laptop-sleeve-genanvendt-bomuld\/#breadcrumb\"},\"inLanguage\":\"sv-SE\",\"potentialAction\":[{\"@type\":\"ReadAction\",\"target\":[\"https:\/\/grontkontor.dk\/sv\/shop\/laptop-sleeve-genanvendt-bomuld\/\"]}]},{\"@type\":\"BreadcrumbList\",\"@id\":\"https:\/\/grontkontor.dk\/sv\/shop\/laptop-sleeve-genanvendt-bomuld\/#breadcrumb\",\"itemListElement\":[{\"@type\":\"ListItem\",\"position\":1,\"name\":\"Forside\",\"item\":\"https:\/\/grontkontor.dk\/\"},{\"@type\":\"ListItem\",\"position\":2,\"name\":\"Shop\",\"item\":\"https:\/\/grontkontor.dk\/sv\/shop\/\"},{\"@type\":\"ListItem\",\"position\":3,\"name\":\"V\u00e4skor, fodral och covers\",\"item\":\"https:\/\/grontkontor.dk\/sv\/produkt-kategori\/vaeskor-och-fodral\/\"},{\"@type\":\"ListItem\",\"position\":4,\"name\":\"Datorv\u00e4skor och fodral\",\"item\":\"https:\/\/grontkontor.dk\/sv\/produkt-kategori\/vaeskor-och-fodral\/datorvaeskor-och-fodral\/\"},{\"@type\":\"ListItem\",\"position\":5,\"name\":\"Laptopfodral av \u00e5tervunnen bomull\"}]},{\"@type\":\"WebSite\",\"@id\":\"https:\/\/grontkontor.dk\/#website\",\"url\":\"https:\/\/grontkontor.dk\/\",\"name\":\"Gr\u00f8nt Kontor\",\"description\":\"Milj\u00f8venlige produkter til kontor og erhverv med fokus p\u00e5 b\u00e6redygtighed, design og fair trade.\",\"publisher\":{\"@id\":\"https:\/\/grontkontor.dk\/#organization\"},\"potentialAction\":[{\"@type\":\"SearchAction\",\"target\":{\"@type\":\"EntryPoint\",\"urlTemplate\":\"https:\/\/grontkontor.dk\/?s={search_term_string}\"},\"query-input\":\"required name=search_term_string\"}],\"inLanguage\":\"sv-SE\"},{\"@type\":\"Organization\",\"@id\":\"https:\/\/grontkontor.dk\/#organization\",\"name\":\"Gr\u00f8nt Kontor\",\"url\":\"https:\/\/grontkontor.dk\/\",\"logo\":{\"@type\":\"ImageObject\",\"inLanguage\":\"sv-SE\",\"@id\":\"https:\/\/grontkontor.dk\/#\/schema\/logo\/image\/\",\"url\":\"https:\/\/grontkontor.dk\/wp-content\/uploads\/2014\/02\/Logo_groent_kontor_300x80.png\",\"contentUrl\":\"https:\/\/grontkontor.dk\/wp-content\/uploads\/2014\/02\/Logo_groent_kontor_300x80.png\",\"width\":300,\"height\":80,\"caption\":\"Gr\u00f8nt Kontor\"},\"image\":{\"@id\":\"https:\/\/grontkontor.dk\/#\/schema\/logo\/image\/\"},\"sameAs\":[\"https:\/\/www.facebook.com\/grontkontor.dk\/\"]}]}<\/script>\n<!-- \/ Yoast SEO Premium plugin. -->","yoast_head_json":{"title":"Laptopfodral av \u00e5tervunnen bomull - Gr\u00f8nt Kontor","robots":{"index":"index","follow":"follow","max-snippet":"max-snippet:-1","max-image-preview":"max-image-preview:large","max-video-preview":"max-video-preview:-1"},"canonical":"https:\/\/grontkontor.dk\/sv\/shop\/laptop-sleeve-genanvendt-bomuld\/","og_locale":"sv_SE","og_type":"article","og_title":"Laptopfodral av \u00e5tervunnen bomull","og_description":"Skydda din dator med detta smarta och praktiska, milj\u00f6v\u00e4nliga laptopfodral (upp till 14&#8243;) &#8211; perfekt som en utdelning och giveaway p\u00e5 m\u00e4ssor eller som en f\u00f6retagspresent. Fodralet \u00e4r tillverkat av \u00e5tervunnen bomull och det \u00e4r vadderat f\u00f6r att skydda din dator p\u00e5 b\u00e4sta m\u00f6jliga s\u00e4tt. Fodralet \u00e4r utrustat med en rej\u00e4l dragkedja. &nbsp; &nbsp; &nbsp;","og_url":"https:\/\/grontkontor.dk\/sv\/shop\/laptop-sleeve-genanvendt-bomuld\/","og_site_name":"Gr\u00f8nt Kontor","article_publisher":"https:\/\/www.facebook.com\/grontkontor.dk\/","article_modified_time":"2025-05-07T13:57:54+00:00","og_image":[{"width":900,"height":639,"url":"https:\/\/grontkontor.dk\/wp-content\/uploads\/2025\/03\/Klimavenlig-computertaske-genavendt-bomuld-collage.jpg","type":"image\/jpeg"}],"twitter_card":"summary_large_image","schema":{"@context":"https:\/\/schema.org","@graph":[{"@type":"WebPage","@id":"https:\/\/grontkontor.dk\/sv\/shop\/laptop-sleeve-genanvendt-bomuld\/","url":"https:\/\/grontkontor.dk\/sv\/shop\/laptop-sleeve-genanvendt-bomuld\/","name":"Laptopfodral av \u00e5tervunnen bomull - Gr\u00f8nt Kontor","isPartOf":{"@id":"https:\/\/grontkontor.dk\/#website"},"datePublished":"2025-03-25T12:10:00+00:00","dateModified":"2025-05-07T13:57:54+00:00","breadcrumb":{"@id":"https:\/\/grontkontor.dk\/sv\/shop\/laptop-sleeve-genanvendt-bomuld\/#breadcrumb"},"inLanguage":"sv-SE","potentialAction":[{"@type":"ReadAction","target":["https:\/\/grontkontor.dk\/sv\/shop\/laptop-sleeve-genanvendt-bomuld\/"]}]},{"@type":"BreadcrumbList","@id":"https:\/\/grontkontor.dk\/sv\/shop\/laptop-sleeve-genanvendt-bomuld\/#breadcrumb","itemListElement":[{"@type":"ListItem","position":1,"name":"Forside","item":"https:\/\/grontkontor.dk\/"},{"@type":"ListItem","position":2,"name":"Shop","item":"https:\/\/grontkontor.dk\/sv\/shop\/"},{"@type":"ListItem","position":3,"name":"V\u00e4skor, fodral och covers","item":"https:\/\/grontkontor.dk\/sv\/produkt-kategori\/vaeskor-och-fodral\/"},{"@type":"ListItem","position":4,"name":"Datorv\u00e4skor och fodral","item":"https:\/\/grontkontor.dk\/sv\/produkt-kategori\/vaeskor-och-fodral\/datorvaeskor-och-fodral\/"},{"@type":"ListItem","position":5,"name":"Laptopfodral av \u00e5tervunnen bomull"}]},{"@type":"WebSite","@id":"https:\/\/grontkontor.dk\/#website","url":"https:\/\/grontkontor.dk\/","name":"Gr\u00f8nt Kontor","description":"Milj\u00f8venlige produkter til kontor og erhverv med fokus p\u00e5 b\u00e6redygtighed, design og fair trade.","publisher":{"@id":"https:\/\/grontkontor.dk\/#organization"},"potentialAction":[{"@type":"SearchAction","target":{"@type":"EntryPoint","urlTemplate":"https:\/\/grontkontor.dk\/?s={search_term_string}"},"query-input":"required name=search_term_string"}],"inLanguage":"sv-SE"},{"@type":"Organization","@id":"https:\/\/grontkontor.dk\/#organization","name":"Gr\u00f8nt Kontor","url":"https:\/\/grontkontor.dk\/","logo":{"@type":"ImageObject","inLanguage":"sv-SE","@id":"https:\/\/grontkontor.dk\/#\/schema\/logo\/image\/","url":"https:\/\/grontkontor.dk\/wp-content\/uploads\/2014\/02\/Logo_groent_kontor_300x80.png","contentUrl":"https:\/\/grontkontor.dk\/wp-content\/uploads\/2014\/02\/Logo_groent_kontor_300x80.png","width":300,"height":80,"caption":"Gr\u00f8nt Kontor"},"image":{"@id":"https:\/\/grontkontor.dk\/#\/schema\/logo\/image\/"},"sameAs":["https:\/\/www.facebook.com\/grontkontor.dk\/"]}]}},"_links":{"self":[{"href":"https:\/\/grontkontor.dk\/sv\/wp-json\/wp\/v2\/product\/122418"}],"collection":[{"href":"https:\/\/grontkontor.dk\/sv\/wp-json\/wp\/v2\/product"}],"about":[{"href":"https:\/\/grontkontor.dk\/sv\/wp-json\/wp\/v2\/types\/product"}],"replies":[{"embeddable":true,"href":"https:\/\/grontkontor.dk\/sv\/wp-json\/wp\/v2\/comments?post=122418"}],"wp:featuredmedia":[{"embeddable":true,"href":"https:\/\/grontkontor.dk\/sv\/wp-json\/wp\/v2\/media\/122476"}],"wp:attachment":[{"href":"https:\/\/grontkontor.dk\/sv\/wp-json\/wp\/v2\/media?parent=122418"}],"wp:term":[{"taxonomy":"product_cat","embeddable":true,"href":"https:\/\/grontkontor.dk\/sv\/wp-json\/wp\/v2\/product_cat?post=122418"},{"taxonomy":"product_tag","embeddable":true,"href":"https:\/\/grontkontor.dk\/sv\/wp-json\/wp\/v2\/product_tag?post=122418"}],"curies":[{"name":"wp","href":"https:\/\/api.w.org\/{rel}","templated":true}]}}

Laptopfodral av återvunnen bomull

<p>Skydda din dator med detta smarta och praktiska, miljövänliga laptopfodral (upp till 14&#8243;) &#8211; perfekt som en utdelning och giveaway på mässor eller som en företagspresent. Fodralet är tillverkat av återvunnen bomull och det är vadderat för att skydda din dator på bästa möjliga sätt.  Fodralet är utrustat med en rejäl dragkedja.  Bomull är en biologiskt nedbrytbar och komposterbar naturprodukt och är en av världens äldsta handels- och jordbruksvaror. Återvunnen bomull är mindre belastande för klimatet än konventionell eller ekologisk bomull, och särskiljer sig speciellt genom att förlänga bomullsprodukternas levnadstid och därigenom fungera som CO2 lager för redan producerad bomull.  &nbsp; Global Recycled Standard certificeringen garanterar att man återvunnet minst 50% av materialet i en slutprodukt. GRS är dessutom en garanti för goda arbetsvillkor och minimalt innehåll av skatlig kemi.  &nbsp; <img loading="lazy" decoding="async" src="https://grontkontor.dk/wp-content/uploads/2021/02/genbrug.jpg" alt="Fremstillet af genbrugsmaterialer" width="50" height="50" class="size-full wp-image-23031" srcset="https://grontkontor.dk/wp-content/uploads/2021/02/genbrug.jpg 199w, https://grontkontor.dk/wp-content/uploads/2021/02/genbrug-100x100.jpg 100w" sizes="(max-width: 50px) 100vw, 50px" /><a href="https://textileexchange.org/standards/recycled-claim-standard-global-recycled-standard/"><img loading="lazy" decoding="async" src="https://grontkontor.dk/wp-content/uploads/2021/06/global-recycled-standard-1.jpg" alt="Global recycled standard" width="50" height="50" class="size-full wp-image-25504" /> </a> &nbsp;</p>

<p>Skydda din dator med detta smarta och praktiska, miljövänliga laptopfodral (upp till 14&#8243;) &#8211; perfekt som en utdelning och giveaway på mässor eller som en företagspresent. Fodralet är tillverkat av återvunnen bomull och det är vadderat för att skydda din dator på bästa möjliga sätt. Fodralet är utrustat med en rejäl dragkedja. &nbsp; &nbsp; &nbsp;</p>

<!-- This site is optimized with the Yoast SEO Premium plugin v21.2 (Yoast SEO v21.2) - https://yoast.com/wordpress/plugins/seo/ -->
<title>Laptopfodral av återvunnen bomull - Grønt Kontor</title>
<meta name="robots" content="index, follow, max-snippet:-1, max-image-preview:large, max-video-preview:-1" />
<link rel="canonical" href="https://grontkontor.dk/sv/shop/laptop-sleeve-genanvendt-bomuld/" />
<meta property="og:locale" content="sv_SE" />
<meta property="og:type" content="article" />
<meta property="og:title" content="Laptopfodral av återvunnen bomull" />
<meta property="og:description" content="Skydda din dator med detta smarta och praktiska, miljövänliga laptopfodral (upp till 14&#8243;) &#8211; perfekt som en utdelning och giveaway på mässor eller som en företagspresent. Fodralet är tillverkat av återvunnen bomull och det är vadderat för att skydda din dator på bästa möjliga sätt. Fodralet är utrustat med en rejäl dragkedja. &nbsp; &nbsp; &nbsp;" />
<meta property="og:url" content="https://grontkontor.dk/sv/shop/laptop-sleeve-genanvendt-bomuld/" />
<meta property="og:site_name" content="Grønt Kontor" />
<meta property="article:publisher" content="https://www.facebook.com/grontkontor.dk/" />
<meta property="article:modified_time" content="2025-05-07T13:57:54+00:00" />
<meta property="og:image" content="https://grontkontor.dk/wp-content/uploads/2025/03/Klimavenlig-computertaske-genavendt-bomuld-collage.jpg" />
	<meta property="og:image:width" content="900" />
	<meta property="og:image:height" content="639" />
	<meta property="og:image:type" content="image/jpeg" />
<meta name="twitter:card" content="summary_large_image" />
<script type="application/ld+json" class="yoast-schema-graph">{"@context":"https://schema.org","@graph":[{"@type":"WebPage","@id":"https://grontkontor.dk/sv/shop/laptop-sleeve-genanvendt-bomuld/","url":"https://grontkontor.dk/sv/shop/laptop-sleeve-genanvendt-bomuld/","name":"Laptopfodral av återvunnen bomull - Grønt Kontor","isPartOf":{"@id":"https://grontkontor.dk/#website"},"datePublished":"2025-03-25T12:10:00+00:00","dateModified":"2025-05-07T13:57:54+00:00","breadcrumb":{"@id":"https://grontkontor.dk/sv/shop/laptop-sleeve-genanvendt-bomuld/#breadcrumb"},"inLanguage":"sv-SE","potentialAction":[{"@type":"ReadAction","target":["https://grontkontor.dk/sv/shop/laptop-sleeve-genanvendt-bomuld/"]}]},{"@type":"BreadcrumbList","@id":"https://grontkontor.dk/sv/shop/laptop-sleeve-genanvendt-bomuld/#breadcrumb","itemListElement":[{"@type":"ListItem","position":1,"name":"Forside","item":"https://grontkontor.dk/"},{"@type":"ListItem","position":2,"name":"Shop","item":"https://grontkontor.dk/sv/shop/"},{"@type":"ListItem","position":3,"name":"Väskor, fodral och covers","item":"https://grontkontor.dk/sv/produkt-kategori/vaeskor-och-fodral/"},{"@type":"ListItem","position":4,"name":"Datorväskor och fodral","item":"https://grontkontor.dk/sv/produkt-kategori/vaeskor-och-fodral/datorvaeskor-och-fodral/"},{"@type":"ListItem","position":5,"name":"Laptopfodral av återvunnen bomull"}]},{"@type":"WebSite","@id":"https://grontkontor.dk/#website","url":"https://grontkontor.dk/","name":"Grønt Kontor","description":"Miljøvenlige produkter til kontor og erhverv med fokus på bæredygtighed, design og fair trade.","publisher":{"@id":"https://grontkontor.dk/#organization"},"potentialAction":[{"@type":"SearchAction","target":{"@type":"EntryPoint","urlTemplate":"https://grontkontor.dk/?s={search_term_string}"},"query-input":"required name=search_term_string"}],"inLanguage":"sv-SE"},{"@type":"Organization","@id":"https://grontkontor.dk/#organization","name":"Grønt Kontor","url":"https://grontkontor.dk/","logo":{"@type":"ImageObject","inLanguage":"sv-SE","@id":"https://grontkontor.dk/#/schema/logo/image/","url":"https://grontkontor.dk/wp-content/uploads/2014/02/Logo_groent_kontor_300x80.png","contentUrl":"https://grontkontor.dk/wp-content/uploads/2014/02/Logo_groent_kontor_300x80.png","width":300,"height":80,"caption":"Grønt Kontor"},"image":{"@id":"https://grontkontor.dk/#/schema/logo/image/"},"sameAs":["https://www.facebook.com/grontkontor.dk/"]}]}</script>
<!-- / Yoast SEO Premium plugin. -->

Laptopfodral av återvunnen bomull - Grønt Kontor

Skydda din dator med detta smarta och praktiska, miljövänliga laptopfodral (upp till 14&#8243;) &#8211; perfekt som en utdelning och giveaway på mässor eller som en företagspresent. Fodralet är tillverkat av återvunnen bomull och det är vadderat för att skydda din dator på bästa möjliga sätt. Fodralet är utrustat med en rejäl dragkedja. &nbsp; &nbsp; &nbsp;

Grønt Kontor

Väskor, fodral och covers

Datorväskor och fodral

Miljøvenlige produkter til kontor og erhverv med fokus på bæredygtighed, design og fair trade.
