{"id":75215,"date":"2023-09-22T13:14:27","date_gmt":"2023-09-22T21:16:28","guid":{"rendered":"https:\/\/grontkontor.dk\/produkt\/espresso-termokop-med-bambusunderkop\/"},"modified":"2024-02-28T10:24:50","modified_gmt":"2024-02-28T09:24:50","slug":"espresso-termokop-med-bambusunderkop","status":"publish","type":"product","link":"https:\/\/grontkontor.dk\/sv\/shop\/espresso-termokop-med-bambusunderkop\/","title":{"rendered":"Espressokopp med bambufat"},"content":{"rendered":"<p>H\u00e4rlig espressokopp tillverkad av borosilikatglas av h\u00f6gsta kvalitet med fat i bambu.<\/p>\n<p>En superfin och lyxig handout eller giveaway f\u00f6r m\u00e4ssa och event.<\/p>\n<p>Kopparna \u00e4r l\u00e4mpliga f\u00f6r diskmaskin och mikrov\u00e5gsugn, bambufat rekommenderas f\u00f6r manuell diskning.<br \/>\nTermoskoppen \u00e4r godk\u00e4nt till kontakt med livsmedel och 100% BPA fritt<\/p>\n<p>Inneh\u00e5ll: 90ml.<\/p>\n<p>Glas \u00e4r ett h\u00e5llbart, \u00e5teranv\u00e4ndningsbart material, framst\u00e4llt av sand eller \u00e5tervinnet glas. Glasproduktion \u00e4r energikr\u00e4vande, s\u00e5 graden av h\u00e5llbarhet \u00e4r beroende av energik\u00e4llan vid produktionen. Glas f\u00f6rorenar inte vid bortskaffning.  Bambu \u00e4r biologiskt nedbrytbart och d\u00e4rf\u00f6r ett fantastiskt material n\u00e4r det kommer till h\u00e5llbarhet. Den har en extremt snabb \u00e5terv\u00e4xt efter sk\u00f6rd. Banbu fungerar, precis som andra naturprodukter, som ett CO2 dep\u00e5 under hela sin livsdid. <\/p>\n<p>&nbsp;<\/p>\n","protected":false},"excerpt":{"rendered":"<p>H\u00e4rlig espressokopp tillverkad av borosilikatglas av h\u00f6gsta kvalitet med fat i bambu. En superfin och lyxig handout eller giveaway f\u00f6r m\u00e4ssa och event. Kopparna \u00e4r l\u00e4mpliga f\u00f6r diskmaskin och mikrov\u00e5gsugn, bambufat rekommenderas f\u00f6r manuell diskning. Termoskoppen \u00e4r Inneh\u00e5ll: 90ml. &nbsp;<\/p>\n","protected":false},"featured_media":21061,"comment_status":"closed","ping_status":"closed","template":"","meta":{"_acf_changed":false},"product_cat":[4452,2107,2233,1954],"product_tag":[1910],"class_list":{"0":"post-75215","1":"product","2":"type-product","3":"status-publish","4":"has-post-thumbnail","6":"product_cat-muggar-och-koppar-sv","7":"product_cat-dummy-moq-1-sv","8":"product_cat-mat-och-dryck","9":"product_cat-muggar-och-koppar","10":"product_tag-krus-sv","11":"tm-has-options","13":"first","14":"instock","15":"taxable","16":"shipping-taxable","17":"purchasable","18":"product-type-simple"},"acf":[],"yoast_head":"<!-- This site is optimized with the Yoast SEO Premium plugin v21.2 (Yoast SEO v21.2) - https:\/\/yoast.com\/wordpress\/plugins\/seo\/ -->\n<title>Espressokopp med bambufat - Gr\u00f8nt Kontor<\/title>\n<meta name=\"robots\" content=\"index, follow, max-snippet:-1, max-image-preview:large, max-video-preview:-1\" \/>\n<link rel=\"canonical\" href=\"https:\/\/grontkontor.dk\/sv\/shop\/espresso-termokop-med-bambusunderkop\/\" \/>\n<meta property=\"og:locale\" content=\"sv_SE\" \/>\n<meta property=\"og:type\" content=\"article\" \/>\n<meta property=\"og:title\" content=\"Espressokopp med bambufat\" \/>\n<meta property=\"og:description\" content=\"H\u00e4rlig espressokopp tillverkad av borosilikatglas av h\u00f6gsta kvalitet med fat i bambu. En superfin och lyxig handout eller giveaway f\u00f6r m\u00e4ssa och event. Kopparna \u00e4r l\u00e4mpliga f\u00f6r diskmaskin och mikrov\u00e5gsugn, bambufat rekommenderas f\u00f6r manuell diskning. Termoskoppen \u00e4r Inneh\u00e5ll: 90ml. &nbsp;\" \/>\n<meta property=\"og:url\" content=\"https:\/\/grontkontor.dk\/sv\/shop\/espresso-termokop-med-bambusunderkop\/\" \/>\n<meta property=\"og:site_name\" content=\"Gr\u00f8nt Kontor\" \/>\n<meta property=\"article:publisher\" content=\"https:\/\/www.facebook.com\/grontkontor.dk\/\" \/>\n<meta property=\"article:modified_time\" content=\"2024-02-28T09:24:50+00:00\" \/>\n<meta property=\"og:image\" content=\"https:\/\/grontkontor.dk\/wp-content\/uploads\/2020\/11\/glaskop-bambusske-serveringsplade-02-1.jpg\" \/>\n\t<meta property=\"og:image:width\" content=\"900\" \/>\n\t<meta property=\"og:image:height\" content=\"639\" \/>\n\t<meta property=\"og:image:type\" content=\"image\/jpeg\" \/>\n<meta name=\"twitter:card\" content=\"summary_large_image\" \/>\n<script type=\"application\/ld+json\" class=\"yoast-schema-graph\">{\"@context\":\"https:\/\/schema.org\",\"@graph\":[{\"@type\":\"WebPage\",\"@id\":\"https:\/\/grontkontor.dk\/sv\/shop\/espresso-termokop-med-bambusunderkop\/\",\"url\":\"https:\/\/grontkontor.dk\/sv\/shop\/espresso-termokop-med-bambusunderkop\/\",\"name\":\"Espressokopp med bambufat - Gr\u00f8nt Kontor\",\"isPartOf\":{\"@id\":\"https:\/\/grontkontor.dk\/#website\"},\"datePublished\":\"2023-09-22T21:16:28+00:00\",\"dateModified\":\"2024-02-28T09:24:50+00:00\",\"breadcrumb\":{\"@id\":\"https:\/\/grontkontor.dk\/sv\/shop\/espresso-termokop-med-bambusunderkop\/#breadcrumb\"},\"inLanguage\":\"sv-SE\",\"potentialAction\":[{\"@type\":\"ReadAction\",\"target\":[\"https:\/\/grontkontor.dk\/sv\/shop\/espresso-termokop-med-bambusunderkop\/\"]}]},{\"@type\":\"BreadcrumbList\",\"@id\":\"https:\/\/grontkontor.dk\/sv\/shop\/espresso-termokop-med-bambusunderkop\/#breadcrumb\",\"itemListElement\":[{\"@type\":\"ListItem\",\"position\":1,\"name\":\"Forside\",\"item\":\"https:\/\/grontkontor.dk\/\"},{\"@type\":\"ListItem\",\"position\":2,\"name\":\"Shop\",\"item\":\"https:\/\/grontkontor.dk\/sv\/shop\/\"},{\"@type\":\"ListItem\",\"position\":3,\"name\":\"Mad og drikke\",\"item\":\"https:\/\/grontkontor.dk\/produkt-kategori\/mad-og-drikke\/\"},{\"@type\":\"ListItem\",\"position\":4,\"name\":\"Krus, kopper mm.\",\"item\":\"https:\/\/grontkontor.dk\/produkt-kategori\/mad-og-drikke\/to-go-krus-og-kopper\/\"},{\"@type\":\"ListItem\",\"position\":5,\"name\":\"Espressokopp med bambufat\"}]},{\"@type\":\"WebSite\",\"@id\":\"https:\/\/grontkontor.dk\/#website\",\"url\":\"https:\/\/grontkontor.dk\/\",\"name\":\"Gr\u00f8nt Kontor\",\"description\":\"Milj\u00f8venlige produkter til kontor og erhverv med fokus p\u00e5 b\u00e6redygtighed, design og fair trade.\",\"publisher\":{\"@id\":\"https:\/\/grontkontor.dk\/#organization\"},\"potentialAction\":[{\"@type\":\"SearchAction\",\"target\":{\"@type\":\"EntryPoint\",\"urlTemplate\":\"https:\/\/grontkontor.dk\/?s={search_term_string}\"},\"query-input\":\"required name=search_term_string\"}],\"inLanguage\":\"sv-SE\"},{\"@type\":\"Organization\",\"@id\":\"https:\/\/grontkontor.dk\/#organization\",\"name\":\"Gr\u00f8nt Kontor\",\"url\":\"https:\/\/grontkontor.dk\/\",\"logo\":{\"@type\":\"ImageObject\",\"inLanguage\":\"sv-SE\",\"@id\":\"https:\/\/grontkontor.dk\/#\/schema\/logo\/image\/\",\"url\":\"https:\/\/grontkontor.dk\/wp-content\/uploads\/2014\/02\/Logo_groent_kontor_300x80.png\",\"contentUrl\":\"https:\/\/grontkontor.dk\/wp-content\/uploads\/2014\/02\/Logo_groent_kontor_300x80.png\",\"width\":300,\"height\":80,\"caption\":\"Gr\u00f8nt Kontor\"},\"image\":{\"@id\":\"https:\/\/grontkontor.dk\/#\/schema\/logo\/image\/\"},\"sameAs\":[\"https:\/\/www.facebook.com\/grontkontor.dk\/\"]}]}<\/script>\n<!-- \/ Yoast SEO Premium plugin. -->","yoast_head_json":{"title":"Espressokopp med bambufat - Gr\u00f8nt Kontor","robots":{"index":"index","follow":"follow","max-snippet":"max-snippet:-1","max-image-preview":"max-image-preview:large","max-video-preview":"max-video-preview:-1"},"canonical":"https:\/\/grontkontor.dk\/sv\/shop\/espresso-termokop-med-bambusunderkop\/","og_locale":"sv_SE","og_type":"article","og_title":"Espressokopp med bambufat","og_description":"H\u00e4rlig espressokopp tillverkad av borosilikatglas av h\u00f6gsta kvalitet med fat i bambu. En superfin och lyxig handout eller giveaway f\u00f6r m\u00e4ssa och event. Kopparna \u00e4r l\u00e4mpliga f\u00f6r diskmaskin och mikrov\u00e5gsugn, bambufat rekommenderas f\u00f6r manuell diskning. Termoskoppen \u00e4r Inneh\u00e5ll: 90ml. &nbsp;","og_url":"https:\/\/grontkontor.dk\/sv\/shop\/espresso-termokop-med-bambusunderkop\/","og_site_name":"Gr\u00f8nt Kontor","article_publisher":"https:\/\/www.facebook.com\/grontkontor.dk\/","article_modified_time":"2024-02-28T09:24:50+00:00","og_image":[{"width":900,"height":639,"url":"https:\/\/grontkontor.dk\/wp-content\/uploads\/2020\/11\/glaskop-bambusske-serveringsplade-02-1.jpg","type":"image\/jpeg"}],"twitter_card":"summary_large_image","schema":{"@context":"https:\/\/schema.org","@graph":[{"@type":"WebPage","@id":"https:\/\/grontkontor.dk\/sv\/shop\/espresso-termokop-med-bambusunderkop\/","url":"https:\/\/grontkontor.dk\/sv\/shop\/espresso-termokop-med-bambusunderkop\/","name":"Espressokopp med bambufat - Gr\u00f8nt Kontor","isPartOf":{"@id":"https:\/\/grontkontor.dk\/#website"},"datePublished":"2023-09-22T21:16:28+00:00","dateModified":"2024-02-28T09:24:50+00:00","breadcrumb":{"@id":"https:\/\/grontkontor.dk\/sv\/shop\/espresso-termokop-med-bambusunderkop\/#breadcrumb"},"inLanguage":"sv-SE","potentialAction":[{"@type":"ReadAction","target":["https:\/\/grontkontor.dk\/sv\/shop\/espresso-termokop-med-bambusunderkop\/"]}]},{"@type":"BreadcrumbList","@id":"https:\/\/grontkontor.dk\/sv\/shop\/espresso-termokop-med-bambusunderkop\/#breadcrumb","itemListElement":[{"@type":"ListItem","position":1,"name":"Forside","item":"https:\/\/grontkontor.dk\/"},{"@type":"ListItem","position":2,"name":"Shop","item":"https:\/\/grontkontor.dk\/sv\/shop\/"},{"@type":"ListItem","position":3,"name":"Mad og drikke","item":"https:\/\/grontkontor.dk\/produkt-kategori\/mad-og-drikke\/"},{"@type":"ListItem","position":4,"name":"Krus, kopper mm.","item":"https:\/\/grontkontor.dk\/produkt-kategori\/mad-og-drikke\/to-go-krus-og-kopper\/"},{"@type":"ListItem","position":5,"name":"Espressokopp med bambufat"}]},{"@type":"WebSite","@id":"https:\/\/grontkontor.dk\/#website","url":"https:\/\/grontkontor.dk\/","name":"Gr\u00f8nt Kontor","description":"Milj\u00f8venlige produkter til kontor og erhverv med fokus p\u00e5 b\u00e6redygtighed, design og fair trade.","publisher":{"@id":"https:\/\/grontkontor.dk\/#organization"},"potentialAction":[{"@type":"SearchAction","target":{"@type":"EntryPoint","urlTemplate":"https:\/\/grontkontor.dk\/?s={search_term_string}"},"query-input":"required name=search_term_string"}],"inLanguage":"sv-SE"},{"@type":"Organization","@id":"https:\/\/grontkontor.dk\/#organization","name":"Gr\u00f8nt Kontor","url":"https:\/\/grontkontor.dk\/","logo":{"@type":"ImageObject","inLanguage":"sv-SE","@id":"https:\/\/grontkontor.dk\/#\/schema\/logo\/image\/","url":"https:\/\/grontkontor.dk\/wp-content\/uploads\/2014\/02\/Logo_groent_kontor_300x80.png","contentUrl":"https:\/\/grontkontor.dk\/wp-content\/uploads\/2014\/02\/Logo_groent_kontor_300x80.png","width":300,"height":80,"caption":"Gr\u00f8nt Kontor"},"image":{"@id":"https:\/\/grontkontor.dk\/#\/schema\/logo\/image\/"},"sameAs":["https:\/\/www.facebook.com\/grontkontor.dk\/"]}]}},"_links":{"self":[{"href":"https:\/\/grontkontor.dk\/sv\/wp-json\/wp\/v2\/product\/75215"}],"collection":[{"href":"https:\/\/grontkontor.dk\/sv\/wp-json\/wp\/v2\/product"}],"about":[{"href":"https:\/\/grontkontor.dk\/sv\/wp-json\/wp\/v2\/types\/product"}],"replies":[{"embeddable":true,"href":"https:\/\/grontkontor.dk\/sv\/wp-json\/wp\/v2\/comments?post=75215"}],"wp:featuredmedia":[{"embeddable":true,"href":"https:\/\/grontkontor.dk\/sv\/wp-json\/wp\/v2\/media\/21061"}],"wp:attachment":[{"href":"https:\/\/grontkontor.dk\/sv\/wp-json\/wp\/v2\/media?parent=75215"}],"wp:term":[{"taxonomy":"product_cat","embeddable":true,"href":"https:\/\/grontkontor.dk\/sv\/wp-json\/wp\/v2\/product_cat?post=75215"},{"taxonomy":"product_tag","embeddable":true,"href":"https:\/\/grontkontor.dk\/sv\/wp-json\/wp\/v2\/product_tag?post=75215"}],"curies":[{"name":"wp","href":"https:\/\/api.w.org\/{rel}","templated":true}]}}

<p>Härlig espressokopp tillverkad av borosilikatglas av högsta kvalitet med fat i bambu.</p>
<p>En superfin och lyxig handout eller giveaway för mässa och event.</p>
<p>Kopparna är lämpliga för diskmaskin och mikrovågsugn, bambufat rekommenderas för manuell diskning.<br />
Termoskoppen är godkänt till kontakt med livsmedel och 100% BPA fritt</p>
<p>Innehåll: 90ml.</p>
<p>Glas är ett hållbart, återanvändningsbart material, framställt av sand eller återvinnet glas. Glasproduktion är energikrävande, så graden av hållbarhet är beroende av energikällan vid produktionen. Glas förorenar inte vid bortskaffning.  Bambu är biologiskt nedbrytbart och därför ett fantastiskt material när det kommer till hållbarhet. Den har en extremt snabb återväxt efter skörd. Banbu fungerar, precis som andra naturprodukter, som ett CO2 depå under hela sin livsdid. </p>
<p>&nbsp;</p>

<p>Härlig espressokopp tillverkad av borosilikatglas av högsta kvalitet med fat i bambu. En superfin och lyxig handout eller giveaway för mässa och event. Kopparna är lämpliga för diskmaskin och mikrovågsugn, bambufat rekommenderas för manuell diskning. Termoskoppen är Innehåll: 90ml. &nbsp;</p>

<!-- This site is optimized with the Yoast SEO Premium plugin v21.2 (Yoast SEO v21.2) - https://yoast.com/wordpress/plugins/seo/ -->
<title>Espressokopp med bambufat - Grønt Kontor</title>
<meta name="robots" content="index, follow, max-snippet:-1, max-image-preview:large, max-video-preview:-1" />
<link rel="canonical" href="https://grontkontor.dk/sv/shop/espresso-termokop-med-bambusunderkop/" />
<meta property="og:locale" content="sv_SE" />
<meta property="og:type" content="article" />
<meta property="og:title" content="Espressokopp med bambufat" />
<meta property="og:description" content="Härlig espressokopp tillverkad av borosilikatglas av högsta kvalitet med fat i bambu. En superfin och lyxig handout eller giveaway för mässa och event. Kopparna är lämpliga för diskmaskin och mikrovågsugn, bambufat rekommenderas för manuell diskning. Termoskoppen är Innehåll: 90ml. &nbsp;" />
<meta property="og:url" content="https://grontkontor.dk/sv/shop/espresso-termokop-med-bambusunderkop/" />
<meta property="og:site_name" content="Grønt Kontor" />
<meta property="article:publisher" content="https://www.facebook.com/grontkontor.dk/" />
<meta property="article:modified_time" content="2024-02-28T09:24:50+00:00" />
<meta property="og:image" content="https://grontkontor.dk/wp-content/uploads/2020/11/glaskop-bambusske-serveringsplade-02-1.jpg" />
	<meta property="og:image:width" content="900" />
	<meta property="og:image:height" content="639" />
	<meta property="og:image:type" content="image/jpeg" />
<meta name="twitter:card" content="summary_large_image" />
<script type="application/ld+json" class="yoast-schema-graph">{"@context":"https://schema.org","@graph":[{"@type":"WebPage","@id":"https://grontkontor.dk/sv/shop/espresso-termokop-med-bambusunderkop/","url":"https://grontkontor.dk/sv/shop/espresso-termokop-med-bambusunderkop/","name":"Espressokopp med bambufat - Grønt Kontor","isPartOf":{"@id":"https://grontkontor.dk/#website"},"datePublished":"2023-09-22T21:16:28+00:00","dateModified":"2024-02-28T09:24:50+00:00","breadcrumb":{"@id":"https://grontkontor.dk/sv/shop/espresso-termokop-med-bambusunderkop/#breadcrumb"},"inLanguage":"sv-SE","potentialAction":[{"@type":"ReadAction","target":["https://grontkontor.dk/sv/shop/espresso-termokop-med-bambusunderkop/"]}]},{"@type":"BreadcrumbList","@id":"https://grontkontor.dk/sv/shop/espresso-termokop-med-bambusunderkop/#breadcrumb","itemListElement":[{"@type":"ListItem","position":1,"name":"Forside","item":"https://grontkontor.dk/"},{"@type":"ListItem","position":2,"name":"Shop","item":"https://grontkontor.dk/sv/shop/"},{"@type":"ListItem","position":3,"name":"Mad og drikke","item":"https://grontkontor.dk/produkt-kategori/mad-og-drikke/"},{"@type":"ListItem","position":4,"name":"Krus, kopper mm.","item":"https://grontkontor.dk/produkt-kategori/mad-og-drikke/to-go-krus-og-kopper/"},{"@type":"ListItem","position":5,"name":"Espressokopp med bambufat"}]},{"@type":"WebSite","@id":"https://grontkontor.dk/#website","url":"https://grontkontor.dk/","name":"Grønt Kontor","description":"Miljøvenlige produkter til kontor og erhverv med fokus på bæredygtighed, design og fair trade.","publisher":{"@id":"https://grontkontor.dk/#organization"},"potentialAction":[{"@type":"SearchAction","target":{"@type":"EntryPoint","urlTemplate":"https://grontkontor.dk/?s={search_term_string}"},"query-input":"required name=search_term_string"}],"inLanguage":"sv-SE"},{"@type":"Organization","@id":"https://grontkontor.dk/#organization","name":"Grønt Kontor","url":"https://grontkontor.dk/","logo":{"@type":"ImageObject","inLanguage":"sv-SE","@id":"https://grontkontor.dk/#/schema/logo/image/","url":"https://grontkontor.dk/wp-content/uploads/2014/02/Logo_groent_kontor_300x80.png","contentUrl":"https://grontkontor.dk/wp-content/uploads/2014/02/Logo_groent_kontor_300x80.png","width":300,"height":80,"caption":"Grønt Kontor"},"image":{"@id":"https://grontkontor.dk/#/schema/logo/image/"},"sameAs":["https://www.facebook.com/grontkontor.dk/"]}]}</script>
<!-- / Yoast SEO Premium plugin. -->

Espressokopp med bambufat - Grønt Kontor

Härlig espressokopp tillverkad av borosilikatglas av högsta kvalitet med fat i bambu. En superfin och lyxig handout eller giveaway för mässa och event. Kopparna är lämpliga för diskmaskin och mikrovågsugn, bambufat rekommenderas för manuell diskning. Termoskoppen är Innehåll: 90ml. &nbsp;

Grønt Kontor

Miljøvenlige produkter til kontor og erhverv med fokus på bæredygtighed, design og fair trade.
