{"id":76789,"date":"2023-09-22T13:55:07","date_gmt":"2023-09-22T22:03:24","guid":{"rendered":"https:\/\/grontkontor.dk\/?post_type=product&#038;p=76789"},"modified":"2026-08-11T11:43:52","modified_gmt":"2026-08-11T09:43:52","slug":"termos-i-bambu","status":"publish","type":"product","link":"https:\/\/grontkontor.dk\/sv\/shop\/termos-i-bambu\/","title":{"rendered":"Termos i bambu utan tryck"},"content":{"rendered":"<p>Klimatv\u00e4nlig termos i st\u00e5l och bambu \u2013 l\u00e4mplig f\u00f6r varma och kalla drycker. En h\u00e5llbar och milj\u00f6v\u00e4nlig termos som passar perfekt som present till anst\u00e4llda och liknande. Den levereras individuellt f\u00f6rpackad i en vackert designad kartong. Termosen \u00e4r Framst\u00e4llt av h\u00f6gkvalitativt st\u00e5l, godk\u00e4nt till kontakt med livsmedel och 100% BPA fri.   <\/p>\n<p>Inneh\u00e5ll: 500ml<\/p>\n<p>&nbsp;<\/p>\n<p>St\u00e5l\/j\u00e4rn \u00e4r en \u00e5tranv\u00e4ndbar och i praktiken obegr\u00e4nsad resurs som inte f\u00f6rorenar vid kassering. Produktionen av st\u00e5l \u00e4r i sig sj\u00e4lv inte h\u00e5llbar, d\u00e5 det produceras stora m\u00e4ngder CO2 fr\u00e5n fossila materialer i processen. Men d\u00e4remot har st\u00e5lprodukter en ovanligt l\u00e5ng levnadstid och g\u00f6r det m\u00f6jligt f\u00f6r \u00e5tervinning i det o\u00e4ndliga, vilket sker i s\u00e5 stort utstr\u00e4ckning att absolut st\u00f6rsta delen av allt st\u00e5l p\u00e5 marknaden, i huvudsak, best\u00e5r av \u00e5tervunnet st\u00e5l.  Bambu \u00e4r biologiskt nedbrytbart och d\u00e4rf\u00f6r ett fantastiskt material n\u00e4r det kommer till h\u00e5llbarhet. Den har en extremt snabb \u00e5terv\u00e4xt efter sk\u00f6rd. Banbu fungerar, precis som andra naturprodukter, som ett CO2 dep\u00e5 under hela sin livsdid. <\/p>\n<p>&nbsp;<\/p>\n","protected":false},"excerpt":{"rendered":"<p>Klimatv\u00e4nlig termos i st\u00e5l och bambu \u2013 l\u00e4mplig f\u00f6r varma och kalla drycker. En h\u00e5llbar och milj\u00f6v\u00e4nlig termos som passar perfekt som present till anst\u00e4llda och liknande. Den levereras individuellt f\u00f6rpackad i en vackert designad kartong. Termosen \u00e4r . Inneh\u00e5ll: 500ml &nbsp; &nbsp;<\/p>\n","protected":false},"featured_media":38101,"comment_status":"closed","ping_status":"closed","template":"","meta":{"_acf_changed":false},"product_cat":[2107,867,2233,2394,2003],"product_tag":[1899,2007,2002,1555],"class_list":{"0":"post-76789","1":"product","2":"type-product","3":"status-publish","4":"has-post-thumbnail","6":"product_cat-dummy-moq-1-sv","7":"product_cat-miljovaenliga-foretagspresenter","8":"product_cat-mat-och-dryck","9":"product_cat-nyheter","10":"product_cat-drikkedunke-og-termoflasker-sv","11":"product_tag-flaske-sv","12":"product_tag-glasflaske-sv","13":"product_tag-kolde-drikke-sv","14":"product_tag-varme-drikke-sv","15":"tm-has-options","17":"first","18":"instock","19":"taxable","20":"shipping-taxable","21":"purchasable","22":"product-type-simple"},"acf":[],"yoast_head":"<!-- This site is optimized with the Yoast SEO Premium plugin v21.2 (Yoast SEO v21.2) - https:\/\/yoast.com\/wordpress\/plugins\/seo\/ -->\n<title>Termos i bambu utan tryck - Gr\u00f8nt Kontor<\/title>\n<meta name=\"robots\" content=\"index, follow, max-snippet:-1, max-image-preview:large, max-video-preview:-1\" \/>\n<link rel=\"canonical\" href=\"https:\/\/grontkontor.dk\/sv\/shop\/termos-i-bambu\/\" \/>\n<meta property=\"og:locale\" content=\"sv_SE\" \/>\n<meta property=\"og:type\" content=\"article\" \/>\n<meta property=\"og:title\" content=\"Termos i bambu utan tryck\" \/>\n<meta property=\"og:description\" content=\"Klimatv\u00e4nlig termos i st\u00e5l och bambu \u2013 l\u00e4mplig f\u00f6r varma och kalla drycker. En h\u00e5llbar och milj\u00f6v\u00e4nlig termos som passar perfekt som present till anst\u00e4llda och liknande. Den levereras individuellt f\u00f6rpackad i en vackert designad kartong. Termosen \u00e4r . Inneh\u00e5ll: 500ml &nbsp; &nbsp;\" \/>\n<meta property=\"og:url\" content=\"https:\/\/grontkontor.dk\/sv\/shop\/termos-i-bambu\/\" \/>\n<meta property=\"og:site_name\" content=\"Gr\u00f8nt Kontor\" \/>\n<meta property=\"article:publisher\" content=\"https:\/\/www.facebook.com\/grontkontor.dk\/\" \/>\n<meta property=\"article:modified_time\" content=\"2026-08-11T09:43:52+00:00\" \/>\n<meta property=\"og:image\" content=\"https:\/\/grontkontor.dk\/wp-content\/uploads\/2022\/08\/baeredygtig-termoflaske-i-bambus.jpg\" \/>\n\t<meta property=\"og:image:width\" content=\"900\" \/>\n\t<meta property=\"og:image:height\" content=\"639\" \/>\n\t<meta property=\"og:image:type\" content=\"image\/jpeg\" \/>\n<meta name=\"twitter:card\" content=\"summary_large_image\" \/>\n<script type=\"application\/ld+json\" class=\"yoast-schema-graph\">{\"@context\":\"https:\/\/schema.org\",\"@graph\":[{\"@type\":\"WebPage\",\"@id\":\"https:\/\/grontkontor.dk\/sv\/shop\/termos-i-bambu\/\",\"url\":\"https:\/\/grontkontor.dk\/sv\/shop\/termos-i-bambu\/\",\"name\":\"Termos i bambu utan tryck - Gr\u00f8nt Kontor\",\"isPartOf\":{\"@id\":\"https:\/\/grontkontor.dk\/#website\"},\"datePublished\":\"2023-09-22T22:03:24+00:00\",\"dateModified\":\"2026-08-11T09:43:52+00:00\",\"breadcrumb\":{\"@id\":\"https:\/\/grontkontor.dk\/sv\/shop\/termos-i-bambu\/#breadcrumb\"},\"inLanguage\":\"sv-SE\",\"potentialAction\":[{\"@type\":\"ReadAction\",\"target\":[\"https:\/\/grontkontor.dk\/sv\/shop\/termos-i-bambu\/\"]}]},{\"@type\":\"BreadcrumbList\",\"@id\":\"https:\/\/grontkontor.dk\/sv\/shop\/termos-i-bambu\/#breadcrumb\",\"itemListElement\":[{\"@type\":\"ListItem\",\"position\":1,\"name\":\"Forside\",\"item\":\"https:\/\/grontkontor.dk\/\"},{\"@type\":\"ListItem\",\"position\":2,\"name\":\"Shop\",\"item\":\"https:\/\/grontkontor.dk\/sv\/shop\/\"},{\"@type\":\"ListItem\",\"position\":3,\"name\":\"Mat och dryck\",\"item\":\"https:\/\/grontkontor.dk\/sv\/produkt-kategori\/mat-och-dryck\/\"},{\"@type\":\"ListItem\",\"position\":4,\"name\":\"Termoser och vattenflaskor\",\"item\":\"https:\/\/grontkontor.dk\/sv\/produkt-kategori\/mat-och-dryck\/drikkedunke-og-termoflasker-sv\/\"},{\"@type\":\"ListItem\",\"position\":5,\"name\":\"Termos i bambu utan tryck\"}]},{\"@type\":\"WebSite\",\"@id\":\"https:\/\/grontkontor.dk\/#website\",\"url\":\"https:\/\/grontkontor.dk\/\",\"name\":\"Gr\u00f8nt Kontor\",\"description\":\"Milj\u00f8venlige produkter til kontor og erhverv med fokus p\u00e5 b\u00e6redygtighed, design og fair trade.\",\"publisher\":{\"@id\":\"https:\/\/grontkontor.dk\/#organization\"},\"potentialAction\":[{\"@type\":\"SearchAction\",\"target\":{\"@type\":\"EntryPoint\",\"urlTemplate\":\"https:\/\/grontkontor.dk\/?s={search_term_string}\"},\"query-input\":\"required name=search_term_string\"}],\"inLanguage\":\"sv-SE\"},{\"@type\":\"Organization\",\"@id\":\"https:\/\/grontkontor.dk\/#organization\",\"name\":\"Gr\u00f8nt Kontor\",\"url\":\"https:\/\/grontkontor.dk\/\",\"logo\":{\"@type\":\"ImageObject\",\"inLanguage\":\"sv-SE\",\"@id\":\"https:\/\/grontkontor.dk\/#\/schema\/logo\/image\/\",\"url\":\"https:\/\/grontkontor.dk\/wp-content\/uploads\/2014\/02\/Logo_groent_kontor_300x80.png\",\"contentUrl\":\"https:\/\/grontkontor.dk\/wp-content\/uploads\/2014\/02\/Logo_groent_kontor_300x80.png\",\"width\":300,\"height\":80,\"caption\":\"Gr\u00f8nt Kontor\"},\"image\":{\"@id\":\"https:\/\/grontkontor.dk\/#\/schema\/logo\/image\/\"},\"sameAs\":[\"https:\/\/www.facebook.com\/grontkontor.dk\/\"]}]}<\/script>\n<!-- \/ Yoast SEO Premium plugin. -->","yoast_head_json":{"title":"Termos i bambu utan tryck - Gr\u00f8nt Kontor","robots":{"index":"index","follow":"follow","max-snippet":"max-snippet:-1","max-image-preview":"max-image-preview:large","max-video-preview":"max-video-preview:-1"},"canonical":"https:\/\/grontkontor.dk\/sv\/shop\/termos-i-bambu\/","og_locale":"sv_SE","og_type":"article","og_title":"Termos i bambu utan tryck","og_description":"Klimatv\u00e4nlig termos i st\u00e5l och bambu \u2013 l\u00e4mplig f\u00f6r varma och kalla drycker. En h\u00e5llbar och milj\u00f6v\u00e4nlig termos som passar perfekt som present till anst\u00e4llda och liknande. Den levereras individuellt f\u00f6rpackad i en vackert designad kartong. Termosen \u00e4r . Inneh\u00e5ll: 500ml &nbsp; &nbsp;","og_url":"https:\/\/grontkontor.dk\/sv\/shop\/termos-i-bambu\/","og_site_name":"Gr\u00f8nt Kontor","article_publisher":"https:\/\/www.facebook.com\/grontkontor.dk\/","article_modified_time":"2026-08-11T09:43:52+00:00","og_image":[{"width":900,"height":639,"url":"https:\/\/grontkontor.dk\/wp-content\/uploads\/2022\/08\/baeredygtig-termoflaske-i-bambus.jpg","type":"image\/jpeg"}],"twitter_card":"summary_large_image","schema":{"@context":"https:\/\/schema.org","@graph":[{"@type":"WebPage","@id":"https:\/\/grontkontor.dk\/sv\/shop\/termos-i-bambu\/","url":"https:\/\/grontkontor.dk\/sv\/shop\/termos-i-bambu\/","name":"Termos i bambu utan tryck - Gr\u00f8nt Kontor","isPartOf":{"@id":"https:\/\/grontkontor.dk\/#website"},"datePublished":"2023-09-22T22:03:24+00:00","dateModified":"2026-08-11T09:43:52+00:00","breadcrumb":{"@id":"https:\/\/grontkontor.dk\/sv\/shop\/termos-i-bambu\/#breadcrumb"},"inLanguage":"sv-SE","potentialAction":[{"@type":"ReadAction","target":["https:\/\/grontkontor.dk\/sv\/shop\/termos-i-bambu\/"]}]},{"@type":"BreadcrumbList","@id":"https:\/\/grontkontor.dk\/sv\/shop\/termos-i-bambu\/#breadcrumb","itemListElement":[{"@type":"ListItem","position":1,"name":"Forside","item":"https:\/\/grontkontor.dk\/"},{"@type":"ListItem","position":2,"name":"Shop","item":"https:\/\/grontkontor.dk\/sv\/shop\/"},{"@type":"ListItem","position":3,"name":"Mat och dryck","item":"https:\/\/grontkontor.dk\/sv\/produkt-kategori\/mat-och-dryck\/"},{"@type":"ListItem","position":4,"name":"Termoser och vattenflaskor","item":"https:\/\/grontkontor.dk\/sv\/produkt-kategori\/mat-och-dryck\/drikkedunke-og-termoflasker-sv\/"},{"@type":"ListItem","position":5,"name":"Termos i bambu utan tryck"}]},{"@type":"WebSite","@id":"https:\/\/grontkontor.dk\/#website","url":"https:\/\/grontkontor.dk\/","name":"Gr\u00f8nt Kontor","description":"Milj\u00f8venlige produkter til kontor og erhverv med fokus p\u00e5 b\u00e6redygtighed, design og fair trade.","publisher":{"@id":"https:\/\/grontkontor.dk\/#organization"},"potentialAction":[{"@type":"SearchAction","target":{"@type":"EntryPoint","urlTemplate":"https:\/\/grontkontor.dk\/?s={search_term_string}"},"query-input":"required name=search_term_string"}],"inLanguage":"sv-SE"},{"@type":"Organization","@id":"https:\/\/grontkontor.dk\/#organization","name":"Gr\u00f8nt Kontor","url":"https:\/\/grontkontor.dk\/","logo":{"@type":"ImageObject","inLanguage":"sv-SE","@id":"https:\/\/grontkontor.dk\/#\/schema\/logo\/image\/","url":"https:\/\/grontkontor.dk\/wp-content\/uploads\/2014\/02\/Logo_groent_kontor_300x80.png","contentUrl":"https:\/\/grontkontor.dk\/wp-content\/uploads\/2014\/02\/Logo_groent_kontor_300x80.png","width":300,"height":80,"caption":"Gr\u00f8nt Kontor"},"image":{"@id":"https:\/\/grontkontor.dk\/#\/schema\/logo\/image\/"},"sameAs":["https:\/\/www.facebook.com\/grontkontor.dk\/"]}]}},"_links":{"self":[{"href":"https:\/\/grontkontor.dk\/sv\/wp-json\/wp\/v2\/product\/76789"}],"collection":[{"href":"https:\/\/grontkontor.dk\/sv\/wp-json\/wp\/v2\/product"}],"about":[{"href":"https:\/\/grontkontor.dk\/sv\/wp-json\/wp\/v2\/types\/product"}],"replies":[{"embeddable":true,"href":"https:\/\/grontkontor.dk\/sv\/wp-json\/wp\/v2\/comments?post=76789"}],"wp:featuredmedia":[{"embeddable":true,"href":"https:\/\/grontkontor.dk\/sv\/wp-json\/wp\/v2\/media\/38101"}],"wp:attachment":[{"href":"https:\/\/grontkontor.dk\/sv\/wp-json\/wp\/v2\/media?parent=76789"}],"wp:term":[{"taxonomy":"product_cat","embeddable":true,"href":"https:\/\/grontkontor.dk\/sv\/wp-json\/wp\/v2\/product_cat?post=76789"},{"taxonomy":"product_tag","embeddable":true,"href":"https:\/\/grontkontor.dk\/sv\/wp-json\/wp\/v2\/product_tag?post=76789"}],"curies":[{"name":"wp","href":"https:\/\/api.w.org\/{rel}","templated":true}]}}

<p>Klimatvänlig termos i stål och bambu – lämplig för varma och kalla drycker. En hållbar och miljövänlig termos som passar perfekt som present till anställda och liknande. Den levereras individuellt förpackad i en vackert designad kartong. Termosen är Framställt av högkvalitativt stål, godkänt till kontakt med livsmedel och 100% BPA fri.   </p>
<p>Innehåll: 500ml</p>
<p>&nbsp;</p>
<p>Stål/järn är en åtranvändbar och i praktiken obegränsad resurs som inte förorenar vid kassering. Produktionen av stål är i sig själv inte hållbar, då det produceras stora mängder CO2 från fossila materialer i processen. Men däremot har stålprodukter en ovanligt lång levnadstid och gör det möjligt för återvinning i det oändliga, vilket sker i så stort utsträckning att absolut största delen av allt stål på marknaden, i huvudsak, består av återvunnet stål.  Bambu är biologiskt nedbrytbart och därför ett fantastiskt material när det kommer till hållbarhet. Den har en extremt snabb återväxt efter skörd. Banbu fungerar, precis som andra naturprodukter, som ett CO2 depå under hela sin livsdid. </p>
<p>&nbsp;</p>

<p>Klimatvänlig termos i stål och bambu – lämplig för varma och kalla drycker. En hållbar och miljövänlig termos som passar perfekt som present till anställda och liknande. Den levereras individuellt förpackad i en vackert designad kartong. Termosen är . Innehåll: 500ml &nbsp; &nbsp;</p>

<!-- This site is optimized with the Yoast SEO Premium plugin v21.2 (Yoast SEO v21.2) - https://yoast.com/wordpress/plugins/seo/ -->
<title>Termos i bambu utan tryck - Grønt Kontor</title>
<meta name="robots" content="index, follow, max-snippet:-1, max-image-preview:large, max-video-preview:-1" />
<link rel="canonical" href="https://grontkontor.dk/sv/shop/termos-i-bambu/" />
<meta property="og:locale" content="sv_SE" />
<meta property="og:type" content="article" />
<meta property="og:title" content="Termos i bambu utan tryck" />
<meta property="og:description" content="Klimatvänlig termos i stål och bambu – lämplig för varma och kalla drycker. En hållbar och miljövänlig termos som passar perfekt som present till anställda och liknande. Den levereras individuellt förpackad i en vackert designad kartong. Termosen är . Innehåll: 500ml &nbsp; &nbsp;" />
<meta property="og:url" content="https://grontkontor.dk/sv/shop/termos-i-bambu/" />
<meta property="og:site_name" content="Grønt Kontor" />
<meta property="article:publisher" content="https://www.facebook.com/grontkontor.dk/" />
<meta property="article:modified_time" content="2026-08-11T09:43:52+00:00" />
<meta property="og:image" content="https://grontkontor.dk/wp-content/uploads/2022/08/baeredygtig-termoflaske-i-bambus.jpg" />
	<meta property="og:image:width" content="900" />
	<meta property="og:image:height" content="639" />
	<meta property="og:image:type" content="image/jpeg" />
<meta name="twitter:card" content="summary_large_image" />
<script type="application/ld+json" class="yoast-schema-graph">{"@context":"https://schema.org","@graph":[{"@type":"WebPage","@id":"https://grontkontor.dk/sv/shop/termos-i-bambu/","url":"https://grontkontor.dk/sv/shop/termos-i-bambu/","name":"Termos i bambu utan tryck - Grønt Kontor","isPartOf":{"@id":"https://grontkontor.dk/#website"},"datePublished":"2023-09-22T22:03:24+00:00","dateModified":"2026-08-11T09:43:52+00:00","breadcrumb":{"@id":"https://grontkontor.dk/sv/shop/termos-i-bambu/#breadcrumb"},"inLanguage":"sv-SE","potentialAction":[{"@type":"ReadAction","target":["https://grontkontor.dk/sv/shop/termos-i-bambu/"]}]},{"@type":"BreadcrumbList","@id":"https://grontkontor.dk/sv/shop/termos-i-bambu/#breadcrumb","itemListElement":[{"@type":"ListItem","position":1,"name":"Forside","item":"https://grontkontor.dk/"},{"@type":"ListItem","position":2,"name":"Shop","item":"https://grontkontor.dk/sv/shop/"},{"@type":"ListItem","position":3,"name":"Mat och dryck","item":"https://grontkontor.dk/sv/produkt-kategori/mat-och-dryck/"},{"@type":"ListItem","position":4,"name":"Termoser och vattenflaskor","item":"https://grontkontor.dk/sv/produkt-kategori/mat-och-dryck/drikkedunke-og-termoflasker-sv/"},{"@type":"ListItem","position":5,"name":"Termos i bambu utan tryck"}]},{"@type":"WebSite","@id":"https://grontkontor.dk/#website","url":"https://grontkontor.dk/","name":"Grønt Kontor","description":"Miljøvenlige produkter til kontor og erhverv med fokus på bæredygtighed, design og fair trade.","publisher":{"@id":"https://grontkontor.dk/#organization"},"potentialAction":[{"@type":"SearchAction","target":{"@type":"EntryPoint","urlTemplate":"https://grontkontor.dk/?s={search_term_string}"},"query-input":"required name=search_term_string"}],"inLanguage":"sv-SE"},{"@type":"Organization","@id":"https://grontkontor.dk/#organization","name":"Grønt Kontor","url":"https://grontkontor.dk/","logo":{"@type":"ImageObject","inLanguage":"sv-SE","@id":"https://grontkontor.dk/#/schema/logo/image/","url":"https://grontkontor.dk/wp-content/uploads/2014/02/Logo_groent_kontor_300x80.png","contentUrl":"https://grontkontor.dk/wp-content/uploads/2014/02/Logo_groent_kontor_300x80.png","width":300,"height":80,"caption":"Grønt Kontor"},"image":{"@id":"https://grontkontor.dk/#/schema/logo/image/"},"sameAs":["https://www.facebook.com/grontkontor.dk/"]}]}</script>
<!-- / Yoast SEO Premium plugin. -->

Termos i bambu utan tryck - Grønt Kontor

Klimatvänlig termos i stål och bambu – lämplig för varma och kalla drycker. En hållbar och miljövänlig termos som passar perfekt som present till anställda och liknande. Den levereras individuellt förpackad i en vackert designad kartong. Termosen är . Innehåll: 500ml &nbsp; &nbsp;

Grønt Kontor

Miljøvenlige produkter til kontor og erhverv med fokus på bæredygtighed, design og fair trade.
