{"id":78910,"date":"2023-10-25T09:31:34","date_gmt":"2023-10-25T07:31:34","guid":{"rendered":"https:\/\/grontkontor.dk\/?post_type=product&#038;p=78910"},"modified":"2024-02-22T08:59:13","modified_gmt":"2024-02-22T07:59:13","slug":"kuglepen-i-recycled-aluminium","status":"publish","type":"product","link":"https:\/\/grontkontor.dk\/sv\/shop\/kuglepen-i-recycled-aluminium\/","title":{"rendered":"Kulspetspenna i \u00e5tervunnen aluminium"},"content":{"rendered":"<p>Lyxig kulspetspenna i milj\u00f6v\u00e4nlig \u00e5tervunnen aluminium. \u00c5tervunnet aluminium \u00e4r slitstarkt och ger produkten en l\u00e5ng livsl\u00e4ngd. Levereras med parker jumbo refill, som kan bytas ut. Finns i 4 olika f\u00e4rger med logotryck eller lasergravering. Bambu \u00e4r ett fantastiskt material n\u00e4r det kommer till h\u00e5llbarhet. Den en av de mest snabbv\u00e4xande plantor i v\u00e4rlden, vilket betyder en snabb \u00e5terv\u00e4xt efter sk\u00f6rd. Bambu fungerar, precis som andra naturprodukter, som ett CO2 dep\u00e5 under hela sin livstid och odlas utan pesticider och konstg\u00f6dsel.  &nbsp; <img loading=\"lazy\" decoding=\"async\" src=\"https:\/\/grontkontor.dk\/wp-content\/uploads\/2021\/02\/genbrug.jpg\" alt=\"Fremstillet af genbrugsmaterialer\" width=\"50\" height=\"50\" class=\"size-full wp-image-23031\" srcset=\"https:\/\/grontkontor.dk\/wp-content\/uploads\/2021\/02\/genbrug.jpg 199w, https:\/\/grontkontor.dk\/wp-content\/uploads\/2021\/02\/genbrug-100x100.jpg 100w\" sizes=\"(max-width: 50px) 100vw, 50px\" \/><\/p>\n","protected":false},"excerpt":{"rendered":"<p>Lyxig kulspetspenna i milj\u00f6v\u00e4nlig \u00e5tervunnen aluminium. \u00c5tervunnet aluminium \u00e4r slitstarkt och ger produkten en l\u00e5ng livsl\u00e4ngd. Levereras med parker jumbo refill, som kan bytas ut. Finns i 4 olika f\u00e4rger med logotryck eller lasergravering. &nbsp;<\/p>\n","protected":false},"featured_media":78926,"comment_status":"closed","ping_status":"closed","template":"","meta":{"_acf_changed":false},"product_cat":[4415,2394,667,1677,665],"product_tag":[766,796],"class_list":{"0":"post-78910","1":"product","2":"type-product","3":"status-publish","4":"has-post-thumbnail","6":"product_cat-pennor-och-blyertspennor","7":"product_cat-nyheter","8":"product_cat-kulspetspennor","9":"product_cat-kulpennor-med-tryck","10":"product_cat-skrivtillbehoer","11":"product_tag-kulpenna","12":"product_tag-penna","13":"pa_farve-marineblaa-sv","14":"pa_farve-blaa-sv","15":"pa_farve-graa-sv","16":"pa_farve-groen-sv","17":"pa_farve-roed-sv","18":"pa_farve-sort-sv","19":"pa_farve-hvid-sv","20":"tm-has-options","22":"first","23":"instock","24":"taxable","25":"shipping-taxable","26":"purchasable","27":"product-type-variable","28":"has-default-attributes"},"acf":[],"yoast_head":"<!-- This site is optimized with the Yoast SEO Premium plugin v21.2 (Yoast SEO v21.2) - https:\/\/yoast.com\/wordpress\/plugins\/seo\/ -->\n<title>Kulspetspenna i \u00e5tervunnen aluminium - Gr\u00f8nt Kontor<\/title>\n<meta name=\"robots\" content=\"index, follow, max-snippet:-1, max-image-preview:large, max-video-preview:-1\" \/>\n<link rel=\"canonical\" href=\"https:\/\/grontkontor.dk\/shop\/kuglepen-i-recycled-aluminium\/\" \/>\n<meta property=\"og:locale\" content=\"sv_SE\" \/>\n<meta property=\"og:type\" content=\"article\" \/>\n<meta property=\"og:title\" content=\"Kulspetspenna i \u00e5tervunnen aluminium\" \/>\n<meta property=\"og:description\" content=\"Lyxig kulspetspenna i milj\u00f6v\u00e4nlig \u00e5tervunnen aluminium. \u00c5tervunnet aluminium \u00e4r slitstarkt och ger produkten en l\u00e5ng livsl\u00e4ngd. Levereras med parker jumbo refill, som kan bytas ut. Finns i 4 olika f\u00e4rger med logotryck eller lasergravering. &nbsp;\" \/>\n<meta property=\"og:url\" content=\"https:\/\/grontkontor.dk\/shop\/kuglepen-i-recycled-aluminium\/\" \/>\n<meta property=\"og:site_name\" content=\"Gr\u00f8nt Kontor\" \/>\n<meta property=\"article:publisher\" content=\"https:\/\/www.facebook.com\/grontkontor.dk\/\" \/>\n<meta property=\"article:modified_time\" content=\"2024-02-22T07:59:13+00:00\" \/>\n<meta property=\"og:image\" content=\"https:\/\/grontkontor.dk\/wp-content\/uploads\/2023\/10\/Miljoevenlig-kuglepen-i-recycled-aluminium-med-bambus-marineblaa.jpg\" \/>\n\t<meta property=\"og:image:width\" content=\"900\" \/>\n\t<meta property=\"og:image:height\" content=\"639\" \/>\n\t<meta property=\"og:image:type\" content=\"image\/jpeg\" \/>\n<meta name=\"twitter:card\" content=\"summary_large_image\" \/>\n<script type=\"application\/ld+json\" class=\"yoast-schema-graph\">{\"@context\":\"https:\/\/schema.org\",\"@graph\":[{\"@type\":\"WebPage\",\"@id\":\"https:\/\/grontkontor.dk\/shop\/kuglepen-i-recycled-aluminium\/\",\"url\":\"https:\/\/grontkontor.dk\/shop\/kuglepen-i-recycled-aluminium\/\",\"name\":\"Kulspetspenna i \u00e5tervunnen aluminium - Gr\u00f8nt Kontor\",\"isPartOf\":{\"@id\":\"https:\/\/grontkontor.dk\/#website\"},\"datePublished\":\"2023-10-25T07:31:34+00:00\",\"dateModified\":\"2024-02-22T07:59:13+00:00\",\"breadcrumb\":{\"@id\":\"https:\/\/grontkontor.dk\/shop\/kuglepen-i-recycled-aluminium\/#breadcrumb\"},\"inLanguage\":\"sv-SE\",\"potentialAction\":[{\"@type\":\"ReadAction\",\"target\":[\"https:\/\/grontkontor.dk\/shop\/kuglepen-i-recycled-aluminium\/\"]}]},{\"@type\":\"BreadcrumbList\",\"@id\":\"https:\/\/grontkontor.dk\/shop\/kuglepen-i-recycled-aluminium\/#breadcrumb\",\"itemListElement\":[{\"@type\":\"ListItem\",\"position\":1,\"name\":\"Forside\",\"item\":\"https:\/\/grontkontor.dk\/\"},{\"@type\":\"ListItem\",\"position\":2,\"name\":\"Shop\",\"item\":\"https:\/\/grontkontor.dk\/sv\/shop\/\"},{\"@type\":\"ListItem\",\"position\":3,\"name\":\"Klimatsmarta f\u00f6retagspresenter\",\"item\":\"https:\/\/grontkontor.dk\/sv\/produkt-kategori\/miljovaenliga-foretagspresenter\/\"},{\"@type\":\"ListItem\",\"position\":4,\"name\":\"Pennor och blyertspennor\",\"item\":\"https:\/\/grontkontor.dk\/sv\/produkt-kategori\/miljovaenliga-foretagspresenter\/pennor-och-blyertspennor\/\"},{\"@type\":\"ListItem\",\"position\":5,\"name\":\"Kulspetspenna i \u00e5tervunnen aluminium\"}]},{\"@type\":\"WebSite\",\"@id\":\"https:\/\/grontkontor.dk\/#website\",\"url\":\"https:\/\/grontkontor.dk\/\",\"name\":\"Gr\u00f8nt Kontor\",\"description\":\"Milj\u00f8venlige produkter til kontor og erhverv med fokus p\u00e5 b\u00e6redygtighed, design og fair trade.\",\"publisher\":{\"@id\":\"https:\/\/grontkontor.dk\/#organization\"},\"potentialAction\":[{\"@type\":\"SearchAction\",\"target\":{\"@type\":\"EntryPoint\",\"urlTemplate\":\"https:\/\/grontkontor.dk\/?s={search_term_string}\"},\"query-input\":\"required name=search_term_string\"}],\"inLanguage\":\"sv-SE\"},{\"@type\":\"Organization\",\"@id\":\"https:\/\/grontkontor.dk\/#organization\",\"name\":\"Gr\u00f8nt Kontor\",\"url\":\"https:\/\/grontkontor.dk\/\",\"logo\":{\"@type\":\"ImageObject\",\"inLanguage\":\"sv-SE\",\"@id\":\"https:\/\/grontkontor.dk\/#\/schema\/logo\/image\/\",\"url\":\"https:\/\/grontkontor.dk\/wp-content\/uploads\/2014\/02\/Logo_groent_kontor_300x80.png\",\"contentUrl\":\"https:\/\/grontkontor.dk\/wp-content\/uploads\/2014\/02\/Logo_groent_kontor_300x80.png\",\"width\":300,\"height\":80,\"caption\":\"Gr\u00f8nt Kontor\"},\"image\":{\"@id\":\"https:\/\/grontkontor.dk\/#\/schema\/logo\/image\/\"},\"sameAs\":[\"https:\/\/www.facebook.com\/grontkontor.dk\/\"]}]}<\/script>\n<!-- \/ Yoast SEO Premium plugin. -->","yoast_head_json":{"title":"Kulspetspenna i \u00e5tervunnen aluminium - Gr\u00f8nt Kontor","robots":{"index":"index","follow":"follow","max-snippet":"max-snippet:-1","max-image-preview":"max-image-preview:large","max-video-preview":"max-video-preview:-1"},"canonical":"https:\/\/grontkontor.dk\/shop\/kuglepen-i-recycled-aluminium\/","og_locale":"sv_SE","og_type":"article","og_title":"Kulspetspenna i \u00e5tervunnen aluminium","og_description":"Lyxig kulspetspenna i milj\u00f6v\u00e4nlig \u00e5tervunnen aluminium. \u00c5tervunnet aluminium \u00e4r slitstarkt och ger produkten en l\u00e5ng livsl\u00e4ngd. Levereras med parker jumbo refill, som kan bytas ut. Finns i 4 olika f\u00e4rger med logotryck eller lasergravering. &nbsp;","og_url":"https:\/\/grontkontor.dk\/shop\/kuglepen-i-recycled-aluminium\/","og_site_name":"Gr\u00f8nt Kontor","article_publisher":"https:\/\/www.facebook.com\/grontkontor.dk\/","article_modified_time":"2024-02-22T07:59:13+00:00","og_image":[{"width":900,"height":639,"url":"https:\/\/grontkontor.dk\/wp-content\/uploads\/2023\/10\/Miljoevenlig-kuglepen-i-recycled-aluminium-med-bambus-marineblaa.jpg","type":"image\/jpeg"}],"twitter_card":"summary_large_image","schema":{"@context":"https:\/\/schema.org","@graph":[{"@type":"WebPage","@id":"https:\/\/grontkontor.dk\/shop\/kuglepen-i-recycled-aluminium\/","url":"https:\/\/grontkontor.dk\/shop\/kuglepen-i-recycled-aluminium\/","name":"Kulspetspenna i \u00e5tervunnen aluminium - Gr\u00f8nt Kontor","isPartOf":{"@id":"https:\/\/grontkontor.dk\/#website"},"datePublished":"2023-10-25T07:31:34+00:00","dateModified":"2024-02-22T07:59:13+00:00","breadcrumb":{"@id":"https:\/\/grontkontor.dk\/shop\/kuglepen-i-recycled-aluminium\/#breadcrumb"},"inLanguage":"sv-SE","potentialAction":[{"@type":"ReadAction","target":["https:\/\/grontkontor.dk\/shop\/kuglepen-i-recycled-aluminium\/"]}]},{"@type":"BreadcrumbList","@id":"https:\/\/grontkontor.dk\/shop\/kuglepen-i-recycled-aluminium\/#breadcrumb","itemListElement":[{"@type":"ListItem","position":1,"name":"Forside","item":"https:\/\/grontkontor.dk\/"},{"@type":"ListItem","position":2,"name":"Shop","item":"https:\/\/grontkontor.dk\/sv\/shop\/"},{"@type":"ListItem","position":3,"name":"Klimatsmarta f\u00f6retagspresenter","item":"https:\/\/grontkontor.dk\/sv\/produkt-kategori\/miljovaenliga-foretagspresenter\/"},{"@type":"ListItem","position":4,"name":"Pennor och blyertspennor","item":"https:\/\/grontkontor.dk\/sv\/produkt-kategori\/miljovaenliga-foretagspresenter\/pennor-och-blyertspennor\/"},{"@type":"ListItem","position":5,"name":"Kulspetspenna i \u00e5tervunnen aluminium"}]},{"@type":"WebSite","@id":"https:\/\/grontkontor.dk\/#website","url":"https:\/\/grontkontor.dk\/","name":"Gr\u00f8nt Kontor","description":"Milj\u00f8venlige produkter til kontor og erhverv med fokus p\u00e5 b\u00e6redygtighed, design og fair trade.","publisher":{"@id":"https:\/\/grontkontor.dk\/#organization"},"potentialAction":[{"@type":"SearchAction","target":{"@type":"EntryPoint","urlTemplate":"https:\/\/grontkontor.dk\/?s={search_term_string}"},"query-input":"required name=search_term_string"}],"inLanguage":"sv-SE"},{"@type":"Organization","@id":"https:\/\/grontkontor.dk\/#organization","name":"Gr\u00f8nt Kontor","url":"https:\/\/grontkontor.dk\/","logo":{"@type":"ImageObject","inLanguage":"sv-SE","@id":"https:\/\/grontkontor.dk\/#\/schema\/logo\/image\/","url":"https:\/\/grontkontor.dk\/wp-content\/uploads\/2014\/02\/Logo_groent_kontor_300x80.png","contentUrl":"https:\/\/grontkontor.dk\/wp-content\/uploads\/2014\/02\/Logo_groent_kontor_300x80.png","width":300,"height":80,"caption":"Gr\u00f8nt Kontor"},"image":{"@id":"https:\/\/grontkontor.dk\/#\/schema\/logo\/image\/"},"sameAs":["https:\/\/www.facebook.com\/grontkontor.dk\/"]}]}},"_links":{"self":[{"href":"https:\/\/grontkontor.dk\/sv\/wp-json\/wp\/v2\/product\/78910"}],"collection":[{"href":"https:\/\/grontkontor.dk\/sv\/wp-json\/wp\/v2\/product"}],"about":[{"href":"https:\/\/grontkontor.dk\/sv\/wp-json\/wp\/v2\/types\/product"}],"replies":[{"embeddable":true,"href":"https:\/\/grontkontor.dk\/sv\/wp-json\/wp\/v2\/comments?post=78910"}],"wp:featuredmedia":[{"embeddable":true,"href":"https:\/\/grontkontor.dk\/sv\/wp-json\/wp\/v2\/media\/78926"}],"wp:attachment":[{"href":"https:\/\/grontkontor.dk\/sv\/wp-json\/wp\/v2\/media?parent=78910"}],"wp:term":[{"taxonomy":"product_cat","embeddable":true,"href":"https:\/\/grontkontor.dk\/sv\/wp-json\/wp\/v2\/product_cat?post=78910"},{"taxonomy":"product_tag","embeddable":true,"href":"https:\/\/grontkontor.dk\/sv\/wp-json\/wp\/v2\/product_tag?post=78910"}],"curies":[{"name":"wp","href":"https:\/\/api.w.org\/{rel}","templated":true}]}}

Kulspetspenna i återvunnen aluminium

<p>Lyxig kulspetspenna i miljövänlig återvunnen aluminium. Återvunnet aluminium är slitstarkt och ger produkten en lång livslängd. Levereras med parker jumbo refill, som kan bytas ut. Finns i 4 olika färger med logotryck eller lasergravering. Bambu är ett fantastiskt material när det kommer till hållbarhet. Den en av de mest snabbväxande plantor i världen, vilket betyder en snabb återväxt efter skörd. Bambu fungerar, precis som andra naturprodukter, som ett CO2 depå under hela sin livstid och odlas utan pesticider och konstgödsel.  &nbsp; <img loading="lazy" decoding="async" src="https://grontkontor.dk/wp-content/uploads/2021/02/genbrug.jpg" alt="Fremstillet af genbrugsmaterialer" width="50" height="50" class="size-full wp-image-23031" srcset="https://grontkontor.dk/wp-content/uploads/2021/02/genbrug.jpg 199w, https://grontkontor.dk/wp-content/uploads/2021/02/genbrug-100x100.jpg 100w" sizes="(max-width: 50px) 100vw, 50px" /></p>

<p>Lyxig kulspetspenna i miljövänlig återvunnen aluminium. Återvunnet aluminium är slitstarkt och ger produkten en lång livslängd. Levereras med parker jumbo refill, som kan bytas ut. Finns i 4 olika färger med logotryck eller lasergravering. &nbsp;</p>

<!-- This site is optimized with the Yoast SEO Premium plugin v21.2 (Yoast SEO v21.2) - https://yoast.com/wordpress/plugins/seo/ -->
<title>Kulspetspenna i återvunnen aluminium - Grønt Kontor</title>
<meta name="robots" content="index, follow, max-snippet:-1, max-image-preview:large, max-video-preview:-1" />
<link rel="canonical" href="https://grontkontor.dk/shop/kuglepen-i-recycled-aluminium/" />
<meta property="og:locale" content="sv_SE" />
<meta property="og:type" content="article" />
<meta property="og:title" content="Kulspetspenna i återvunnen aluminium" />
<meta property="og:description" content="Lyxig kulspetspenna i miljövänlig återvunnen aluminium. Återvunnet aluminium är slitstarkt och ger produkten en lång livslängd. Levereras med parker jumbo refill, som kan bytas ut. Finns i 4 olika färger med logotryck eller lasergravering. &nbsp;" />
<meta property="og:url" content="https://grontkontor.dk/shop/kuglepen-i-recycled-aluminium/" />
<meta property="og:site_name" content="Grønt Kontor" />
<meta property="article:publisher" content="https://www.facebook.com/grontkontor.dk/" />
<meta property="article:modified_time" content="2024-02-22T07:59:13+00:00" />
<meta property="og:image" content="https://grontkontor.dk/wp-content/uploads/2023/10/Miljoevenlig-kuglepen-i-recycled-aluminium-med-bambus-marineblaa.jpg" />
	<meta property="og:image:width" content="900" />
	<meta property="og:image:height" content="639" />
	<meta property="og:image:type" content="image/jpeg" />
<meta name="twitter:card" content="summary_large_image" />
<script type="application/ld+json" class="yoast-schema-graph">{"@context":"https://schema.org","@graph":[{"@type":"WebPage","@id":"https://grontkontor.dk/shop/kuglepen-i-recycled-aluminium/","url":"https://grontkontor.dk/shop/kuglepen-i-recycled-aluminium/","name":"Kulspetspenna i återvunnen aluminium - Grønt Kontor","isPartOf":{"@id":"https://grontkontor.dk/#website"},"datePublished":"2023-10-25T07:31:34+00:00","dateModified":"2024-02-22T07:59:13+00:00","breadcrumb":{"@id":"https://grontkontor.dk/shop/kuglepen-i-recycled-aluminium/#breadcrumb"},"inLanguage":"sv-SE","potentialAction":[{"@type":"ReadAction","target":["https://grontkontor.dk/shop/kuglepen-i-recycled-aluminium/"]}]},{"@type":"BreadcrumbList","@id":"https://grontkontor.dk/shop/kuglepen-i-recycled-aluminium/#breadcrumb","itemListElement":[{"@type":"ListItem","position":1,"name":"Forside","item":"https://grontkontor.dk/"},{"@type":"ListItem","position":2,"name":"Shop","item":"https://grontkontor.dk/sv/shop/"},{"@type":"ListItem","position":3,"name":"Klimatsmarta företagspresenter","item":"https://grontkontor.dk/sv/produkt-kategori/miljovaenliga-foretagspresenter/"},{"@type":"ListItem","position":4,"name":"Pennor och blyertspennor","item":"https://grontkontor.dk/sv/produkt-kategori/miljovaenliga-foretagspresenter/pennor-och-blyertspennor/"},{"@type":"ListItem","position":5,"name":"Kulspetspenna i återvunnen aluminium"}]},{"@type":"WebSite","@id":"https://grontkontor.dk/#website","url":"https://grontkontor.dk/","name":"Grønt Kontor","description":"Miljøvenlige produkter til kontor og erhverv med fokus på bæredygtighed, design og fair trade.","publisher":{"@id":"https://grontkontor.dk/#organization"},"potentialAction":[{"@type":"SearchAction","target":{"@type":"EntryPoint","urlTemplate":"https://grontkontor.dk/?s={search_term_string}"},"query-input":"required name=search_term_string"}],"inLanguage":"sv-SE"},{"@type":"Organization","@id":"https://grontkontor.dk/#organization","name":"Grønt Kontor","url":"https://grontkontor.dk/","logo":{"@type":"ImageObject","inLanguage":"sv-SE","@id":"https://grontkontor.dk/#/schema/logo/image/","url":"https://grontkontor.dk/wp-content/uploads/2014/02/Logo_groent_kontor_300x80.png","contentUrl":"https://grontkontor.dk/wp-content/uploads/2014/02/Logo_groent_kontor_300x80.png","width":300,"height":80,"caption":"Grønt Kontor"},"image":{"@id":"https://grontkontor.dk/#/schema/logo/image/"},"sameAs":["https://www.facebook.com/grontkontor.dk/"]}]}</script>
<!-- / Yoast SEO Premium plugin. -->

Kulspetspenna i återvunnen aluminium - Grønt Kontor

Lyxig kulspetspenna i miljövänlig återvunnen aluminium. Återvunnet aluminium är slitstarkt och ger produkten en lång livslängd. Levereras med parker jumbo refill, som kan bytas ut. Finns i 4 olika färger med logotryck eller lasergravering. &nbsp;

Grønt Kontor

Klimatsmarta företagspresenter

Miljøvenlige produkter til kontor og erhverv med fokus på bæredygtighed, design og fair trade.
