{"id":81756,"date":"2023-09-22T13:48:17","date_gmt":"2024-02-27T12:16:43","guid":{"rendered":"https:\/\/grontkontor.dk\/shop\/miljoevaenligt-laptopfodral-m-u-tryck\/"},"modified":"2024-02-27T13:16:43","modified_gmt":"2024-02-27T12:16:43","slug":"miljoevaenligt-laptopfodral-m-u-tryck","status":"publish","type":"product","link":"https:\/\/grontkontor.dk\/sv\/shop\/miljoevaenligt-laptopfodral-m-u-tryck\/","title":{"rendered":"Milj\u00f6v\u00e4nligt laptopfodral m\/u tryck"},"content":{"rendered":"<p>Skydda din dator med detta smarta och praktiska milj\u00f6v\u00e4nliga laptopfodral (upp till 15 tum) &#8211; perfekt som en utdelning och giveaway p\u00e5 m\u00e4ssor eller som en f\u00f6retagspresent. Fodralet \u00e4r tillverkat av rPET och det \u00e4r vadderat f\u00f6r att skydda din dator p\u00e5 b\u00e4sta m\u00f6jliga s\u00e4tt. \u00d6verdraget \u00e4r f\u00f6rsett med en rej\u00e4l dragkedja.<\/p>\nrPET (recycled polyethylen) er et f\u00f8devareegnet genanvendeligt genbrugsplast, som typisk er fremstillet af genanvendte vandflasker. rPET er \u2013 dets fossile oprindelse til trods \u2013 et b\u00e6redygtigt og klimavenligt materiale. rPET har et ekstremt h\u00f8jt kulstofindhold, og fungerer derfor som et effektivt kulstofdepot i hele produktets og genanvendte produkters levetid. Bliver plast ikke genbrugt, vil det enten nedbrydes til CO2 og dermed bidrage til drivhuseffekten, eller ende op som forurenende affald. For hvert ton genbrugt plast spares der 3,8 t\u00f8nder olie. \n<p>&nbsp;<\/p>\n<img loading=\"lazy\" decoding=\"async\" src=\"https:\/\/grontkontor.dk\/wp-content\/uploads\/2021\/02\/genbrug.jpg\" alt=\"Fremstillet af genbrugsmaterialer\" width=\"50\" height=\"50\" class=\"size-full wp-image-23031\" srcset=\"https:\/\/grontkontor.dk\/wp-content\/uploads\/2021\/02\/genbrug.jpg 199w, https:\/\/grontkontor.dk\/wp-content\/uploads\/2021\/02\/genbrug-100x100.jpg 100w\" sizes=\"(max-width: 50px) 100vw, 50px\" \/>\n<p>&nbsp;<\/p>\n","protected":false},"excerpt":{"rendered":"<p>Skydda din dator med detta smarta och praktiska milj\u00f6v\u00e4nliga laptopfodral (upp till 15 tum) &#8211; perfekt som en utdelning och giveaway p\u00e5 m\u00e4ssor eller som en f\u00f6retagspresent. Fodralet \u00e4r tillverkat av rPET och det \u00e4r vadderat f\u00f6r att skydda din dator p\u00e5 b\u00e4sta m\u00f6jliga s\u00e4tt. \u00d6verdraget \u00e4r f\u00f6rsett med en rej\u00e4l dragkedja. &nbsp; &nbsp;<\/p>\n","protected":false},"featured_media":33376,"comment_status":"closed","ping_status":"closed","template":"","meta":{"_acf_changed":false},"product_cat":[676,2107,867,2394,675],"product_tag":[2989],"class_list":{"0":"post-81756","1":"product","2":"type-product","3":"status-publish","4":"has-post-thumbnail","6":"product_cat-datorvaeskor-och-fodral","7":"product_cat-dummy-moq-1-sv","8":"product_cat-miljovaenliga-foretagspresenter","9":"product_cat-nyheter","10":"product_cat-vaeskor-och-fodral","11":"product_tag-cover-sv","12":"tm-has-options","14":"first","15":"instock","16":"taxable","17":"shipping-taxable","18":"purchasable","19":"product-type-variable","20":"has-default-attributes"},"acf":[],"yoast_head":"<!-- This site is optimized with the Yoast SEO Premium plugin v21.2 (Yoast SEO v21.2) - https:\/\/yoast.com\/wordpress\/plugins\/seo\/ -->\n<title>Milj\u00f6v\u00e4nligt laptopfodral m\/u tryck - Gr\u00f8nt Kontor<\/title>\n<meta name=\"robots\" content=\"index, follow, max-snippet:-1, max-image-preview:large, max-video-preview:-1\" \/>\n<link rel=\"canonical\" href=\"https:\/\/grontkontor.dk\/sv\/shop\/miljoevaenligt-laptopfodral-m-u-tryck\/\" \/>\n<meta property=\"og:locale\" content=\"sv_SE\" \/>\n<meta property=\"og:type\" content=\"article\" \/>\n<meta property=\"og:title\" content=\"Milj\u00f6v\u00e4nligt laptopfodral m\/u tryck\" \/>\n<meta property=\"og:description\" content=\"Skydda din dator med detta smarta och praktiska milj\u00f6v\u00e4nliga laptopfodral (upp till 15 tum) &#8211; perfekt som en utdelning och giveaway p\u00e5 m\u00e4ssor eller som en f\u00f6retagspresent. Fodralet \u00e4r tillverkat av rPET och det \u00e4r vadderat f\u00f6r att skydda din dator p\u00e5 b\u00e4sta m\u00f6jliga s\u00e4tt. \u00d6verdraget \u00e4r f\u00f6rsett med en rej\u00e4l dragkedja. &nbsp; &nbsp;\" \/>\n<meta property=\"og:url\" content=\"https:\/\/grontkontor.dk\/sv\/shop\/miljoevaenligt-laptopfodral-m-u-tryck\/\" \/>\n<meta property=\"og:site_name\" content=\"Gr\u00f8nt Kontor\" \/>\n<meta property=\"article:publisher\" content=\"https:\/\/www.facebook.com\/grontkontor.dk\/\" \/>\n<meta property=\"og:image\" content=\"https:\/\/grontkontor.dk\/wp-content\/uploads\/2022\/01\/Cover-til-pc-rPET-marineblaa.jpg\" \/>\n\t<meta property=\"og:image:width\" content=\"900\" \/>\n\t<meta property=\"og:image:height\" content=\"639\" \/>\n\t<meta property=\"og:image:type\" content=\"image\/jpeg\" \/>\n<meta name=\"twitter:card\" content=\"summary_large_image\" \/>\n<script type=\"application\/ld+json\" class=\"yoast-schema-graph\">{\"@context\":\"https:\/\/schema.org\",\"@graph\":[{\"@type\":\"WebPage\",\"@id\":\"https:\/\/grontkontor.dk\/sv\/shop\/miljoevaenligt-laptopfodral-m-u-tryck\/\",\"url\":\"https:\/\/grontkontor.dk\/sv\/shop\/miljoevaenligt-laptopfodral-m-u-tryck\/\",\"name\":\"Milj\u00f6v\u00e4nligt laptopfodral m\/u tryck - Gr\u00f8nt Kontor\",\"isPartOf\":{\"@id\":\"https:\/\/grontkontor.dk\/#website\"},\"datePublished\":\"2024-02-27T12:16:43+00:00\",\"dateModified\":\"2024-02-27T12:16:43+00:00\",\"breadcrumb\":{\"@id\":\"https:\/\/grontkontor.dk\/sv\/shop\/miljoevaenligt-laptopfodral-m-u-tryck\/#breadcrumb\"},\"inLanguage\":\"sv-SE\",\"potentialAction\":[{\"@type\":\"ReadAction\",\"target\":[\"https:\/\/grontkontor.dk\/sv\/shop\/miljoevaenligt-laptopfodral-m-u-tryck\/\"]}]},{\"@type\":\"BreadcrumbList\",\"@id\":\"https:\/\/grontkontor.dk\/sv\/shop\/miljoevaenligt-laptopfodral-m-u-tryck\/#breadcrumb\",\"itemListElement\":[{\"@type\":\"ListItem\",\"position\":1,\"name\":\"Forside\",\"item\":\"https:\/\/grontkontor.dk\/\"},{\"@type\":\"ListItem\",\"position\":2,\"name\":\"Shop\",\"item\":\"https:\/\/grontkontor.dk\/sv\/shop\/\"},{\"@type\":\"ListItem\",\"position\":3,\"name\":\"V\u00e4skor, fodral och covers\",\"item\":\"https:\/\/grontkontor.dk\/sv\/produkt-kategori\/vaeskor-och-fodral\/\"},{\"@type\":\"ListItem\",\"position\":4,\"name\":\"Datorv\u00e4skor och fodral\",\"item\":\"https:\/\/grontkontor.dk\/sv\/produkt-kategori\/vaeskor-och-fodral\/datorvaeskor-och-fodral\/\"},{\"@type\":\"ListItem\",\"position\":5,\"name\":\"Milj\u00f6v\u00e4nligt laptopfodral m\/u tryck\"}]},{\"@type\":\"WebSite\",\"@id\":\"https:\/\/grontkontor.dk\/#website\",\"url\":\"https:\/\/grontkontor.dk\/\",\"name\":\"Gr\u00f8nt Kontor\",\"description\":\"Milj\u00f8venlige produkter til kontor og erhverv med fokus p\u00e5 b\u00e6redygtighed, design og fair trade.\",\"publisher\":{\"@id\":\"https:\/\/grontkontor.dk\/#organization\"},\"potentialAction\":[{\"@type\":\"SearchAction\",\"target\":{\"@type\":\"EntryPoint\",\"urlTemplate\":\"https:\/\/grontkontor.dk\/?s={search_term_string}\"},\"query-input\":\"required name=search_term_string\"}],\"inLanguage\":\"sv-SE\"},{\"@type\":\"Organization\",\"@id\":\"https:\/\/grontkontor.dk\/#organization\",\"name\":\"Gr\u00f8nt Kontor\",\"url\":\"https:\/\/grontkontor.dk\/\",\"logo\":{\"@type\":\"ImageObject\",\"inLanguage\":\"sv-SE\",\"@id\":\"https:\/\/grontkontor.dk\/#\/schema\/logo\/image\/\",\"url\":\"https:\/\/grontkontor.dk\/wp-content\/uploads\/2014\/02\/Logo_groent_kontor_300x80.png\",\"contentUrl\":\"https:\/\/grontkontor.dk\/wp-content\/uploads\/2014\/02\/Logo_groent_kontor_300x80.png\",\"width\":300,\"height\":80,\"caption\":\"Gr\u00f8nt Kontor\"},\"image\":{\"@id\":\"https:\/\/grontkontor.dk\/#\/schema\/logo\/image\/\"},\"sameAs\":[\"https:\/\/www.facebook.com\/grontkontor.dk\/\"]}]}<\/script>\n<!-- \/ Yoast SEO Premium plugin. -->","yoast_head_json":{"title":"Milj\u00f6v\u00e4nligt laptopfodral m\/u tryck - Gr\u00f8nt Kontor","robots":{"index":"index","follow":"follow","max-snippet":"max-snippet:-1","max-image-preview":"max-image-preview:large","max-video-preview":"max-video-preview:-1"},"canonical":"https:\/\/grontkontor.dk\/sv\/shop\/miljoevaenligt-laptopfodral-m-u-tryck\/","og_locale":"sv_SE","og_type":"article","og_title":"Milj\u00f6v\u00e4nligt laptopfodral m\/u tryck","og_description":"Skydda din dator med detta smarta och praktiska milj\u00f6v\u00e4nliga laptopfodral (upp till 15 tum) &#8211; perfekt som en utdelning och giveaway p\u00e5 m\u00e4ssor eller som en f\u00f6retagspresent. Fodralet \u00e4r tillverkat av rPET och det \u00e4r vadderat f\u00f6r att skydda din dator p\u00e5 b\u00e4sta m\u00f6jliga s\u00e4tt. \u00d6verdraget \u00e4r f\u00f6rsett med en rej\u00e4l dragkedja. &nbsp; &nbsp;","og_url":"https:\/\/grontkontor.dk\/sv\/shop\/miljoevaenligt-laptopfodral-m-u-tryck\/","og_site_name":"Gr\u00f8nt Kontor","article_publisher":"https:\/\/www.facebook.com\/grontkontor.dk\/","og_image":[{"width":900,"height":639,"url":"https:\/\/grontkontor.dk\/wp-content\/uploads\/2022\/01\/Cover-til-pc-rPET-marineblaa.jpg","type":"image\/jpeg"}],"twitter_card":"summary_large_image","schema":{"@context":"https:\/\/schema.org","@graph":[{"@type":"WebPage","@id":"https:\/\/grontkontor.dk\/sv\/shop\/miljoevaenligt-laptopfodral-m-u-tryck\/","url":"https:\/\/grontkontor.dk\/sv\/shop\/miljoevaenligt-laptopfodral-m-u-tryck\/","name":"Milj\u00f6v\u00e4nligt laptopfodral m\/u tryck - Gr\u00f8nt Kontor","isPartOf":{"@id":"https:\/\/grontkontor.dk\/#website"},"datePublished":"2024-02-27T12:16:43+00:00","dateModified":"2024-02-27T12:16:43+00:00","breadcrumb":{"@id":"https:\/\/grontkontor.dk\/sv\/shop\/miljoevaenligt-laptopfodral-m-u-tryck\/#breadcrumb"},"inLanguage":"sv-SE","potentialAction":[{"@type":"ReadAction","target":["https:\/\/grontkontor.dk\/sv\/shop\/miljoevaenligt-laptopfodral-m-u-tryck\/"]}]},{"@type":"BreadcrumbList","@id":"https:\/\/grontkontor.dk\/sv\/shop\/miljoevaenligt-laptopfodral-m-u-tryck\/#breadcrumb","itemListElement":[{"@type":"ListItem","position":1,"name":"Forside","item":"https:\/\/grontkontor.dk\/"},{"@type":"ListItem","position":2,"name":"Shop","item":"https:\/\/grontkontor.dk\/sv\/shop\/"},{"@type":"ListItem","position":3,"name":"V\u00e4skor, fodral och covers","item":"https:\/\/grontkontor.dk\/sv\/produkt-kategori\/vaeskor-och-fodral\/"},{"@type":"ListItem","position":4,"name":"Datorv\u00e4skor och fodral","item":"https:\/\/grontkontor.dk\/sv\/produkt-kategori\/vaeskor-och-fodral\/datorvaeskor-och-fodral\/"},{"@type":"ListItem","position":5,"name":"Milj\u00f6v\u00e4nligt laptopfodral m\/u tryck"}]},{"@type":"WebSite","@id":"https:\/\/grontkontor.dk\/#website","url":"https:\/\/grontkontor.dk\/","name":"Gr\u00f8nt Kontor","description":"Milj\u00f8venlige produkter til kontor og erhverv med fokus p\u00e5 b\u00e6redygtighed, design og fair trade.","publisher":{"@id":"https:\/\/grontkontor.dk\/#organization"},"potentialAction":[{"@type":"SearchAction","target":{"@type":"EntryPoint","urlTemplate":"https:\/\/grontkontor.dk\/?s={search_term_string}"},"query-input":"required name=search_term_string"}],"inLanguage":"sv-SE"},{"@type":"Organization","@id":"https:\/\/grontkontor.dk\/#organization","name":"Gr\u00f8nt Kontor","url":"https:\/\/grontkontor.dk\/","logo":{"@type":"ImageObject","inLanguage":"sv-SE","@id":"https:\/\/grontkontor.dk\/#\/schema\/logo\/image\/","url":"https:\/\/grontkontor.dk\/wp-content\/uploads\/2014\/02\/Logo_groent_kontor_300x80.png","contentUrl":"https:\/\/grontkontor.dk\/wp-content\/uploads\/2014\/02\/Logo_groent_kontor_300x80.png","width":300,"height":80,"caption":"Gr\u00f8nt Kontor"},"image":{"@id":"https:\/\/grontkontor.dk\/#\/schema\/logo\/image\/"},"sameAs":["https:\/\/www.facebook.com\/grontkontor.dk\/"]}]}},"_links":{"self":[{"href":"https:\/\/grontkontor.dk\/sv\/wp-json\/wp\/v2\/product\/81756"}],"collection":[{"href":"https:\/\/grontkontor.dk\/sv\/wp-json\/wp\/v2\/product"}],"about":[{"href":"https:\/\/grontkontor.dk\/sv\/wp-json\/wp\/v2\/types\/product"}],"replies":[{"embeddable":true,"href":"https:\/\/grontkontor.dk\/sv\/wp-json\/wp\/v2\/comments?post=81756"}],"wp:featuredmedia":[{"embeddable":true,"href":"https:\/\/grontkontor.dk\/sv\/wp-json\/wp\/v2\/media\/33376"}],"wp:attachment":[{"href":"https:\/\/grontkontor.dk\/sv\/wp-json\/wp\/v2\/media?parent=81756"}],"wp:term":[{"taxonomy":"product_cat","embeddable":true,"href":"https:\/\/grontkontor.dk\/sv\/wp-json\/wp\/v2\/product_cat?post=81756"},{"taxonomy":"product_tag","embeddable":true,"href":"https:\/\/grontkontor.dk\/sv\/wp-json\/wp\/v2\/product_tag?post=81756"}],"curies":[{"name":"wp","href":"https:\/\/api.w.org\/{rel}","templated":true}]}}

Miljövänligt laptopfodral m/u tryck

<p>Skydda din dator med detta smarta och praktiska miljövänliga laptopfodral (upp till 15 tum) &#8211; perfekt som en utdelning och giveaway på mässor eller som en företagspresent. Fodralet är tillverkat av rPET och det är vadderat för att skydda din dator på bästa möjliga sätt. Överdraget är försett med en rejäl dragkedja.</p>
rPET (recycled polyethylen) er et fødevareegnet genanvendeligt genbrugsplast, som typisk er fremstillet af genanvendte vandflasker. rPET er – dets fossile oprindelse til trods – et bæredygtigt og klimavenligt materiale. rPET har et ekstremt højt kulstofindhold, og fungerer derfor som et effektivt kulstofdepot i hele produktets og genanvendte produkters levetid. Bliver plast ikke genbrugt, vil det enten nedbrydes til CO2 og dermed bidrage til drivhuseffekten, eller ende op som forurenende affald. For hvert ton genbrugt plast spares der 3,8 tønder olie. 
<p>&nbsp;</p>
<img loading="lazy" decoding="async" src="https://grontkontor.dk/wp-content/uploads/2021/02/genbrug.jpg" alt="Fremstillet af genbrugsmaterialer" width="50" height="50" class="size-full wp-image-23031" srcset="https://grontkontor.dk/wp-content/uploads/2021/02/genbrug.jpg 199w, https://grontkontor.dk/wp-content/uploads/2021/02/genbrug-100x100.jpg 100w" sizes="(max-width: 50px) 100vw, 50px" />
<p>&nbsp;</p>

<p>Skydda din dator med detta smarta och praktiska miljövänliga laptopfodral (upp till 15 tum) &#8211; perfekt som en utdelning och giveaway på mässor eller som en företagspresent. Fodralet är tillverkat av rPET och det är vadderat för att skydda din dator på bästa möjliga sätt. Överdraget är försett med en rejäl dragkedja. &nbsp; &nbsp;</p>

<!-- This site is optimized with the Yoast SEO Premium plugin v21.2 (Yoast SEO v21.2) - https://yoast.com/wordpress/plugins/seo/ -->
<title>Miljövänligt laptopfodral m/u tryck - Grønt Kontor</title>
<meta name="robots" content="index, follow, max-snippet:-1, max-image-preview:large, max-video-preview:-1" />
<link rel="canonical" href="https://grontkontor.dk/sv/shop/miljoevaenligt-laptopfodral-m-u-tryck/" />
<meta property="og:locale" content="sv_SE" />
<meta property="og:type" content="article" />
<meta property="og:title" content="Miljövänligt laptopfodral m/u tryck" />
<meta property="og:description" content="Skydda din dator med detta smarta och praktiska miljövänliga laptopfodral (upp till 15 tum) &#8211; perfekt som en utdelning och giveaway på mässor eller som en företagspresent. Fodralet är tillverkat av rPET och det är vadderat för att skydda din dator på bästa möjliga sätt. Överdraget är försett med en rejäl dragkedja. &nbsp; &nbsp;" />
<meta property="og:url" content="https://grontkontor.dk/sv/shop/miljoevaenligt-laptopfodral-m-u-tryck/" />
<meta property="og:site_name" content="Grønt Kontor" />
<meta property="article:publisher" content="https://www.facebook.com/grontkontor.dk/" />
<meta property="og:image" content="https://grontkontor.dk/wp-content/uploads/2022/01/Cover-til-pc-rPET-marineblaa.jpg" />
	<meta property="og:image:width" content="900" />
	<meta property="og:image:height" content="639" />
	<meta property="og:image:type" content="image/jpeg" />
<meta name="twitter:card" content="summary_large_image" />
<script type="application/ld+json" class="yoast-schema-graph">{"@context":"https://schema.org","@graph":[{"@type":"WebPage","@id":"https://grontkontor.dk/sv/shop/miljoevaenligt-laptopfodral-m-u-tryck/","url":"https://grontkontor.dk/sv/shop/miljoevaenligt-laptopfodral-m-u-tryck/","name":"Miljövänligt laptopfodral m/u tryck - Grønt Kontor","isPartOf":{"@id":"https://grontkontor.dk/#website"},"datePublished":"2024-02-27T12:16:43+00:00","dateModified":"2024-02-27T12:16:43+00:00","breadcrumb":{"@id":"https://grontkontor.dk/sv/shop/miljoevaenligt-laptopfodral-m-u-tryck/#breadcrumb"},"inLanguage":"sv-SE","potentialAction":[{"@type":"ReadAction","target":["https://grontkontor.dk/sv/shop/miljoevaenligt-laptopfodral-m-u-tryck/"]}]},{"@type":"BreadcrumbList","@id":"https://grontkontor.dk/sv/shop/miljoevaenligt-laptopfodral-m-u-tryck/#breadcrumb","itemListElement":[{"@type":"ListItem","position":1,"name":"Forside","item":"https://grontkontor.dk/"},{"@type":"ListItem","position":2,"name":"Shop","item":"https://grontkontor.dk/sv/shop/"},{"@type":"ListItem","position":3,"name":"Väskor, fodral och covers","item":"https://grontkontor.dk/sv/produkt-kategori/vaeskor-och-fodral/"},{"@type":"ListItem","position":4,"name":"Datorväskor och fodral","item":"https://grontkontor.dk/sv/produkt-kategori/vaeskor-och-fodral/datorvaeskor-och-fodral/"},{"@type":"ListItem","position":5,"name":"Miljövänligt laptopfodral m/u tryck"}]},{"@type":"WebSite","@id":"https://grontkontor.dk/#website","url":"https://grontkontor.dk/","name":"Grønt Kontor","description":"Miljøvenlige produkter til kontor og erhverv med fokus på bæredygtighed, design og fair trade.","publisher":{"@id":"https://grontkontor.dk/#organization"},"potentialAction":[{"@type":"SearchAction","target":{"@type":"EntryPoint","urlTemplate":"https://grontkontor.dk/?s={search_term_string}"},"query-input":"required name=search_term_string"}],"inLanguage":"sv-SE"},{"@type":"Organization","@id":"https://grontkontor.dk/#organization","name":"Grønt Kontor","url":"https://grontkontor.dk/","logo":{"@type":"ImageObject","inLanguage":"sv-SE","@id":"https://grontkontor.dk/#/schema/logo/image/","url":"https://grontkontor.dk/wp-content/uploads/2014/02/Logo_groent_kontor_300x80.png","contentUrl":"https://grontkontor.dk/wp-content/uploads/2014/02/Logo_groent_kontor_300x80.png","width":300,"height":80,"caption":"Grønt Kontor"},"image":{"@id":"https://grontkontor.dk/#/schema/logo/image/"},"sameAs":["https://www.facebook.com/grontkontor.dk/"]}]}</script>
<!-- / Yoast SEO Premium plugin. -->

Miljövänligt laptopfodral m/u tryck - Grønt Kontor

Skydda din dator med detta smarta och praktiska miljövänliga laptopfodral (upp till 15 tum) &#8211; perfekt som en utdelning och giveaway på mässor eller som en företagspresent. Fodralet är tillverkat av rPET och det är vadderat för att skydda din dator på bästa möjliga sätt. Överdraget är försett med en rejäl dragkedja. &nbsp; &nbsp;

Grønt Kontor

Väskor, fodral och covers

Datorväskor och fodral

Miljøvenlige produkter til kontor og erhverv med fokus på bæredygtighed, design og fair trade.
